* [linux-5.4 test] 162346: tolerable FAIL - PUSHED
@ 2021-06-03 19:08 osstest service owner
0 siblings, 0 replies; only message in thread
From: osstest service owner @ 2021-06-03 19:08 UTC (permalink / raw)
To: xen-devel, osstest-admin
flight 162346 linux-5.4 real [real]
http://logs.test-lab.xenproject.org/osstest/logs/162346/
Failures :-/ but no regressions.
Tests which did not succeed, but are not blocking:
test-amd64-amd64-xl-qemuu-win7-amd64 19 guest-stop fail like 162247
test-amd64-i386-xl-qemut-win7-amd64 19 guest-stop fail like 162247
test-amd64-amd64-xl-qemut-win7-amd64 19 guest-stop fail like 162247
test-amd64-amd64-qemuu-nested-amd 20 debian-hvm-install/l1/l2 fail like 162247
test-armhf-armhf-libvirt 16 saverestore-support-check fail like 162247
test-amd64-amd64-xl-qemuu-ws16-amd64 19 guest-stop fail like 162247
test-amd64-amd64-xl-qemut-ws16-amd64 19 guest-stop fail like 162247
test-amd64-i386-xl-qemuu-win7-amd64 19 guest-stop fail like 162247
test-amd64-i386-xl-qemut-ws16-amd64 19 guest-stop fail like 162247
test-armhf-armhf-libvirt-raw 15 saverestore-support-check fail like 162247
test-amd64-i386-xl-qemuu-ws16-amd64 19 guest-stop fail like 162247
test-amd64-i386-xl-pvshim 14 guest-start fail never pass
test-amd64-i386-libvirt-xsm 15 migrate-support-check fail never pass
test-amd64-amd64-libvirt-xsm 15 migrate-support-check fail never pass
test-amd64-amd64-libvirt 15 migrate-support-check fail never pass
test-arm64-arm64-xl-seattle 15 migrate-support-check fail never pass
test-arm64-arm64-xl-seattle 16 saverestore-support-check fail never pass
test-amd64-i386-libvirt 15 migrate-support-check fail never pass
test-arm64-arm64-xl 15 migrate-support-check fail never pass
test-arm64-arm64-xl 16 saverestore-support-check fail never pass
test-amd64-amd64-libvirt-qemuu-debianhvm-amd64-xsm 13 migrate-support-check fail never pass
test-arm64-arm64-xl-credit2 15 migrate-support-check fail never pass
test-arm64-arm64-xl-xsm 15 migrate-support-check fail never pass
test-arm64-arm64-xl-xsm 16 saverestore-support-check fail never pass
test-arm64-arm64-xl-credit2 16 saverestore-support-check fail never pass
test-arm64-arm64-xl-credit1 15 migrate-support-check fail never pass
test-arm64-arm64-xl-credit1 16 saverestore-support-check fail never pass
test-arm64-arm64-libvirt-xsm 15 migrate-support-check fail never pass
test-arm64-arm64-libvirt-xsm 16 saverestore-support-check fail never pass
test-arm64-arm64-xl-thunderx 15 migrate-support-check fail never pass
test-arm64-arm64-xl-thunderx 16 saverestore-support-check fail never pass
test-amd64-i386-libvirt-qemuu-debianhvm-amd64-xsm 13 migrate-support-check fail never pass
test-armhf-armhf-xl-arndale 15 migrate-support-check fail never pass
test-armhf-armhf-xl-arndale 16 saverestore-support-check fail never pass
test-amd64-amd64-libvirt-vhd 14 migrate-support-check fail never pass
test-armhf-armhf-xl 15 migrate-support-check fail never pass
test-armhf-armhf-xl 16 saverestore-support-check fail never pass
test-armhf-armhf-xl-multivcpu 15 migrate-support-check fail never pass
test-armhf-armhf-xl-multivcpu 16 saverestore-support-check fail never pass
test-armhf-armhf-xl-credit2 15 migrate-support-check fail never pass
test-armhf-armhf-xl-credit2 16 saverestore-support-check fail never pass
test-armhf-armhf-libvirt 15 migrate-support-check fail never pass
test-armhf-armhf-xl-rtds 15 migrate-support-check fail never pass
test-armhf-armhf-xl-rtds 16 saverestore-support-check fail never pass
test-armhf-armhf-xl-vhd 14 migrate-support-check fail never pass
test-armhf-armhf-xl-vhd 15 saverestore-support-check fail never pass
test-armhf-armhf-xl-cubietruck 15 migrate-support-check fail never pass
test-armhf-armhf-xl-cubietruck 16 saverestore-support-check fail never pass
test-armhf-armhf-libvirt-raw 14 migrate-support-check fail never pass
test-armhf-armhf-xl-credit1 15 migrate-support-check fail never pass
test-armhf-armhf-xl-credit1 16 saverestore-support-check fail never pass
version targeted for testing:
linux 70154d2f82a9058e8316b6e106071c72fcc58718
baseline version:
linux 103f1dbea1ae44731edca02cd7fcfa4a33742cd2
Last test of basis 162247 2021-05-28 11:41:53 Z 6 days
Testing same since 162346 2021-06-03 07:12:37 Z 0 days 1 attempts
------------------------------------------------------------
People who touched revisions under test:
Adrian Hunter <adrian.hunter@intel.com>
Alaa Emad <alaaemadhossney.ae@gmail.com>
Alan Stern <stern@rowland.harvard.edu>
Aleksander Jan Bajkowski <olek2@wp.pl>
Alex Deucher <alexander.deucher@amd.com>
Alexander Usyskin <alexander.usyskin@intel.com>
Alexandru Ardelean <aardelean@deviqon.com>
Andy Gospodarek <gospo@broadcom.com>
Andy Shevchenko <andriy.shevchenko@linux.intel.com>
Anirudh Rayabharam <mail@anirudhrb.com>
Anna Schumaker <Anna.Schumaker@Netapp.com>
Arnaldo Carvalho de Melo <acme@redhat.com>
Atul Gopinathan <atulgopinathan@gmail.com>
Aurelien Aptel <aaptel@suse.com>
Bartosz Golaszewski <bgolaszewski@baylibre.com>
Boris Burkov <boris@bur.io>
Catherine Sullivan <csully@google.com>
Charles Keepax <ckeepax@opensource.cirrus.com>
Chinmay Agarwal <chinagar@codeaurora.org>
Chris Park <Chris.Park@amd.com>
Christian Brauner <christian.brauner@ubuntu.com>
Christian Gmeiner <christian.gmeiner@gmail.com>
Christian KÃnig <christian.koenig@amd.com>
Christian König <christian.koenig@amd.com>
Christophe JAILLET <christophe.jaillet@wanadoo.fr>
Chunfeng Yun <chunfeng.yun@mediatek.com>
Colin Ian King <colin.king@canonical.com>
Cornelia Huck <cohuck@redhat.com>
Dan Carpenter <dan.carpenter@oracle.com>
Daniel Borkmann <daniel@iogearbox.net>
Daniel Lezcano <daniel.lezcano@linaro.org>
Daniel Wheeler <daniel.wheeler@amd.com>
Daniele Palmas <dnlplm@gmail.com>
David Awogbemila <awogbemila@google.com>
David S. Miller <davem@davemloft.net>
David Sterba <dsterba@suse.com>
DENG Qingfang <dqfext@gmail.com>
Dima Chumak <dchumak@nvidia.com>
Dominik Andreas Schorpp <dominik.a.schorpp@ids.de>
Dominik Brodowski <linux@dominikbrodowski.net>
Dongliang Mu <mudongliangabcd@gmail.com>
Du Cheng <ducheng2@gmail.com>
Edward Cree <ecree@solarflare.com>
Eric Farman <farman@linux.ibm.com>
Felipe Balbi <balbi@kernel.org>
Felix Fietkau <nbd@nbd.name>
Florian Fainelli <f.fainelli@gmail.com>
Francesco Ruggeri <fruggeri@arista.com>
Fugang Duan <fugang.duan@nxp.com>
Geert Uytterhoeven <geert+renesas@glider.be>
Geoffrey D. Bennett <g@b4.vu>
Greg Kroah-Hartman <gregkh@linuxfoundation.org>
Guenter Roeck <linux@roeck-us.net>
Hans de Goede <hdegoede@redhat.com>
Hoang Le <hoang.h.le@dektech.com.au>
Huazhong Tan <tanhuazhong@huawei.com>
Hui Wang <hui.wang@canonical.com>
Hulk Robot <hulkrobot@huawei.com>、
Jakub Kicinski <kuba@kernel.org>
James Zhu <James.Zhu@amd.com>
Jarkko Nikula <jarkko.nikula@linux.intel.com>
Jason Self <jason@bluehome.net>
Jean Delvare <jdelvare@suse.de>
Jerry Hoemann <jerry.hoemann@hpe.com>
Jesse Brandeburg <jesse.brandeburg@intel.com>
Jim Ma <majinjing3@gmail.com>
Jingwen Chen <Jingwen.Chen2@amd.com>
Jiri Slaby <jirislaby@kernel.org>
Joakim Zhang <qiangqing.zhang@nxp.com>
Joerg Roedel <jroedel@suse.de>
Johan Hovold <johan@kernel.org>
Johannes Berg <johannes.berg@intel.com>
Jon Maloy <jmaloy@redhat.com>
Jonathan Cameron <Jonathan.Cameron@huawei.com>
Josef Bacik <josef@toxicpanda.com>
Jouni Malinen <jouni@codeaurora.org>
Juergen Borleis <jbe@pengutronix.de>
Juergen Gross <jgross@suse.com>
Jussi Maki <joamaki@gmail.com>
Kai-Heng Feng <kai.heng.feng@canonical.com>
Kees Cook <keescook@chromium.org>
kernel test robot <lkp@intel.com>
Khalid Aziz <khalid@gonehiking.org>
Konrad Jankowski <konrad0.jankowski@intel.com>
Krzysztof Kozlowski <krzysztof.kozlowski@canonical.com>
Lang Yu <Lang.Yu@amd.com>
Linus Torvalds <torvalds@linux-foundation.org>
Linux Kernel Functional Testing <lkft@linaro.org>
Lu Baolu <baolu.lu@linux.intel.com>
Lucas Stankus <lucas.p.stankus@gmail.com>
Lukas Wunner <lukas@wunner.de>
Manuel Lauss <manuel.lauss@gmail.com>
Marcel Holtmann <marcel@holtmann.org>
Mark Brown <broonie@kernel.org>
Martin Blumenstingl <martin.blumenstingl@googlemail.com>
Martin K. Petersen <martin.petersen@oracle.com>
Mateusz Palczewski <mateusz.palczewski@intel.com>
Mathias Nyman <mathias.nyman@linux.intel.com>
Mathy Vanhoef <Mathy.Vanhoef@kuleuven.be>
Matt Wang <wwentao@vmware.com>
Matthew Rosato <mjrosato@linux.ibm.com>
Michael Chan <michael.chan@broadcom.com>
Michael Ellerman <mpe@ellerman.id.au>
Michael Grzeschik <m.grzeschik@pengutronix.de>
Mika Westerberg <mika.westerberg@linux.intel.com>
Mike Snitzer <snitzer@redhat.com>
Mikulas Patocka <mpatocka@redhat.com>
Neil Armstrong <narmstrong@baylibre.com>
Ondrej Mosnacek <omosnace@redhat.com>
Paolo Abeni <pabeni@redhat.com>
Pavel Skripkin <paskripkin@gmail.com>
Peter Zijlstra <peterz@infradead.org>
Phillip Potter <phil@philpotter.co.uk>
Piotr Skajewski <piotrx.skajewski@intel.com>
Raju Rangoju <rajur@chelsio.com>
Randy Dunlap <rdunlap@infradead.org>
Randy Wright <rwright@hpe.com>
Richard Fitzgerald <rf@opensource.cirrus.com>
Rolf Eike Beer <eb@emlix.com>
Rui Miguel Silva <rui.silva@linaro.org>
Saeed Mahameed <saeedm@nvidia.com>
Sargun Dhillon <sargun@sargun.me>
Sasha Levin <sashal@kernel.org>
Sean MacLennan <seanm@seanm.ca>
Shuah Khan <skhan@linuxfoundation.org>
Shyam Sundar S K <Shyam-sundar.S-k@amd.com>
Sinan Kaya <okaya@kernel.org>
Srinivas Pandruvada <srinivas.pandruvada@linux.intel.com>
Sriram R <srirrama@codeaurora.org>
Stafford Horne <shorne@gmail.com>
Stefan Roese <sr@denx.de>
Steve French <stfrench@microsoft.com>
Stylon Wang <stylon.wang@amd.com>
Taehee Yoo <ap420073@gmail.com>
Takashi Iwai <tiwai@suse.de>
Tao Liu <thomas.liu@ucloud.cn>
Tariq Toukan <tariqt@nvidia.com>
Teava Radu <rateava@gmail.com>
Thadeu Lima de Souza Cascardo <cascardo@canonical.com>
Thinh Nguyen <Thinh.Nguyen@synopsys.com>
Thomas Bogendoerfer <tsbogend@alpha.franken.de>
Tom Seewald <tseewald@gmail.com>
Tomas Winkler <tomas.winkler@intel.com>
Tony Nguyen <anthony.l.nguyen@intel.com>
Trond Myklebust <trond.myklebust@hammerspace.com>
Tung Nguyen <tung.q.nguyen@dektech.com.au>
Tycho Andersen <tycho@tycho.pizza>
Vinod Koul <vkoul@kernel.org>
Vladimir Oltean <vladimir.oltean@nxp.com>
Vladyslav Tarasiuk <vladyslavt@nvidia.com>
Wen Gong <wgong@codeaurora.org>
Willem de Bruijn <willemb@google.com>
Willem de Brujin <willemb@google.com>
Wolfram Sang <wsa@kernel.org>
Xin Long <lucien.xin@gmail.com>
xinhui pan <xinhui.pan@amd.com>
Yoshihiro Shimoda <yoshihiro.shimoda.uh@renesas.com>
YueHaibing <yuehaibing@huawei.com>
Yunsheng Lin <linyunsheng@huawei.com>
Zhang Xiaoxu <zhangxiaoxu5@huawei.com>
Zhen Lei <thunder.leizhen@huawei.com>
Zheyu Ma <zheyuma97@gmail.com>
zhouchuangao <zhouchuangao@vivo.com>
Zolton Jheng <s6668c2t@gmail.com>
Zou Wei <zou_wei@huawei.com>
Éric Piel <eric.piel@trempplin-utc.net>
jobs:
build-amd64-xsm pass
build-arm64-xsm pass
build-i386-xsm pass
build-amd64 pass
build-arm64 pass
build-armhf pass
build-i386 pass
build-amd64-libvirt pass
build-arm64-libvirt pass
build-armhf-libvirt pass
build-i386-libvirt pass
build-amd64-pvops pass
build-arm64-pvops pass
build-armhf-pvops pass
build-i386-pvops pass
test-amd64-amd64-xl pass
test-amd64-coresched-amd64-xl pass
test-arm64-arm64-xl pass
test-armhf-armhf-xl pass
test-amd64-i386-xl pass
test-amd64-coresched-i386-xl pass
test-amd64-amd64-libvirt-qemuu-debianhvm-amd64-xsm pass
test-amd64-i386-libvirt-qemuu-debianhvm-amd64-xsm pass
test-amd64-amd64-xl-qemut-stubdom-debianhvm-amd64-xsm pass
test-amd64-i386-xl-qemut-stubdom-debianhvm-amd64-xsm pass
test-amd64-amd64-xl-qemut-debianhvm-i386-xsm pass
test-amd64-i386-xl-qemut-debianhvm-i386-xsm pass
test-amd64-amd64-xl-qemuu-debianhvm-i386-xsm pass
test-amd64-i386-xl-qemuu-debianhvm-i386-xsm pass
test-amd64-amd64-libvirt-xsm pass
test-arm64-arm64-libvirt-xsm pass
test-amd64-i386-libvirt-xsm pass
test-amd64-amd64-xl-xsm pass
test-arm64-arm64-xl-xsm pass
test-amd64-i386-xl-xsm pass
test-amd64-amd64-qemuu-nested-amd fail
test-amd64-amd64-xl-pvhv2-amd pass
test-amd64-i386-qemut-rhel6hvm-amd pass
test-amd64-i386-qemuu-rhel6hvm-amd pass
test-amd64-amd64-dom0pvh-xl-amd pass
test-amd64-amd64-xl-qemut-debianhvm-amd64 pass
test-amd64-i386-xl-qemut-debianhvm-amd64 pass
test-amd64-amd64-xl-qemuu-debianhvm-amd64 pass
test-amd64-i386-xl-qemuu-debianhvm-amd64 pass
test-amd64-i386-freebsd10-amd64 pass
test-amd64-amd64-qemuu-freebsd11-amd64 pass
test-amd64-amd64-qemuu-freebsd12-amd64 pass
test-amd64-amd64-xl-qemuu-ovmf-amd64 pass
test-amd64-i386-xl-qemuu-ovmf-amd64 pass
test-amd64-amd64-xl-qemut-win7-amd64 fail
test-amd64-i386-xl-qemut-win7-amd64 fail
test-amd64-amd64-xl-qemuu-win7-amd64 fail
test-amd64-i386-xl-qemuu-win7-amd64 fail
test-amd64-amd64-xl-qemut-ws16-amd64 fail
test-amd64-i386-xl-qemut-ws16-amd64 fail
test-amd64-amd64-xl-qemuu-ws16-amd64 fail
test-amd64-i386-xl-qemuu-ws16-amd64 fail
test-armhf-armhf-xl-arndale pass
test-amd64-amd64-xl-credit1 pass
test-arm64-arm64-xl-credit1 pass
test-armhf-armhf-xl-credit1 pass
test-amd64-amd64-xl-credit2 pass
test-arm64-arm64-xl-credit2 pass
test-armhf-armhf-xl-credit2 pass
test-armhf-armhf-xl-cubietruck pass
test-amd64-amd64-xl-qemuu-dmrestrict-amd64-dmrestrict pass
test-amd64-i386-xl-qemuu-dmrestrict-amd64-dmrestrict pass
test-amd64-amd64-examine pass
test-arm64-arm64-examine pass
test-armhf-armhf-examine pass
test-amd64-i386-examine pass
test-amd64-i386-freebsd10-i386 pass
test-amd64-amd64-qemuu-nested-intel pass
test-amd64-amd64-xl-pvhv2-intel pass
test-amd64-i386-qemut-rhel6hvm-intel pass
test-amd64-i386-qemuu-rhel6hvm-intel pass
test-amd64-amd64-dom0pvh-xl-intel pass
test-amd64-amd64-libvirt pass
test-armhf-armhf-libvirt pass
test-amd64-i386-libvirt pass
test-amd64-amd64-xl-multivcpu pass
test-armhf-armhf-xl-multivcpu pass
test-amd64-amd64-pair pass
test-amd64-i386-pair pass
test-amd64-amd64-libvirt-pair pass
test-amd64-i386-libvirt-pair pass
test-amd64-amd64-amd64-pvgrub pass
test-amd64-amd64-i386-pvgrub pass
test-amd64-amd64-xl-pvshim pass
test-amd64-i386-xl-pvshim fail
test-amd64-amd64-pygrub pass
test-amd64-amd64-xl-qcow2 pass
test-armhf-armhf-libvirt-raw pass
test-amd64-i386-xl-raw pass
test-amd64-amd64-xl-rtds pass
test-armhf-armhf-xl-rtds pass
test-arm64-arm64-xl-seattle pass
test-amd64-amd64-xl-qemuu-debianhvm-amd64-shadow pass
test-amd64-i386-xl-qemuu-debianhvm-amd64-shadow pass
test-amd64-amd64-xl-shadow pass
test-amd64-i386-xl-shadow pass
test-arm64-arm64-xl-thunderx pass
test-amd64-amd64-libvirt-vhd pass
test-armhf-armhf-xl-vhd pass
------------------------------------------------------------
sg-report-flight on osstest.test-lab.xenproject.org
logs: /home/logs/logs
images: /home/logs/images
Logs, config files, etc. are available at
http://logs.test-lab.xenproject.org/osstest/logs
Explanation of these reports, and of osstest in general, is at
http://xenbits.xen.org/gitweb/?p=osstest.git;a=blob;f=README.email;hb=master
http://xenbits.xen.org/gitweb/?p=osstest.git;a=blob;f=README;hb=master
Test harness code can be found at
http://xenbits.xen.org/gitweb?p=osstest.git;a=summary
Pushing revision :
hint: The 'hooks/update' hook was ignored because it's not set as executable.
hint: You can disable this warning with `git config advice.ignoredHook false`.
hint: The 'hooks/post-receive' hook was ignored because it's not set as executable.
hint: You can disable this warning with `git config advice.ignoredHook false`.
hint: The 'hooks/post-update' hook was ignored because it's not set as executable.
hint: You can disable this warning with `git config advice.ignoredHook false`.
To xenbits.xen.org:/home/xen/git/linux-pvops.git
103f1dbea1ae..70154d2f82a9 70154d2f82a9058e8316b6e106071c72fcc58718 -> tested/linux-5.4
^ permalink raw reply [flat|nested] only message in thread
only message in thread, other threads:[~2021-06-03 19:09 UTC | newest]
Thread overview: (only message) (download: mbox.gz / follow: Atom feed)
-- links below jump to the message on this page --
2021-06-03 19:08 [linux-5.4 test] 162346: tolerable FAIL - PUSHED osstest service owner
This is a public inbox, see mirroring instructions
for how to clone and mirror all data and code used for this inbox;
as well as URLs for NNTP newsgroup(s).