* [ovmf test] 162702: regressions - FAIL
@ 2021-06-13 0:26 osstest service owner
0 siblings, 0 replies; only message in thread
From: osstest service owner @ 2021-06-13 0:26 UTC (permalink / raw)
To: xen-devel, osstest-admin
flight 162702 ovmf real [real]
http://logs.test-lab.xenproject.org/osstest/logs/162702/
Regressions :-(
Tests which did not succeed and are blocking,
including tests which could not be run:
test-amd64-i386-xl-qemuu-ovmf-amd64 12 debian-hvm-install fail REGR. vs. 162359
test-amd64-amd64-xl-qemuu-ovmf-amd64 12 debian-hvm-install fail REGR. vs. 162359
version targeted for testing:
ovmf b8649cf2a3e673a4a8cb6c255e394b354b771550
baseline version:
ovmf c410ad4da4b7785170d3d42a3ba190c2caac6feb
Last test of basis 162359 2021-06-04 03:40:08 Z 8 days
Failing since 162368 2021-06-04 15:42:59 Z 8 days 11 attempts
Testing same since 162583 2021-06-09 23:44:58 Z 3 days 6 attempts
------------------------------------------------------------
People who touched revisions under test:
Ard Biesheuvel <ardb@kernel.org>
Kaaira Gupta <kaaira7319@gmail.com>
Laszlo Ersek <lersek@redhat.com>
Leif Lindholm <leif@nuviainc.com>
Liming Gao <gaoliming@byosoft.com.cn>
Ni, Ray <ray.ni@intel.com>
Ray Ni <ray.ni@intel.com>
Rebecca Cran <rebecca@nuviainc.com>
jobs:
build-amd64-xsm pass
build-i386-xsm pass
build-amd64 pass
build-i386 pass
build-amd64-libvirt pass
build-i386-libvirt pass
build-amd64-pvops pass
build-i386-pvops pass
test-amd64-amd64-xl-qemuu-ovmf-amd64 fail
test-amd64-i386-xl-qemuu-ovmf-amd64 fail
------------------------------------------------------------
sg-report-flight on osstest.test-lab.xenproject.org
logs: /home/logs/logs
images: /home/logs/images
Logs, config files, etc. are available at
http://logs.test-lab.xenproject.org/osstest/logs
Explanation of these reports, and of osstest in general, is at
http://xenbits.xen.org/gitweb/?p=osstest.git;a=blob;f=README.email;hb=master
http://xenbits.xen.org/gitweb/?p=osstest.git;a=blob;f=README;hb=master
Test harness code can be found at
http://xenbits.xen.org/gitweb?p=osstest.git;a=summary
Not pushing.
(No revision log; it would be 1717 lines long.)
^ permalink raw reply [flat|nested] only message in thread
only message in thread, other threads:[~2021-06-13 0:26 UTC | newest]
Thread overview: (only message) (download: mbox.gz / follow: Atom feed)
-- links below jump to the message on this page --
2021-06-13 0:26 [ovmf test] 162702: regressions - FAIL osstest service owner
This is a public inbox, see mirroring instructions
for how to clone and mirror all data and code used for this inbox;
as well as URLs for NNTP newsgroup(s).