* [xen-unstable test] 162901: regressions - trouble: blocked/broken/fail/pass
@ 2021-06-20 17:59 osstest service owner
0 siblings, 0 replies; only message in thread
From: osstest service owner @ 2021-06-20 17:59 UTC (permalink / raw)
To: xen-devel, osstest-admin
flight 162901 xen-unstable real [real]
http://logs.test-lab.xenproject.org/osstest/logs/162901/
Regressions :-(
Tests which did not succeed and are blocking,
including tests which could not be run:
test-arm64-arm64-libvirt-xsm <job status> broken
test-arm64-arm64-xl <job status> broken
test-arm64-arm64-xl-credit1 <job status> broken
test-arm64-arm64-xl-credit2 <job status> broken
test-arm64-arm64-xl-seattle <job status> broken
test-arm64-arm64-xl-thunderx <job status> broken
test-arm64-arm64-xl-xsm <job status> broken
test-amd64-amd64-xl-rtds <job status> broken
test-amd64-amd64-xl-qemuu-ws16-amd64 <job status> broken
test-amd64-amd64-xl-qemuu-win7-amd64 <job status> broken
test-amd64-amd64-xl-qemuu-ovmf-amd64 <job status> broken
test-amd64-amd64-xl-qemuu-dmrestrict-amd64-dmrestrict <job status> broken
test-amd64-amd64-xl-qemuu-debianhvm-i386-xsm <job status> broken
test-amd64-amd64-xl-qemuu-debianhvm-amd64-shadow <job status> broken
test-amd64-amd64-xl-qemuu-debianhvm-amd64 <job status> broken
test-amd64-amd64-xl-qemut-ws16-amd64 <job status> broken
test-amd64-amd64-xl-qemut-win7-amd64 <job status> broken
test-amd64-amd64-xl-qemut-stubdom-debianhvm-amd64-xsm <job status> broken
test-amd64-amd64-xl-qemut-debianhvm-i386-xsm <job status> broken
test-amd64-amd64-xl-qemut-debianhvm-amd64 <job status> broken
build-amd64-prev <job status> broken
test-amd64-amd64-xl-qcow2 <job status> broken
test-amd64-amd64-xl-pvshim <job status> broken
test-amd64-amd64-xl-pvhv2-intel <job status> broken
test-amd64-amd64-xl-pvhv2-amd <job status> broken
test-amd64-amd64-xl-multivcpu <job status> broken
build-armhf-pvops <job status> broken
build-i386 <job status> broken
test-amd64-amd64-xl-credit2 <job status> broken
build-i386-prev <job status> broken
test-amd64-amd64-xl-credit1 <job status> broken
build-i386-pvops <job status> broken
test-amd64-amd64-xl <job status> broken
build-i386-xsm <job status> broken
test-amd64-amd64-amd64-pvgrub <job status> broken
test-amd64-amd64-dom0pvh-xl-amd <job status> broken
test-amd64-amd64-qemuu-nested-intel <job status> broken
test-amd64-amd64-dom0pvh-xl-intel <job status> broken
test-amd64-amd64-qemuu-nested-amd <job status> broken
test-amd64-amd64-i386-pvgrub <job status> broken
test-amd64-amd64-libvirt <job status> broken
test-amd64-amd64-qemuu-freebsd12-amd64 <job status> broken
test-amd64-amd64-libvirt-pair <job status> broken
test-amd64-amd64-libvirt-qemuu-debianhvm-amd64-xsm <job status> broken
test-amd64-amd64-qemuu-freebsd11-amd64 <job status> broken
test-amd64-amd64-libvirt-vhd <job status> broken
test-amd64-amd64-libvirt-xsm <job status> broken
test-amd64-amd64-pygrub <job status> broken
test-amd64-amd64-livepatch <job status> broken
test-amd64-amd64-pair <job status> broken
test-amd64-amd64-xl-shadow <job status> broken
test-amd64-amd64-xl-xsm <job status> broken
test-amd64-coresched-amd64-xl <job status> broken
test-xtf-amd64-amd64-1 <job status> broken
test-xtf-amd64-amd64-2 <job status> broken
test-xtf-amd64-amd64-3 <job status> broken
test-xtf-amd64-amd64-4 <job status> broken
test-xtf-amd64-amd64-5 <job status> broken
build-i386-pvops 4 host-install(4) broken REGR. vs. 162533
build-i386-xsm 4 host-install(4) broken REGR. vs. 162533
build-i386 4 host-install(4) broken REGR. vs. 162533
build-i386-prev 4 host-install(4) broken REGR. vs. 162533
build-amd64-prev 4 host-install(4) broken REGR. vs. 162533
build-armhf-pvops 4 host-install(4) broken REGR. vs. 162533
test-amd64-i386-xl-qemuu-debianhvm-amd64 <job status> broken in 162894
test-amd64-i386-xl-qemuu-win7-amd64 <job status> broken in 162894
test-amd64-i386-libvirt <job status> broken in 162894
test-amd64-i386-libvirt-xsm <job status> broken in 162894
test-amd64-i386-xl-qemut-win7-amd64 <job status> broken in 162894
test-amd64-i386-qemuu-rhel6hvm-amd <job status> broken in 162894
test-amd64-i386-qemuu-rhel6hvm-intel <job status> broken in 162894
test-amd64-i386-libvirt-qemuu-debianhvm-amd64-xsm <job status> broken in 162894
test-amd64-i386-xl-qemuu-ws16-amd64 <job status> broken in 162894
test-amd64-i386-xl-pvshim <job status> broken in 162894
test-amd64-i386-xl-qemut-debianhvm-amd64 <job status> broken in 162894
test-amd64-i386-xl-qemuu-ovmf-amd64 <job status> broken in 162894
test-amd64-i386-qemut-rhel6hvm-amd <job status> broken in 162894
test-amd64-i386-xl-raw <job status> broken in 162894
test-amd64-coresched-i386-xl <job status> broken in 162894
test-amd64-i386-xl-qemuu-ovmf-amd64 15 guest-saverestore fail in 162885 REGR. vs. 162533
test-amd64-amd64-xl-qemuu-ovmf-amd64 15 guest-saverestore fail in 162894 REGR. vs. 162533
Tests which are failing intermittently (not blocking):
test-amd64-i386-xl-raw 5 host-install(5) broken in 162894 pass in 162885
test-amd64-i386-qemuu-rhel6hvm-intel 5 host-install(5) broken in 162894 pass in 162885
test-amd64-i386-qemut-rhel6hvm-amd 5 host-install(5) broken in 162894 pass in 162885
test-amd64-coresched-i386-xl 5 host-install(5) broken in 162894 pass in 162885
test-amd64-i386-xl-qemuu-ovmf-amd64 5 host-install(5) broken in 162894 pass in 162885
test-amd64-i386-xl-qemuu-debianhvm-amd64 5 host-install(5) broken in 162894 pass in 162885
test-amd64-i386-qemuu-rhel6hvm-amd 5 host-install(5) broken in 162894 pass in 162885
test-amd64-i386-xl-qemut-debianhvm-amd64 5 host-install(5) broken in 162894 pass in 162885
test-amd64-i386-xl-qemut-win7-amd64 5 host-install(5) broken in 162894 pass in 162885
test-amd64-i386-libvirt 5 host-install(5) broken in 162894 pass in 162885
test-amd64-i386-libvirt-xsm 5 host-install(5) broken in 162894 pass in 162885
test-amd64-i386-libvirt-qemuu-debianhvm-amd64-xsm 5 host-install(5) broken in 162894 pass in 162885
test-amd64-i386-xl-qemuu-ws16-amd64 5 host-install(5) broken in 162894 pass in 162885
test-amd64-i386-xl-qemuu-win7-amd64 5 host-install(5) broken in 162894 pass in 162885
test-amd64-i386-xl-pvshim 5 host-install(5) broken in 162894 pass in 162885
test-amd64-amd64-xl-shadow 5 host-install(5) broken pass in 162885
test-amd64-amd64-libvirt 5 host-install(5) broken pass in 162885
test-amd64-amd64-xl-credit2 5 host-install(5) broken pass in 162885
test-amd64-amd64-xl-rtds 5 host-install(5) broken pass in 162885
test-amd64-amd64-libvirt-qemuu-debianhvm-amd64-xsm 5 host-install(5) broken pass in 162885
test-amd64-amd64-xl-qemuu-debianhvm-amd64-shadow 5 host-install(5) broken pass in 162894
test-amd64-amd64-xl-qemuu-ws16-amd64 5 host-install(5) broken pass in 162894
test-amd64-amd64-qemuu-nested-intel 5 host-install(5) broken pass in 162894
test-amd64-amd64-i386-pvgrub 5 host-install(5) broken pass in 162894
test-amd64-amd64-xl-qcow2 5 host-install(5) broken pass in 162894
test-xtf-amd64-amd64-3 5 host-install(5) broken pass in 162894
test-amd64-amd64-xl-qemuu-debianhvm-amd64 5 host-install(5) broken pass in 162894
test-amd64-amd64-dom0pvh-xl-amd 5 host-install(5) broken pass in 162894
test-arm64-arm64-xl-credit2 5 host-install(5) broken pass in 162894
test-arm64-arm64-xl-seattle 5 host-install(5) broken pass in 162894
test-amd64-amd64-amd64-pvgrub 5 host-install(5) broken pass in 162894
test-amd64-amd64-xl-pvhv2-amd 5 host-install(5) broken pass in 162894
test-amd64-amd64-xl-multivcpu 5 host-install(5) broken pass in 162894
test-amd64-amd64-libvirt-xsm 5 host-install(5) broken pass in 162894
test-amd64-amd64-qemuu-nested-amd 5 host-install(5) broken pass in 162894
test-amd64-amd64-xl-qemuu-ovmf-amd64 5 host-install(5) broken pass in 162894
test-amd64-amd64-pair 6 host-install/src_host(6) broken pass in 162894
test-amd64-amd64-pair 7 host-install/dst_host(7) broken pass in 162894
test-amd64-amd64-xl-qemut-ws16-amd64 5 host-install(5) broken pass in 162894
test-amd64-amd64-libvirt-vhd 5 host-install(5) broken pass in 162894
test-amd64-amd64-libvirt-pair 6 host-install/src_host(6) broken pass in 162894
test-amd64-amd64-libvirt-pair 7 host-install/dst_host(7) broken pass in 162894
test-amd64-amd64-xl-credit1 5 host-install(5) broken pass in 162894
test-amd64-amd64-xl-qemuu-dmrestrict-amd64-dmrestrict 5 host-install(5) broken pass in 162894
test-amd64-amd64-dom0pvh-xl-intel 5 host-install(5) broken pass in 162894
test-amd64-amd64-qemuu-freebsd11-amd64 5 host-install(5) broken pass in 162894
test-amd64-coresched-amd64-xl 5 host-install(5) broken pass in 162894
test-amd64-amd64-pygrub 5 host-install(5) broken pass in 162894
test-amd64-amd64-xl-qemut-debianhvm-i386-xsm 5 host-install(5) broken pass in 162894
test-xtf-amd64-amd64-1 5 host-install(5) broken pass in 162894
test-arm64-arm64-xl-credit1 5 host-install(5) broken pass in 162894
test-arm64-arm64-xl-xsm 5 host-install(5) broken pass in 162894
test-amd64-amd64-xl-qemut-stubdom-debianhvm-amd64-xsm 5 host-install(5) broken pass in 162894
test-amd64-amd64-xl-qemut-debianhvm-amd64 5 host-install(5) broken pass in 162894
test-amd64-amd64-xl-qemuu-debianhvm-i386-xsm 5 host-install(5) broken pass in 162894
test-xtf-amd64-amd64-5 5 host-install(5) broken pass in 162894
test-amd64-amd64-xl-qemut-win7-amd64 5 host-install(5) broken pass in 162894
test-amd64-amd64-xl 5 host-install(5) broken pass in 162894
test-xtf-amd64-amd64-4 5 host-install(5) broken pass in 162894
test-xtf-amd64-amd64-2 5 host-install(5) broken pass in 162894
test-amd64-amd64-xl-qemuu-win7-amd64 5 host-install(5) broken pass in 162894
test-amd64-amd64-xl-pvshim 5 host-install(5) broken pass in 162894
test-amd64-amd64-livepatch 5 host-install(5) broken pass in 162894
test-amd64-amd64-xl-pvhv2-intel 5 host-install(5) broken pass in 162894
test-amd64-amd64-qemuu-freebsd12-amd64 5 host-install(5) broken pass in 162894
test-amd64-amd64-xl-xsm 5 host-install(5) broken pass in 162894
test-amd64-amd64-examine 5 host-install broken pass in 162894
test-arm64-arm64-libvirt-xsm 5 host-install(5) broken pass in 162894
test-arm64-arm64-xl-thunderx 5 host-install(5) broken pass in 162894
test-arm64-arm64-xl 5 host-install(5) broken pass in 162894
test-arm64-arm64-examine 5 host-install broken pass in 162894
test-amd64-i386-qemut-rhel6hvm-intel 14 guest-start/redhat.repeat fail in 162885 pass in 162894
Tests which did not succeed, but are not blocking:
test-amd64-i386-qemuu-rhel6hvm-amd 1 build-check(1) blocked n/a
test-amd64-i386-qemuu-rhel6hvm-intel 1 build-check(1) blocked n/a
test-amd64-i386-xl 1 build-check(1) blocked n/a
test-amd64-i386-xl-pvshim 1 build-check(1) blocked n/a
test-amd64-i386-xl-qemut-debianhvm-amd64 1 build-check(1) blocked n/a
test-amd64-i386-xl-qemut-debianhvm-i386-xsm 1 build-check(1) blocked n/a
test-amd64-i386-xl-qemut-stubdom-debianhvm-amd64-xsm 1 build-check(1) blocked n/a
test-amd64-i386-xl-qemut-win7-amd64 1 build-check(1) blocked n/a
test-amd64-i386-xl-qemut-ws16-amd64 1 build-check(1) blocked n/a
test-amd64-i386-xl-qemuu-debianhvm-amd64 1 build-check(1) blocked n/a
test-amd64-i386-xl-qemuu-dmrestrict-amd64-dmrestrict 1 build-check(1) blocked n/a
test-amd64-i386-xl-qemuu-ovmf-amd64 1 build-check(1) blocked n/a
test-amd64-i386-xl-qemuu-win7-amd64 1 build-check(1) blocked n/a
test-amd64-i386-xl-qemuu-ws16-amd64 1 build-check(1) blocked n/a
test-amd64-i386-xl-raw 1 build-check(1) blocked n/a
test-amd64-i386-xl-shadow 1 build-check(1) blocked n/a
test-amd64-i386-xl-xsm 1 build-check(1) blocked n/a
test-armhf-armhf-examine 1 build-check(1) blocked n/a
test-armhf-armhf-libvirt 1 build-check(1) blocked n/a
test-armhf-armhf-libvirt-raw 1 build-check(1) blocked n/a
test-armhf-armhf-xl 1 build-check(1) blocked n/a
build-i386-libvirt 1 build-check(1) blocked n/a
test-amd64-amd64-migrupgrade 1 build-check(1) blocked n/a
test-amd64-i386-xl-qemuu-debianhvm-amd64-shadow 1 build-check(1) blocked n/a
test-amd64-i386-xl-qemuu-debianhvm-i386-xsm 1 build-check(1) blocked n/a
test-amd64-coresched-i386-xl 1 build-check(1) blocked n/a
test-amd64-i386-examine 1 build-check(1) blocked n/a
test-amd64-i386-freebsd10-amd64 1 build-check(1) blocked n/a
test-amd64-i386-freebsd10-i386 1 build-check(1) blocked n/a
test-amd64-i386-libvirt 1 build-check(1) blocked n/a
test-amd64-i386-libvirt-pair 1 build-check(1) blocked n/a
test-amd64-i386-libvirt-qemuu-debianhvm-amd64-xsm 1 build-check(1) blocked n/a
test-amd64-i386-libvirt-xsm 1 build-check(1) blocked n/a
test-amd64-i386-livepatch 1 build-check(1) blocked n/a
test-amd64-i386-migrupgrade 1 build-check(1) blocked n/a
test-amd64-i386-pair 1 build-check(1) blocked n/a
test-amd64-i386-qemut-rhel6hvm-amd 1 build-check(1) blocked n/a
test-amd64-i386-qemut-rhel6hvm-intel 1 build-check(1) blocked n/a
test-armhf-armhf-xl-arndale 1 build-check(1) blocked n/a
test-armhf-armhf-xl-credit1 1 build-check(1) blocked n/a
test-armhf-armhf-xl-credit2 1 build-check(1) blocked n/a
test-armhf-armhf-xl-cubietruck 1 build-check(1) blocked n/a
test-armhf-armhf-xl-multivcpu 1 build-check(1) blocked n/a
test-armhf-armhf-xl-rtds 1 build-check(1) blocked n/a
test-armhf-armhf-xl-vhd 1 build-check(1) blocked n/a
test-amd64-i386-xl-qemut-win7-amd64 19 guest-stop fail in 162885 like 162533
test-amd64-i386-xl-qemuu-ws16-amd64 19 guest-stop fail in 162885 like 162533
test-amd64-i386-xl-qemuu-win7-amd64 19 guest-stop fail in 162885 like 162533
test-amd64-amd64-libvirt 15 migrate-support-check fail in 162885 never pass
test-amd64-i386-libvirt-xsm 15 migrate-support-check fail in 162885 never pass
test-amd64-i386-xl-pvshim 14 guest-start fail in 162885 never pass
test-amd64-i386-libvirt 15 migrate-support-check fail in 162885 never pass
test-amd64-amd64-libvirt-qemuu-debianhvm-amd64-xsm 13 migrate-support-check fail in 162885 never pass
test-amd64-i386-libvirt-qemuu-debianhvm-amd64-xsm 13 migrate-support-check fail in 162885 never pass
test-amd64-amd64-xl-qemut-win7-amd64 19 guest-stop fail in 162894 like 162533
test-amd64-amd64-qemuu-nested-amd 20 debian-hvm-install/l1/l2 fail in 162894 like 162533
test-amd64-amd64-xl-qemuu-ws16-amd64 19 guest-stop fail in 162894 like 162533
test-armhf-armhf-libvirt 16 saverestore-support-check fail in 162894 like 162533
test-amd64-i386-xl-qemut-ws16-amd64 19 guest-stop fail in 162894 like 162533
test-armhf-armhf-libvirt-raw 15 saverestore-support-check fail in 162894 like 162533
test-amd64-amd64-xl-qemut-ws16-amd64 19 guest-stop fail in 162894 like 162533
test-amd64-amd64-xl-qemuu-win7-amd64 19 guest-stop fail in 162894 like 162533
test-amd64-amd64-libvirt-xsm 15 migrate-support-check fail in 162894 never pass
test-arm64-arm64-xl 15 migrate-support-check fail in 162894 never pass
test-arm64-arm64-xl 16 saverestore-support-check fail in 162894 never pass
test-arm64-arm64-xl-xsm 15 migrate-support-check fail in 162894 never pass
test-arm64-arm64-xl-xsm 16 saverestore-support-check fail in 162894 never pass
test-arm64-arm64-xl-credit1 15 migrate-support-check fail in 162894 never pass
test-arm64-arm64-xl-thunderx 15 migrate-support-check fail in 162894 never pass
test-arm64-arm64-xl-credit1 16 saverestore-support-check fail in 162894 never pass
test-arm64-arm64-xl-thunderx 16 saverestore-support-check fail in 162894 never pass
test-arm64-arm64-libvirt-xsm 15 migrate-support-check fail in 162894 never pass
test-arm64-arm64-xl-credit2 15 migrate-support-check fail in 162894 never pass
test-arm64-arm64-libvirt-xsm 16 saverestore-support-check fail in 162894 never pass
test-arm64-arm64-xl-credit2 16 saverestore-support-check fail in 162894 never pass
test-armhf-armhf-xl-arndale 15 migrate-support-check fail in 162894 never pass
test-armhf-armhf-xl-arndale 16 saverestore-support-check fail in 162894 never pass
test-amd64-amd64-libvirt-vhd 14 migrate-support-check fail in 162894 never pass
test-armhf-armhf-xl-multivcpu 15 migrate-support-check fail in 162894 never pass
test-armhf-armhf-xl-multivcpu 16 saverestore-support-check fail in 162894 never pass
test-armhf-armhf-xl 15 migrate-support-check fail in 162894 never pass
test-armhf-armhf-xl 16 saverestore-support-check fail in 162894 never pass
test-armhf-armhf-xl-cubietruck 15 migrate-support-check fail in 162894 never pass
test-armhf-armhf-xl-cubietruck 16 saverestore-support-check fail in 162894 never pass
test-armhf-armhf-xl-rtds 15 migrate-support-check fail in 162894 never pass
test-armhf-armhf-xl-rtds 16 saverestore-support-check fail in 162894 never pass
test-armhf-armhf-xl-credit2 15 migrate-support-check fail in 162894 never pass
test-armhf-armhf-xl-credit2 16 saverestore-support-check fail in 162894 never pass
test-armhf-armhf-libvirt 15 migrate-support-check fail in 162894 never pass
test-armhf-armhf-xl-credit1 15 migrate-support-check fail in 162894 never pass
test-armhf-armhf-xl-credit1 16 saverestore-support-check fail in 162894 never pass
test-arm64-arm64-xl-seattle 15 migrate-support-check fail in 162894 never pass
test-arm64-arm64-xl-seattle 16 saverestore-support-check fail in 162894 never pass
test-armhf-armhf-libvirt-raw 14 migrate-support-check fail in 162894 never pass
test-armhf-armhf-xl-vhd 14 migrate-support-check fail in 162894 never pass
test-armhf-armhf-xl-vhd 15 saverestore-support-check fail in 162894 never pass
version targeted for testing:
xen 8af4b47f061edf6450f2b0a0a8134fdf1c13b3e5
baseline version:
xen 5268b2dcf7e5342c8a51ceb4bed3e7740c69f5c1
Last test of basis 162533 2021-06-08 01:53:53 Z 12 days
Failing since 162556 2021-06-08 22:39:08 Z 11 days 17 attempts
Testing same since 162885 2021-06-17 23:08:00 Z 2 days 3 attempts
------------------------------------------------------------
People who touched revisions under test:
Andrew Cooper <andrew.cooper3@citrix.com>
Anthony PERARD <anthony.perard@citrix.com>
Bobby Eshleman <bobbyeshleman@gmail.com>
Christian Lindig <christian.lindig@citrix.com>
Connor Davis <connojdavis@gmail.com>
Dario Faggioli <dfaggioli@suse.com>
Edgar E. Iglesias <edgar.iglesias@xilinx.com>
George Dunlap <george.dunlap@citrix.com>
Ian Jackson <iwj@xenproject.org>
Jan Beulich <jbeulich@suse.com>
Juergen Gross <jgross@suse.com>
Julien Grall <jgrall@amazon.com>
Roger Pau Monné <roger.pau@citrix.com>
Stefano Stabellini <sstabellini@kernel.org>
Stefano Stabellini <stefano.stabellini@xilinx.com>
Tim Deegan <tim@xen.org>
Wei Liu <wl@xen.org>
jobs:
build-amd64-xsm pass
build-arm64-xsm pass
build-i386-xsm broken
build-amd64-xtf pass
build-amd64 pass
build-arm64 pass
build-armhf pass
build-i386 broken
build-amd64-libvirt pass
build-arm64-libvirt pass
build-armhf-libvirt pass
build-i386-libvirt blocked
build-amd64-prev broken
build-i386-prev broken
build-amd64-pvops pass
build-arm64-pvops pass
build-armhf-pvops broken
build-i386-pvops broken
test-xtf-amd64-amd64-1 broken
test-xtf-amd64-amd64-2 broken
test-xtf-amd64-amd64-3 broken
test-xtf-amd64-amd64-4 broken
test-xtf-amd64-amd64-5 broken
test-amd64-amd64-xl broken
test-amd64-coresched-amd64-xl broken
test-arm64-arm64-xl broken
test-armhf-armhf-xl blocked
test-amd64-i386-xl blocked
test-amd64-coresched-i386-xl blocked
test-amd64-amd64-libvirt-qemuu-debianhvm-amd64-xsm broken
test-amd64-i386-libvirt-qemuu-debianhvm-amd64-xsm blocked
test-amd64-amd64-xl-qemut-stubdom-debianhvm-amd64-xsm broken
test-amd64-i386-xl-qemut-stubdom-debianhvm-amd64-xsm blocked
test-amd64-amd64-xl-qemut-debianhvm-i386-xsm broken
test-amd64-i386-xl-qemut-debianhvm-i386-xsm blocked
test-amd64-amd64-xl-qemuu-debianhvm-i386-xsm broken
test-amd64-i386-xl-qemuu-debianhvm-i386-xsm blocked
test-amd64-amd64-libvirt-xsm broken
test-arm64-arm64-libvirt-xsm broken
test-amd64-i386-libvirt-xsm blocked
test-amd64-amd64-xl-xsm broken
test-arm64-arm64-xl-xsm broken
test-amd64-i386-xl-xsm blocked
test-amd64-amd64-qemuu-nested-amd broken
test-amd64-amd64-xl-pvhv2-amd broken
test-amd64-i386-qemut-rhel6hvm-amd blocked
test-amd64-i386-qemuu-rhel6hvm-amd blocked
test-amd64-amd64-dom0pvh-xl-amd broken
test-amd64-amd64-xl-qemut-debianhvm-amd64 broken
test-amd64-i386-xl-qemut-debianhvm-amd64 blocked
test-amd64-amd64-xl-qemuu-debianhvm-amd64 broken
test-amd64-i386-xl-qemuu-debianhvm-amd64 blocked
test-amd64-i386-freebsd10-amd64 blocked
test-amd64-amd64-qemuu-freebsd11-amd64 broken
test-amd64-amd64-qemuu-freebsd12-amd64 broken
test-amd64-amd64-xl-qemuu-ovmf-amd64 broken
test-amd64-i386-xl-qemuu-ovmf-amd64 blocked
test-amd64-amd64-xl-qemut-win7-amd64 broken
test-amd64-i386-xl-qemut-win7-amd64 blocked
test-amd64-amd64-xl-qemuu-win7-amd64 broken
test-amd64-i386-xl-qemuu-win7-amd64 blocked
test-amd64-amd64-xl-qemut-ws16-amd64 broken
test-amd64-i386-xl-qemut-ws16-amd64 blocked
test-amd64-amd64-xl-qemuu-ws16-amd64 broken
test-amd64-i386-xl-qemuu-ws16-amd64 blocked
test-armhf-armhf-xl-arndale blocked
test-amd64-amd64-xl-credit1 broken
test-arm64-arm64-xl-credit1 broken
test-armhf-armhf-xl-credit1 blocked
test-amd64-amd64-xl-credit2 broken
test-arm64-arm64-xl-credit2 broken
test-armhf-armhf-xl-credit2 blocked
test-armhf-armhf-xl-cubietruck blocked
test-amd64-amd64-xl-qemuu-dmrestrict-amd64-dmrestrict broken
test-amd64-i386-xl-qemuu-dmrestrict-amd64-dmrestrict blocked
test-amd64-amd64-examine fail
test-arm64-arm64-examine fail
test-armhf-armhf-examine blocked
test-amd64-i386-examine blocked
test-amd64-i386-freebsd10-i386 blocked
test-amd64-amd64-qemuu-nested-intel broken
test-amd64-amd64-xl-pvhv2-intel broken
test-amd64-i386-qemut-rhel6hvm-intel blocked
test-amd64-i386-qemuu-rhel6hvm-intel blocked
test-amd64-amd64-dom0pvh-xl-intel broken
test-amd64-amd64-libvirt broken
test-armhf-armhf-libvirt blocked
test-amd64-i386-libvirt blocked
test-amd64-amd64-livepatch broken
test-amd64-i386-livepatch blocked
test-amd64-amd64-migrupgrade blocked
test-amd64-i386-migrupgrade blocked
test-amd64-amd64-xl-multivcpu broken
test-armhf-armhf-xl-multivcpu blocked
test-amd64-amd64-pair broken
test-amd64-i386-pair blocked
test-amd64-amd64-libvirt-pair broken
test-amd64-i386-libvirt-pair blocked
test-amd64-amd64-amd64-pvgrub broken
test-amd64-amd64-i386-pvgrub broken
test-amd64-amd64-xl-pvshim broken
test-amd64-i386-xl-pvshim blocked
test-amd64-amd64-pygrub broken
test-amd64-amd64-xl-qcow2 broken
test-armhf-armhf-libvirt-raw blocked
test-amd64-i386-xl-raw blocked
test-amd64-amd64-xl-rtds broken
test-armhf-armhf-xl-rtds blocked
test-arm64-arm64-xl-seattle broken
test-amd64-amd64-xl-qemuu-debianhvm-amd64-shadow broken
test-amd64-i386-xl-qemuu-debianhvm-amd64-shadow blocked
test-amd64-amd64-xl-shadow broken
test-amd64-i386-xl-shadow blocked
test-arm64-arm64-xl-thunderx broken
test-amd64-amd64-libvirt-vhd broken
test-armhf-armhf-xl-vhd blocked
------------------------------------------------------------
sg-report-flight on osstest.test-lab.xenproject.org
logs: /home/logs/logs
images: /home/logs/images
Logs, config files, etc. are available at
http://logs.test-lab.xenproject.org/osstest/logs
Explanation of these reports, and of osstest in general, is at
http://xenbits.xen.org/gitweb/?p=osstest.git;a=blob;f=README.email;hb=master
http://xenbits.xen.org/gitweb/?p=osstest.git;a=blob;f=README;hb=master
Test harness code can be found at
http://xenbits.xen.org/gitweb?p=osstest.git;a=summary
broken-job test-arm64-arm64-libvirt-xsm broken
broken-job test-arm64-arm64-xl broken
broken-job test-arm64-arm64-xl-credit1 broken
broken-job test-arm64-arm64-xl-credit2 broken
broken-job test-arm64-arm64-xl-seattle broken
broken-job test-arm64-arm64-xl-thunderx broken
broken-job test-arm64-arm64-xl-xsm broken
broken-job test-amd64-amd64-xl-rtds broken
broken-job test-amd64-amd64-xl-qemuu-ws16-amd64 broken
broken-job test-amd64-amd64-xl-qemuu-win7-amd64 broken
broken-job test-amd64-amd64-xl-qemuu-ovmf-amd64 broken
broken-job test-amd64-amd64-xl-qemuu-dmrestrict-amd64-dmrestrict broken
broken-job test-amd64-amd64-xl-qemuu-debianhvm-i386-xsm broken
broken-job test-amd64-amd64-xl-qemuu-debianhvm-amd64-shadow broken
broken-job test-amd64-amd64-xl-qemuu-debianhvm-amd64 broken
broken-job test-amd64-amd64-xl-qemut-ws16-amd64 broken
broken-job test-amd64-amd64-xl-qemut-win7-amd64 broken
broken-job test-amd64-amd64-xl-qemut-stubdom-debianhvm-amd64-xsm broken
broken-job test-amd64-amd64-xl-qemut-debianhvm-i386-xsm broken
broken-job test-amd64-amd64-xl-qemut-debianhvm-amd64 broken
broken-job build-amd64-prev broken
broken-job test-amd64-amd64-xl-qcow2 broken
broken-job test-amd64-amd64-xl-pvshim broken
broken-job test-amd64-amd64-xl-pvhv2-intel broken
broken-job test-amd64-amd64-xl-pvhv2-amd broken
broken-job test-amd64-amd64-xl-multivcpu broken
broken-job build-armhf-pvops broken
broken-job build-i386 broken
broken-job test-amd64-amd64-xl-credit2 broken
broken-job build-i386-prev broken
broken-job test-amd64-amd64-xl-credit1 broken
broken-job build-i386-pvops broken
broken-job test-amd64-amd64-xl broken
broken-job build-i386-xsm broken
broken-job test-amd64-amd64-amd64-pvgrub broken
broken-job test-amd64-amd64-dom0pvh-xl-amd broken
broken-job test-amd64-amd64-qemuu-nested-intel broken
broken-job test-amd64-amd64-dom0pvh-xl-intel broken
broken-job test-amd64-amd64-qemuu-nested-amd broken
broken-job test-amd64-amd64-i386-pvgrub broken
broken-job test-amd64-amd64-libvirt broken
broken-job test-amd64-amd64-qemuu-freebsd12-amd64 broken
broken-job test-amd64-amd64-libvirt-pair broken
broken-job test-amd64-amd64-libvirt-qemuu-debianhvm-amd64-xsm broken
broken-job test-amd64-amd64-qemuu-freebsd11-amd64 broken
broken-job test-amd64-amd64-libvirt-vhd broken
broken-job test-amd64-amd64-libvirt-xsm broken
broken-job test-amd64-amd64-pygrub broken
broken-job test-amd64-amd64-livepatch broken
broken-job test-amd64-amd64-pair broken
broken-job test-amd64-amd64-xl-shadow broken
broken-job test-amd64-amd64-xl-xsm broken
broken-job test-amd64-coresched-amd64-xl broken
broken-job test-xtf-amd64-amd64-1 broken
broken-job test-xtf-amd64-amd64-2 broken
broken-job test-xtf-amd64-amd64-3 broken
broken-job test-xtf-amd64-amd64-4 broken
broken-job test-xtf-amd64-amd64-5 broken
broken-step build-i386-pvops host-install(4)
broken-step test-amd64-amd64-xl-qemuu-debianhvm-amd64-shadow host-install(5)
broken-step test-amd64-amd64-xl-qemuu-ws16-amd64 host-install(5)
broken-step test-amd64-amd64-qemuu-nested-intel host-install(5)
broken-step test-amd64-amd64-i386-pvgrub host-install(5)
broken-step test-amd64-amd64-xl-qcow2 host-install(5)
broken-step test-xtf-amd64-amd64-3 host-install(5)
broken-step test-amd64-amd64-xl-qemuu-debianhvm-amd64 host-install(5)
broken-step test-amd64-amd64-dom0pvh-xl-amd host-install(5)
broken-step test-arm64-arm64-xl-credit2 host-install(5)
broken-step test-arm64-arm64-xl-seattle host-install(5)
broken-step test-amd64-amd64-amd64-pvgrub host-install(5)
broken-step test-amd64-amd64-xl-pvhv2-amd host-install(5)
broken-step test-amd64-amd64-xl-shadow host-install(5)
broken-step test-amd64-amd64-xl-multivcpu host-install(5)
broken-step test-amd64-amd64-libvirt-xsm host-install(5)
broken-step test-amd64-amd64-qemuu-nested-amd host-install(5)
broken-step test-amd64-amd64-libvirt host-install(5)
broken-step test-amd64-amd64-xl-qemuu-ovmf-amd64 host-install(5)
broken-step test-amd64-amd64-pair host-install/src_host(6)
broken-step test-amd64-amd64-pair host-install/dst_host(7)
broken-step test-amd64-amd64-xl-qemut-ws16-amd64 host-install(5)
broken-step test-amd64-amd64-libvirt-vhd host-install(5)
broken-step test-amd64-amd64-libvirt-pair host-install/src_host(6)
broken-step test-amd64-amd64-libvirt-pair host-install/dst_host(7)
broken-step test-amd64-amd64-xl-credit1 host-install(5)
broken-step test-amd64-amd64-xl-qemuu-dmrestrict-amd64-dmrestrict host-install(5)
broken-step test-amd64-amd64-xl-credit2 host-install(5)
broken-step test-amd64-amd64-dom0pvh-xl-intel host-install(5)
broken-step test-amd64-amd64-qemuu-freebsd11-amd64 host-install(5)
broken-step test-amd64-coresched-amd64-xl host-install(5)
broken-step test-amd64-amd64-xl-rtds host-install(5)
broken-step test-amd64-amd64-pygrub host-install(5)
broken-step test-amd64-amd64-xl-qemut-debianhvm-i386-xsm host-install(5)
broken-step test-xtf-amd64-amd64-1 host-install(5)
broken-step test-arm64-arm64-xl-credit1 host-install(5)
broken-step test-arm64-arm64-xl-xsm host-install(5)
broken-step test-amd64-amd64-xl-qemut-stubdom-debianhvm-amd64-xsm host-install(5)
broken-step test-amd64-amd64-xl-qemut-debianhvm-amd64 host-install(5)
broken-step build-i386-xsm host-install(4)
broken-step test-amd64-amd64-xl-qemuu-debianhvm-i386-xsm host-install(5)
broken-step build-i386 host-install(4)
broken-step test-xtf-amd64-amd64-5 host-install(5)
broken-step test-amd64-amd64-libvirt-qemuu-debianhvm-amd64-xsm host-install(5)
broken-step test-amd64-amd64-xl-qemut-win7-amd64 host-install(5)
broken-step build-i386-prev host-install(4)
broken-step test-amd64-amd64-xl host-install(5)
broken-step test-xtf-amd64-amd64-4 host-install(5)
broken-step test-xtf-amd64-amd64-2 host-install(5)
broken-step test-amd64-amd64-xl-qemuu-win7-amd64 host-install(5)
broken-step test-amd64-amd64-xl-pvshim host-install(5)
broken-step test-amd64-amd64-livepatch host-install(5)
broken-step test-amd64-amd64-xl-pvhv2-intel host-install(5)
broken-step test-amd64-amd64-qemuu-freebsd12-amd64 host-install(5)
broken-step test-amd64-amd64-xl-xsm host-install(5)
broken-step test-amd64-amd64-examine host-install
broken-step test-arm64-arm64-libvirt-xsm host-install(5)
broken-step test-arm64-arm64-xl-thunderx host-install(5)
broken-step test-arm64-arm64-xl host-install(5)
broken-step test-arm64-arm64-examine host-install
broken-step build-amd64-prev host-install(4)
broken-step build-armhf-pvops host-install(4)
broken-job test-amd64-amd64-xl-rtds broken
broken-job test-amd64-amd64-xl-shadow broken
broken-job test-amd64-i386-xl-qemuu-debianhvm-amd64 broken
broken-job test-amd64-i386-xl-qemuu-win7-amd64 broken
broken-job test-amd64-i386-libvirt broken
broken-job test-amd64-i386-libvirt-xsm broken
broken-job test-amd64-i386-xl-qemut-win7-amd64 broken
broken-job test-amd64-amd64-libvirt broken
broken-job test-amd64-amd64-xl-credit2 broken
broken-job test-amd64-i386-qemuu-rhel6hvm-amd broken
broken-job test-amd64-i386-qemuu-rhel6hvm-intel broken
broken-job test-amd64-i386-libvirt-qemuu-debianhvm-amd64-xsm broken
broken-job test-amd64-i386-xl-qemuu-ws16-amd64 broken
broken-job test-amd64-i386-xl-pvshim broken
broken-job test-amd64-i386-xl-qemut-debianhvm-amd64 broken
broken-job test-amd64-amd64-libvirt-qemuu-debianhvm-amd64-xsm broken
broken-job test-amd64-i386-xl-qemuu-ovmf-amd64 broken
broken-job test-amd64-i386-qemut-rhel6hvm-amd broken
broken-job test-amd64-i386-xl-raw broken
broken-job test-amd64-coresched-i386-xl broken
Not pushing.
(No revision log; it would be 1163 lines long.)
^ permalink raw reply [flat|nested] only message in thread
only message in thread, other threads:[~2021-06-20 17:59 UTC | newest]
Thread overview: (only message) (download: mbox.gz / follow: Atom feed)
-- links below jump to the message on this page --
2021-06-20 17:59 [xen-unstable test] 162901: regressions - trouble: blocked/broken/fail/pass osstest service owner
This is a public inbox, see mirroring instructions
for how to clone and mirror all data and code used for this inbox;
as well as URLs for NNTP newsgroup(s).