* [ovmf test] 163229: regressions - FAIL
@ 2021-07-02 22:30 osstest service owner
0 siblings, 0 replies; only message in thread
From: osstest service owner @ 2021-07-02 22:30 UTC (permalink / raw)
To: xen-devel, osstest-admin
flight 163229 ovmf real [real]
http://logs.test-lab.xenproject.org/osstest/logs/163229/
Regressions :-(
Tests which did not succeed and are blocking,
including tests which could not be run:
test-amd64-i386-xl-qemuu-ovmf-amd64 12 debian-hvm-install fail REGR. vs. 162359
test-amd64-amd64-xl-qemuu-ovmf-amd64 12 debian-hvm-install fail REGR. vs. 162359
version targeted for testing:
ovmf fea7901dba72eeac526f3ef12a4ad4c539622373
baseline version:
ovmf c410ad4da4b7785170d3d42a3ba190c2caac6feb
Last test of basis 162359 2021-06-04 03:40:08 Z 28 days
Failing since 162368 2021-06-04 15:42:59 Z 28 days 76 attempts
Testing same since 163216 2021-07-01 22:42:29 Z 0 days 6 attempts
------------------------------------------------------------
People who touched revisions under test:
Abner Chang <abner.chang@hpe.com>
Agrawal, Sachin <sachin.agrawal@intel.com>
Alexandru Elisei <alexandru.elisei@arm.com>
Anthony PERARD <anthony.perard@citrix.com>
Ard Biesheuvel <ardb@kernel.org>
Daniel Schaefer <daniel.schaefer@hpe.com>
Daoxiang Li <daoxiang.li@intel.com>
Dov Murik <dovmurik@linux.ibm.com>
DunTan <dun.tan@intel.com>
gaoliming <gaoliming@byosoft.com.cn>
Guo Dong <guo.dong@intel.com>
Hao A Wu <hao.a.wu@intel.com>
Jian J Wang <jian.j.wang@intel.com>
Kaaira Gupta <kaaira7319@gmail.com>
Ken Lautner <klautner@microsoft.com>
Kenneth Lautner <kenlautner3@gmail.com>
Kun Qin <kuqin12@gmail.com>
Laszlo Ersek <lersek@redhat.com>
Leif Lindholm <leif@nuviainc.com>
Liming Gao <gaoliming@byosoft.com.cn>
Loo Tung Lun <tung.lun.loo@intel.com>
Loo, Tung Lun <tung.lun.loo@intel.com>
Manickavasakam Karpagavinayagam <manickavasakamk@ami.com>
Maurice Ma <maurice.ma@intel.com>
Ni, Ray <ray.ni@intel.com>
Patrick Rudolph <patrick.rudolph@9elements.com>
Pierre Gondois <Pierre.Gondois@arm.com>
Ray Ni <ray.ni@intel.com>
Rebecca Cran <rebecca@bsdio.com>
Rebecca Cran <rebecca@nuviainc.com>
Sachin Agrawal <sachin.agrawal@intel.com>
Sami Mujawar <sami.mujawar@arm.com>
Scottie Kuo <scottie.kuo@intel.com>
Sean Brogan <sean.brogan@microsoft.com>
Sean Brogan <spbrogan@live.com>
Sumana Venur <sumana.venur@intel.com>
Sunil V L <sunilvl@ventanamicro.com>
xueshengfeng <xueshengfeng@byosoft.com.cn>
Zhiguang Liu <zhiguang.liu@intel.com>
jobs:
build-amd64-xsm pass
build-i386-xsm pass
build-amd64 pass
build-i386 pass
build-amd64-libvirt pass
build-i386-libvirt pass
build-amd64-pvops pass
build-i386-pvops pass
test-amd64-amd64-xl-qemuu-ovmf-amd64 fail
test-amd64-i386-xl-qemuu-ovmf-amd64 fail
------------------------------------------------------------
sg-report-flight on osstest.test-lab.xenproject.org
logs: /home/logs/logs
images: /home/logs/images
Logs, config files, etc. are available at
http://logs.test-lab.xenproject.org/osstest/logs
Explanation of these reports, and of osstest in general, is at
http://xenbits.xen.org/gitweb/?p=osstest.git;a=blob;f=README.email;hb=master
http://xenbits.xen.org/gitweb/?p=osstest.git;a=blob;f=README;hb=master
Test harness code can be found at
http://xenbits.xen.org/gitweb?p=osstest.git;a=summary
Not pushing.
(No revision log; it would be 3224 lines long.)
^ permalink raw reply [flat|nested] only message in thread
only message in thread, other threads:[~2021-07-02 22:30 UTC | newest]
Thread overview: (only message) (download: mbox.gz / follow: Atom feed)
-- links below jump to the message on this page --
2021-07-02 22:30 [ovmf test] 163229: regressions - FAIL osstest service owner
This is a public inbox, see mirroring instructions
for how to clone and mirror all data and code used for this inbox;
as well as URLs for NNTP newsgroup(s).