* [xen-unstable-smoke test] 163408: tolerable all pass - PUSHED
@ 2021-07-07 18:39 osstest service owner
0 siblings, 0 replies; only message in thread
From: osstest service owner @ 2021-07-07 18:39 UTC (permalink / raw)
To: xen-devel, osstest-admin
flight 163408 xen-unstable-smoke real [real]
http://logs.test-lab.xenproject.org/osstest/logs/163408/
Failures :-/ but no regressions.
Tests which did not succeed, but are not blocking:
test-amd64-amd64-libvirt 15 migrate-support-check fail never pass
test-arm64-arm64-xl-xsm 15 migrate-support-check fail never pass
test-arm64-arm64-xl-xsm 16 saverestore-support-check fail never pass
test-armhf-armhf-xl 15 migrate-support-check fail never pass
test-armhf-armhf-xl 16 saverestore-support-check fail never pass
version targeted for testing:
xen e362d3276d40e4f370c92eaa6c0e84e34badb92b
baseline version:
xen 4473f3601098a2c3cf5ab89d5a29504772985e3a
Last test of basis 163326 2021-07-06 09:01:40 Z 1 days
Failing since 163328 2021-07-06 13:01:47 Z 1 days 17 attempts
Testing same since 163408 2021-07-07 15:00:25 Z 0 days 1 attempts
------------------------------------------------------------
People who touched revisions under test:
Bertrand Marquis <bertrand.marquis@arm.com>
Jan Beulich <jbeulich@suse.com>
Julien Grall <jgrall@amazon.com>
Marek Marczykowski-Górecki <marmarek@invisiblethingslab.com>
Michal Orzel <michal.orzel@arm.com>
Olaf Hering <olaf@aepfle.de>
Rahul Singh <rahul.singh@arm.com>
Tamas K Lengyel <tamas@tklengyel.com>
jobs:
build-arm64-xsm pass
build-amd64 pass
build-armhf pass
build-amd64-libvirt pass
test-armhf-armhf-xl pass
test-arm64-arm64-xl-xsm pass
test-amd64-amd64-xl-qemuu-debianhvm-amd64 pass
test-amd64-amd64-libvirt pass
------------------------------------------------------------
sg-report-flight on osstest.test-lab.xenproject.org
logs: /home/logs/logs
images: /home/logs/images
Logs, config files, etc. are available at
http://logs.test-lab.xenproject.org/osstest/logs
Explanation of these reports, and of osstest in general, is at
http://xenbits.xen.org/gitweb/?p=osstest.git;a=blob;f=README.email;hb=master
http://xenbits.xen.org/gitweb/?p=osstest.git;a=blob;f=README;hb=master
Test harness code can be found at
http://xenbits.xen.org/gitweb?p=osstest.git;a=summary
Pushing revision :
To xenbits.xen.org:/home/xen/git/xen.git
4473f36010..e362d3276d e362d3276d40e4f370c92eaa6c0e84e34badb92b -> smoke
^ permalink raw reply [flat|nested] only message in thread
only message in thread, other threads:[~2021-07-07 18:39 UTC | newest]
Thread overview: (only message) (download: mbox.gz / follow: Atom feed)
-- links below jump to the message on this page --
2021-07-07 18:39 [xen-unstable-smoke test] 163408: tolerable all pass - PUSHED osstest service owner
This is a public inbox, see mirroring instructions
for how to clone and mirror all data and code used for this inbox;
as well as URLs for NNTP newsgroup(s).