* [qemu-mainline test] 163663: regressions - FAIL
@ 2021-07-14 8:56 osstest service owner
0 siblings, 0 replies; only message in thread
From: osstest service owner @ 2021-07-14 8:56 UTC (permalink / raw)
To: xen-devel, osstest-admin
flight 163663 qemu-mainline real [real]
http://logs.test-lab.xenproject.org/osstest/logs/163663/
Regressions :-(
Tests which did not succeed and are blocking,
including tests which could not be run:
test-amd64-i386-xl-qemuu-ovmf-amd64 12 debian-hvm-install fail REGR. vs. 163321
test-amd64-amd64-qemuu-freebsd11-amd64 13 guest-start fail REGR. vs. 163321
test-amd64-amd64-qemuu-freebsd12-amd64 13 guest-start fail REGR. vs. 163321
test-amd64-i386-qemuu-rhel6hvm-amd 12 redhat-install fail REGR. vs. 163321
test-amd64-amd64-libvirt-xsm 14 guest-start fail REGR. vs. 163321
test-amd64-i386-freebsd10-i386 13 guest-start fail REGR. vs. 163321
test-amd64-amd64-libvirt 14 guest-start fail REGR. vs. 163321
test-amd64-i386-freebsd10-amd64 13 guest-start fail REGR. vs. 163321
test-amd64-amd64-xl-qemuu-debianhvm-amd64-shadow 12 debian-hvm-install fail REGR. vs. 163321
test-amd64-i386-libvirt-xsm 14 guest-start fail REGR. vs. 163321
test-amd64-i386-libvirt 14 guest-start fail REGR. vs. 163321
test-amd64-amd64-libvirt-pair 25 guest-start/debian fail REGR. vs. 163321
test-amd64-i386-libvirt-pair 25 guest-start/debian fail REGR. vs. 163321
test-amd64-amd64-qemuu-nested-amd 12 debian-hvm-install fail REGR. vs. 163321
test-amd64-i386-qemuu-rhel6hvm-intel 12 redhat-install fail REGR. vs. 163321
test-amd64-amd64-xl-qemuu-win7-amd64 12 windows-install fail REGR. vs. 163321
test-amd64-amd64-qemuu-nested-intel 12 debian-hvm-install fail REGR. vs. 163321
test-amd64-amd64-xl-qemuu-debianhvm-amd64 12 debian-hvm-install fail REGR. vs. 163321
test-amd64-amd64-libvirt-qemuu-debianhvm-amd64-xsm 12 debian-hvm-install fail REGR. vs. 163321
test-amd64-i386-xl-qemuu-debianhvm-amd64-shadow 12 debian-hvm-install fail REGR. vs. 163321
test-arm64-arm64-libvirt-xsm 14 guest-start fail REGR. vs. 163321
test-amd64-i386-xl-qemuu-debianhvm-amd64 12 debian-hvm-install fail REGR. vs. 163321
test-amd64-amd64-xl-qemuu-dmrestrict-amd64-dmrestrict 12 debian-hvm-install fail REGR. vs. 163321
test-amd64-i386-libvirt-qemuu-debianhvm-amd64-xsm 12 debian-hvm-install fail REGR. vs. 163321
test-amd64-i386-xl-qemuu-dmrestrict-amd64-dmrestrict 12 debian-hvm-install fail REGR. vs. 163321
test-amd64-amd64-xl-qcow2 12 debian-di-install fail REGR. vs. 163321
test-amd64-amd64-xl-qemuu-ovmf-amd64 12 debian-hvm-install fail REGR. vs. 163321
test-amd64-i386-xl-qemuu-debianhvm-i386-xsm 12 debian-hvm-install fail REGR. vs. 163321
test-amd64-amd64-xl-qemuu-debianhvm-i386-xsm 12 debian-hvm-install fail REGR. vs. 163321
test-amd64-amd64-libvirt-vhd 12 debian-di-install fail REGR. vs. 163321
test-amd64-i386-xl-qemuu-win7-amd64 12 windows-install fail REGR. vs. 163321
test-armhf-armhf-xl-vhd 12 debian-di-install fail REGR. vs. 163321
test-armhf-armhf-libvirt 14 guest-start fail REGR. vs. 163321
test-amd64-i386-xl-qemuu-ws16-amd64 12 windows-install fail REGR. vs. 163321
test-amd64-amd64-xl-qemuu-ws16-amd64 12 windows-install fail REGR. vs. 163321
test-armhf-armhf-libvirt-raw 12 debian-di-install fail REGR. vs. 163321
Tests which did not succeed, but are not blocking:
test-amd64-i386-xl-pvshim 14 guest-start fail never pass
test-arm64-arm64-xl-seattle 15 migrate-support-check fail never pass
test-arm64-arm64-xl-seattle 16 saverestore-support-check fail never pass
test-arm64-arm64-xl 15 migrate-support-check fail never pass
test-arm64-arm64-xl 16 saverestore-support-check fail never pass
test-arm64-arm64-xl-xsm 15 migrate-support-check fail never pass
test-arm64-arm64-xl-xsm 16 saverestore-support-check fail never pass
test-arm64-arm64-xl-thunderx 15 migrate-support-check fail never pass
test-arm64-arm64-xl-thunderx 16 saverestore-support-check fail never pass
test-arm64-arm64-xl-credit2 15 migrate-support-check fail never pass
test-arm64-arm64-xl-credit2 16 saverestore-support-check fail never pass
test-armhf-armhf-xl 15 migrate-support-check fail never pass
test-armhf-armhf-xl 16 saverestore-support-check fail never pass
test-armhf-armhf-xl-credit1 15 migrate-support-check fail never pass
test-armhf-armhf-xl-credit1 16 saverestore-support-check fail never pass
test-armhf-armhf-xl-multivcpu 15 migrate-support-check fail never pass
test-armhf-armhf-xl-multivcpu 16 saverestore-support-check fail never pass
test-arm64-arm64-xl-credit1 15 migrate-support-check fail never pass
test-arm64-arm64-xl-credit1 16 saverestore-support-check fail never pass
test-armhf-armhf-xl-rtds 15 migrate-support-check fail never pass
test-armhf-armhf-xl-rtds 16 saverestore-support-check fail never pass
test-armhf-armhf-xl-credit2 15 migrate-support-check fail never pass
test-armhf-armhf-xl-credit2 16 saverestore-support-check fail never pass
test-armhf-armhf-xl-arndale 15 migrate-support-check fail never pass
test-armhf-armhf-xl-arndale 16 saverestore-support-check fail never pass
test-armhf-armhf-xl-cubietruck 15 migrate-support-check fail never pass
test-armhf-armhf-xl-cubietruck 16 saverestore-support-check fail never pass
version targeted for testing:
qemuu 2a54fc454cf0dbf173d5dc95205febe381cfb7cc
baseline version:
qemuu 9bef7ea9d93ee6b6297a5be6cb5a557f7d1764c9
Last test of basis 163321 2021-07-06 00:39:14 Z 8 days
Failing since 163327 2021-07-06 12:39:04 Z 7 days 15 attempts
Testing same since 163663 2021-07-13 23:38:00 Z 0 days 1 attempts
------------------------------------------------------------
People who touched revisions under test:
Akihiko Odaki <akihiko.odaki@gmail.com>
Alberto Garcia <berto@igalia.com>
Alex Bennée <alex.bennee@linaro.org>
Alex Williamson <alex.williamson@redhat.com>
Alexandre Iooss <erdnaxe@crans.org>
Alexey Kardashevskiy <aik@ozlabs.ru>
Alistair Francis <alistair.francis@wdc.com>
Andreas Schwab <schwab@suse.de>
Andrew Melnychenko <andrew@daynix.com>
BALATON Zoltan <balaton@eik.bme.hu>
Bharata B Rao <bharata@linux.ibm.com>
Bin Meng <bmeng.cn@gmail.com>
Bruno Larsen (billionai) <bruno.larsen@eldorado.org.br>
Cho, Yu-Chen <acho@suse.com>
Christian Borntraeger <borntraeger@de.ibm.com>
Claudio Fontana <cfontana@suse.de>
Connor Kuehl <ckuehl@redhat.com>
Corey Minyard <cminyard@mvista.com>
Cornelia Huck <cohuck@redhat.com>
Cédric Le Goater <clg@kaod.org>
David Edmondson <david.edmondson@oracle.com>
David Gibson <david@gibson.dropbear.id.au>
David Hildenbrand <david@redhat.com>
Dr. David Alan Gilbert <dgilbert@redhat.com>
Eduardo Habkost <ehabkost@redhat.com>
Eric Blake <eblake@redhat.com>
Fabiano Rosas <farosas@linux.ibm.com>
Finn Thain <fthain@linux-m68k.org>
Gerd Hoffmann <kraxel@redhat.com>
Greg Kurz <groug@kaod.org>
Heinrich Schuchardt <xypron.glpk@gmx.de>
hnick@vmware.com <hnick@vmware.com>
Hubert Jasudowicz <hubert.jasudowicz@gmail.com>
Igor Mammedov <imammedo@redhat.com>
Ilya Dryomov <idryomov@gmail.com>
Jinhua Cao <caojinhua1@huawei.com>
John Arbuckle <programmingkidx@gmail.com>
John Sucaet <john.sucaet@ekinops.com>
Jose R. Ziviani <jziviani@suse.de>
Kevin Wolf <kwolf@redhat.com>
Kito Cheng <kito.cheng@sifive.com>
Lara Lazier <laramglazier@gmail.com>
Laurent Vivier <laurent@vivier.eu>
Laurent Vivier <lvivier@redhat.com>
Li Zhijian <lizhijian@cn.fujitsu.com>
Liren Wei <lrwei@bupt.edu.cn>
Lucas Mateus Castro (alqotel) <lucas.araujo@eldorado.org.br>
Lukas Straub <lukasstraub2@web.de>
Maciej S. Szmigiero <maciej.szmigiero@oracle.com>
Mark Cave-Ayland <mark.cave-ayland@ilande.co.uk>
Mark Nelson <mdnelson8@gmail.com>
Markus Armbruster <armbru@redhat.com>
Mathieu Poirier <mathieu.poirier@linaro.org>
Max Filippov <jcmvbkbc@gmail.com>
Max Reitz <mreitz@redhat.com>
Michael S. Tsirkin <mst@redhat.com>
Miroslav Rezanina <mrezanin@redhat.com>
Nicholas Piggin <npiggin@gmail.com>
Nick Hudson <hnick@vmware.com>
Olaf Hering <olaf@aepfle.de>
Or Ozeri <oro@il.ibm.com>
Owen Anderson <oanderso@google.com>
Paolo Bonzini <pbonzini@redhat.com>
Pavel Dovgalyuk <Pavel.Dovgalyuk@ispras.ru>
Peter Lieven <pl@kamp.de>
Peter Maydell <peter.maydell@linaro.org>
Philippe Mathieu-Daudé <f4bug@amsat.org>
Philippe Mathieu-Daudé <philmd@redhat.com>
Rebecca Cran <rebecca@nuviainc.com>
Ricardo Koller <ricarkol@google.com>
Richard Henderson <richard.henderson@linaro.org>
Stefan Hajnoczi <stefanha@redhat.com>
Stefano Garzarella <sgarzare@redhat.com>
Thomas Huth <thuth@redhat.com>
Titus Rwantare <titusr@google.com>
Ulrich Weigand <ulrich.weigand@de.ibm.com>
Viktor Ashirov <vashirov@redhat.com>
Vincent Bernat <vincent@bernat.ch>
Vladimir Sementsov-Ogievskiy <vsementsov@virtuozzo.com>
jobs:
build-amd64-xsm pass
build-arm64-xsm pass
build-i386-xsm pass
build-amd64 pass
build-arm64 pass
build-armhf pass
build-i386 pass
build-amd64-libvirt pass
build-arm64-libvirt pass
build-armhf-libvirt pass
build-i386-libvirt pass
build-amd64-pvops pass
build-arm64-pvops pass
build-armhf-pvops pass
build-i386-pvops pass
test-amd64-amd64-xl pass
test-amd64-coresched-amd64-xl pass
test-arm64-arm64-xl pass
test-armhf-armhf-xl pass
test-amd64-i386-xl pass
test-amd64-coresched-i386-xl pass
test-amd64-amd64-libvirt-qemuu-debianhvm-amd64-xsm fail
test-amd64-i386-libvirt-qemuu-debianhvm-amd64-xsm fail
test-amd64-amd64-xl-qemuu-debianhvm-i386-xsm fail
test-amd64-i386-xl-qemuu-debianhvm-i386-xsm fail
test-amd64-amd64-libvirt-xsm fail
test-arm64-arm64-libvirt-xsm fail
test-amd64-i386-libvirt-xsm fail
test-amd64-amd64-xl-xsm pass
test-arm64-arm64-xl-xsm pass
test-amd64-i386-xl-xsm pass
test-amd64-amd64-qemuu-nested-amd fail
test-amd64-amd64-xl-pvhv2-amd pass
test-amd64-i386-qemuu-rhel6hvm-amd fail
test-amd64-amd64-dom0pvh-xl-amd pass
test-amd64-amd64-xl-qemuu-debianhvm-amd64 fail
test-amd64-i386-xl-qemuu-debianhvm-amd64 fail
test-amd64-i386-freebsd10-amd64 fail
test-amd64-amd64-qemuu-freebsd11-amd64 fail
test-amd64-amd64-qemuu-freebsd12-amd64 fail
test-amd64-amd64-xl-qemuu-ovmf-amd64 fail
test-amd64-i386-xl-qemuu-ovmf-amd64 fail
test-amd64-amd64-xl-qemuu-win7-amd64 fail
test-amd64-i386-xl-qemuu-win7-amd64 fail
test-amd64-amd64-xl-qemuu-ws16-amd64 fail
test-amd64-i386-xl-qemuu-ws16-amd64 fail
test-armhf-armhf-xl-arndale pass
test-amd64-amd64-xl-credit1 pass
test-arm64-arm64-xl-credit1 pass
test-armhf-armhf-xl-credit1 pass
test-amd64-amd64-xl-credit2 pass
test-arm64-arm64-xl-credit2 pass
test-armhf-armhf-xl-credit2 pass
test-armhf-armhf-xl-cubietruck pass
test-amd64-amd64-xl-qemuu-dmrestrict-amd64-dmrestrict fail
test-amd64-i386-xl-qemuu-dmrestrict-amd64-dmrestrict fail
test-amd64-i386-freebsd10-i386 fail
test-amd64-amd64-qemuu-nested-intel fail
test-amd64-amd64-xl-pvhv2-intel pass
test-amd64-i386-qemuu-rhel6hvm-intel fail
test-amd64-amd64-dom0pvh-xl-intel pass
test-amd64-amd64-libvirt fail
test-armhf-armhf-libvirt fail
test-amd64-i386-libvirt fail
test-amd64-amd64-xl-multivcpu pass
test-armhf-armhf-xl-multivcpu pass
test-amd64-amd64-pair pass
test-amd64-i386-pair pass
test-amd64-amd64-libvirt-pair fail
test-amd64-i386-libvirt-pair fail
test-amd64-amd64-amd64-pvgrub pass
test-amd64-amd64-i386-pvgrub pass
test-amd64-amd64-xl-pvshim pass
test-amd64-i386-xl-pvshim fail
test-amd64-amd64-pygrub pass
test-amd64-amd64-xl-qcow2 fail
test-armhf-armhf-libvirt-raw fail
test-amd64-i386-xl-raw pass
test-amd64-amd64-xl-rtds pass
test-armhf-armhf-xl-rtds pass
test-arm64-arm64-xl-seattle pass
test-amd64-amd64-xl-qemuu-debianhvm-amd64-shadow fail
test-amd64-i386-xl-qemuu-debianhvm-amd64-shadow fail
test-amd64-amd64-xl-shadow pass
test-amd64-i386-xl-shadow pass
test-arm64-arm64-xl-thunderx pass
test-amd64-amd64-libvirt-vhd fail
test-armhf-armhf-xl-vhd fail
------------------------------------------------------------
sg-report-flight on osstest.test-lab.xenproject.org
logs: /home/logs/logs
images: /home/logs/images
Logs, config files, etc. are available at
http://logs.test-lab.xenproject.org/osstest/logs
Explanation of these reports, and of osstest in general, is at
http://xenbits.xen.org/gitweb/?p=osstest.git;a=blob;f=README.email;hb=master
http://xenbits.xen.org/gitweb/?p=osstest.git;a=blob;f=README;hb=master
Test harness code can be found at
http://xenbits.xen.org/gitweb?p=osstest.git;a=summary
Not pushing.
(No revision log; it would be 6651 lines long.)
^ permalink raw reply [flat|nested] only message in thread
only message in thread, other threads:[~2021-07-14 8:56 UTC | newest]
Thread overview: (only message) (download: mbox.gz / follow: Atom feed)
-- links below jump to the message on this page --
2021-07-14 8:56 [qemu-mainline test] 163663: regressions - FAIL osstest service owner
This is a public inbox, see mirroring instructions
for how to clone and mirror all data and code used for this inbox;
as well as URLs for NNTP newsgroup(s).