* [qemu-mainline test] 173230: regressions - FAIL
@ 2022-09-16 15:32 osstest service owner
0 siblings, 0 replies; only message in thread
From: osstest service owner @ 2022-09-16 15:32 UTC (permalink / raw)
To: xen-devel
flight 173230 qemu-mainline real [real]
http://logs.test-lab.xenproject.org/osstest/logs/173230/
Regressions :-(
Tests which did not succeed and are blocking,
including tests which could not be run:
build-amd64-libvirt 6 libvirt-build fail REGR. vs. 172123
build-i386-libvirt 6 libvirt-build fail REGR. vs. 172123
build-arm64-libvirt 6 libvirt-build fail REGR. vs. 172123
build-armhf-libvirt 6 libvirt-build fail REGR. vs. 172123
Tests which are failing intermittently (not blocking):
test-armhf-armhf-xl-rtds 18 guest-start/debian.repeat fail in 173219 pass in 173209
test-amd64-i386-qemuu-rhel6hvm-amd 7 xen-install fail pass in 173200
test-amd64-i386-xl-vhd 21 guest-start/debian.repeat fail pass in 173219
test-armhf-armhf-xl-rtds 14 guest-start fail pass in 173219
Tests which did not succeed, but are not blocking:
test-arm64-arm64-libvirt-raw 1 build-check(1) blocked n/a
test-arm64-arm64-libvirt-xsm 1 build-check(1) blocked n/a
test-armhf-armhf-libvirt 1 build-check(1) blocked n/a
test-armhf-armhf-libvirt-qcow2 1 build-check(1) blocked n/a
test-armhf-armhf-libvirt-raw 1 build-check(1) blocked n/a
test-amd64-i386-libvirt-xsm 1 build-check(1) blocked n/a
test-amd64-i386-libvirt-raw 1 build-check(1) blocked n/a
test-amd64-i386-libvirt-qemuu-debianhvm-amd64-xsm 1 build-check(1) blocked n/a
test-amd64-i386-libvirt-pair 1 build-check(1) blocked n/a
test-amd64-i386-libvirt 1 build-check(1) blocked n/a
test-amd64-amd64-libvirt 1 build-check(1) blocked n/a
test-amd64-amd64-libvirt-pair 1 build-check(1) blocked n/a
test-amd64-amd64-libvirt-qemuu-debianhvm-amd64-xsm 1 build-check(1) blocked n/a
test-amd64-amd64-libvirt-vhd 1 build-check(1) blocked n/a
test-amd64-amd64-libvirt-xsm 1 build-check(1) blocked n/a
test-armhf-armhf-xl-rtds 15 migrate-support-check fail in 173200 never pass
test-armhf-armhf-xl-rtds 16 saverestore-support-check fail in 173200 never pass
test-amd64-amd64-xl-qemuu-win7-amd64 19 guest-stop fail like 172123
test-amd64-i386-xl-qemuu-win7-amd64 19 guest-stop fail like 172123
test-amd64-amd64-qemuu-nested-amd 20 debian-hvm-install/l1/l2 fail like 172123
test-amd64-i386-xl-qemuu-ws16-amd64 19 guest-stop fail like 172123
test-amd64-amd64-xl-qemuu-ws16-amd64 19 guest-stop fail like 172123
test-arm64-arm64-xl-seattle 15 migrate-support-check fail never pass
test-arm64-arm64-xl-seattle 16 saverestore-support-check fail never pass
test-amd64-i386-xl-pvshim 14 guest-start fail never pass
test-arm64-arm64-xl 15 migrate-support-check fail never pass
test-arm64-arm64-xl 16 saverestore-support-check fail never pass
test-arm64-arm64-xl-credit2 15 migrate-support-check fail never pass
test-arm64-arm64-xl-credit2 16 saverestore-support-check fail never pass
test-arm64-arm64-xl-thunderx 15 migrate-support-check fail never pass
test-arm64-arm64-xl-thunderx 16 saverestore-support-check fail never pass
test-arm64-arm64-xl-credit1 15 migrate-support-check fail never pass
test-arm64-arm64-xl-credit1 16 saverestore-support-check fail never pass
test-arm64-arm64-xl-xsm 15 migrate-support-check fail never pass
test-arm64-arm64-xl-xsm 16 saverestore-support-check fail never pass
test-arm64-arm64-xl-vhd 14 migrate-support-check fail never pass
test-arm64-arm64-xl-vhd 15 saverestore-support-check fail never pass
test-armhf-armhf-xl-credit2 15 migrate-support-check fail never pass
test-armhf-armhf-xl-credit2 16 saverestore-support-check fail never pass
test-armhf-armhf-xl-credit1 15 migrate-support-check fail never pass
test-armhf-armhf-xl-credit1 16 saverestore-support-check fail never pass
test-armhf-armhf-xl-multivcpu 15 migrate-support-check fail never pass
test-armhf-armhf-xl-multivcpu 16 saverestore-support-check fail never pass
test-armhf-armhf-xl-arndale 15 migrate-support-check fail never pass
test-armhf-armhf-xl-arndale 16 saverestore-support-check fail never pass
test-armhf-armhf-xl-vhd 14 migrate-support-check fail never pass
test-armhf-armhf-xl-vhd 15 saverestore-support-check fail never pass
test-armhf-armhf-xl 15 migrate-support-check fail never pass
test-armhf-armhf-xl 16 saverestore-support-check fail never pass
test-armhf-armhf-xl-cubietruck 15 migrate-support-check fail never pass
test-armhf-armhf-xl-cubietruck 16 saverestore-support-check fail never pass
version targeted for testing:
qemuu 79dfa177ae348bb5ab5f97c0915359b13d6186e2
baseline version:
qemuu 2480f3bbd03814b0651a1f74959f5c6631ee5819
Last test of basis 172123 2022-08-03 18:10:07 Z 43 days
Failing since 172148 2022-08-04 21:39:38 Z 42 days 97 attempts
Testing same since 173060 2022-09-08 07:34:59 Z 8 days 19 attempts
------------------------------------------------------------
People who touched revisions under test:
Akihiko Odaki <akihiko.odaki@daynix.com>
Akihiko Odaki <akihiko.odaki@gmail.com>
Alex Bennée <alex.bennee@linaro.org>
Alexey Baturo <baturo.alexey@gmail.com>
Alexey Kardashevskiy <aik@ozlabs.ru>
Alistair Francis <alistair.francis@wdc.com>
Andrea Bolognani <abologna@redhat.com>
Anton Kochkov <anton.kochkov@proton.me>
Anup Patel <apatel@ventanamicro.com>
Atish Patra <atish.patra@wdc.com>
Atish Patra <atishp@rivosinc.com>
BALATON Zoltan <balaton@eik.bme.hu>
Bin Meng <bin.meng@windriver.com>
Bin Meng <bmeng.cn@gmail.com>
Christian Borntraeger <borntraeger@linux.ibm.com>
Conor Dooley <conor.dooley@microchip.com>
Cornelia Huck <cohuck@redhat.com>
Cédric Le Goater <clg@kaod.org>
Daniel Henrique Barboza <danielhb413@gmail.com>
Daniel P. Berrangé <berrange@redhat.com>
Dao Lu <daolu@rivosinc.com>
David Hildenbrand <david@redhat.com>
dramforever <dramforever@live.com>
eop Chen <eop.chen@sifive.com>
eopXD <eop.chen@sifive.com>
Eugenio Pérez <eperezma@redhat.com>
Frédéric Pétrot <frederic.petrot@univ-grenoble-alpes.fr>
Gerd Hoffmann <kraxel@redhat.com>
Heiko Stuebner <heiko@sntech.de>
Helge Deller <deller@gmx.de>
Igor Mammedov <imammedo@redhat.com>
Ilya Leoshkevich <iii@linux.ibm.com>
Jason A. Donenfeld <Jason@zx2c4.com>
Jason Wang <jasowang@redhat.com>
John Millikin <john@john-millikin.com>
John Snow <jsnow@redhat.com>
Jonathan Cameron <Jonathan.Cameron@huawei.com>
Junqiang Wang <wangjunqiang@iscas.ac.cn>
Kevin Wolf <kwolf@redhat.com>
Laurent Vivier <laurent@vivier.eu>
Leonardo Bras <leobras@redhat.com>
Lucas Mateus Castro (alqotel) <lucas.araujo@eldorado.org.br>
Marc-André Lureau <marcandre.lureau@redhat.com>
Mark Cave-Ayland <mark.cave-ayland@ilande.co.uk>
Markus Armbruster <armbru@redhat.com>
Matheus Tavares Bernardino <quic_mathbern@quicinc.com>
Michael S. Tsirkin <mst@redhat.com>
Nicholas Piggin <npiggin@gmail.com>
Paolo Bonzini <pbonzini@redhat.com>
Paul Brook <paul@nowt.org>
Pavel Dovgalyuk <Pavel.Dovgalyuk@ispras.ru>
Peter Maydell <peter.maydell@linaro.org>
Philippe Mathieu-Daudé <f4bug@amsat.org>
Priyankar Jain <priyankar.jain@nutanix.com>
Qi Hu <huqi@loongson.cn>
Qiang Liu <cyruscyliu@gmail.com>
Rahul Pathak <rpathak@ventanamicro.com>
Richard Henderson <richard.henderson@linaro.org>
Richard W.M. Jones <rjones@redhat.com>
Samuel Thibault <samuel.thibault@ens-lyon.org>
Song Gao <gaosong@loongson.cn>
Stafford Horne <shorne@gmail.com>
Stefan Hajnoczi <stefanha@redhat.com>
Stefan Weil <sw@weilnetz.de>
Thomas Huth <thuth@redhat.com>
Tomasz Martyniak <gitlab.com/tom4r>
Victor Toso <victortoso@redhat.com>
Vitaly Buka <vitalybuka@google.com>
Vitaly Kuznetsov <vkuznets@redhat.com>
Weiwei Li <liweiwei@iscas.ac.cn>
Wilfred Mallawa <wilfred.mallawa@wdc.com>
Xiaojuan Yang <yangxiaojuan@loongson.cn>
Xuzhou Cheng <xuzhou.cheng@windriver.com>
Yonggang Luo <luoyonggang@gmail.com>
Yueh-Ting (eop) Chen <eop.chen@sifive.com>
Zenghui Yu <yuzenghui@huawei.com>
Zhang Chen <chen.zhang@intel.com>
Zheyu Ma <zheyuma97@gmail.com>
jobs:
build-amd64-xsm pass
build-arm64-xsm pass
build-i386-xsm pass
build-amd64 pass
build-arm64 pass
build-armhf pass
build-i386 pass
build-amd64-libvirt fail
build-arm64-libvirt fail
build-armhf-libvirt fail
build-i386-libvirt fail
build-amd64-pvops pass
build-arm64-pvops pass
build-armhf-pvops pass
build-i386-pvops pass
test-amd64-amd64-xl pass
test-amd64-coresched-amd64-xl pass
test-arm64-arm64-xl pass
test-armhf-armhf-xl pass
test-amd64-i386-xl pass
test-amd64-coresched-i386-xl pass
test-amd64-amd64-libvirt-qemuu-debianhvm-amd64-xsm blocked
test-amd64-i386-libvirt-qemuu-debianhvm-amd64-xsm blocked
test-amd64-amd64-xl-qemuu-debianhvm-i386-xsm pass
test-amd64-i386-xl-qemuu-debianhvm-i386-xsm pass
test-amd64-amd64-libvirt-xsm blocked
test-arm64-arm64-libvirt-xsm blocked
test-amd64-i386-libvirt-xsm blocked
test-amd64-amd64-xl-xsm pass
test-arm64-arm64-xl-xsm pass
test-amd64-i386-xl-xsm pass
test-amd64-amd64-qemuu-nested-amd fail
test-amd64-amd64-xl-pvhv2-amd pass
test-amd64-i386-qemuu-rhel6hvm-amd fail
test-amd64-amd64-dom0pvh-xl-amd pass
test-amd64-amd64-xl-qemuu-debianhvm-amd64 pass
test-amd64-i386-xl-qemuu-debianhvm-amd64 pass
test-amd64-i386-freebsd10-amd64 pass
test-amd64-amd64-qemuu-freebsd11-amd64 pass
test-amd64-amd64-qemuu-freebsd12-amd64 pass
test-amd64-amd64-xl-qemuu-ovmf-amd64 pass
test-amd64-i386-xl-qemuu-ovmf-amd64 pass
test-amd64-amd64-xl-qemuu-win7-amd64 fail
test-amd64-i386-xl-qemuu-win7-amd64 fail
test-amd64-amd64-xl-qemuu-ws16-amd64 fail
test-amd64-i386-xl-qemuu-ws16-amd64 fail
test-armhf-armhf-xl-arndale pass
test-amd64-amd64-xl-credit1 pass
test-arm64-arm64-xl-credit1 pass
test-armhf-armhf-xl-credit1 pass
test-amd64-amd64-xl-credit2 pass
test-arm64-arm64-xl-credit2 pass
test-armhf-armhf-xl-credit2 pass
test-armhf-armhf-xl-cubietruck pass
test-amd64-amd64-xl-qemuu-dmrestrict-amd64-dmrestrict pass
test-amd64-i386-xl-qemuu-dmrestrict-amd64-dmrestrict pass
test-amd64-i386-freebsd10-i386 pass
test-amd64-amd64-qemuu-nested-intel pass
test-amd64-amd64-xl-pvhv2-intel pass
test-amd64-i386-qemuu-rhel6hvm-intel pass
test-amd64-amd64-dom0pvh-xl-intel pass
test-amd64-amd64-libvirt blocked
test-armhf-armhf-libvirt blocked
test-amd64-i386-libvirt blocked
test-amd64-amd64-xl-multivcpu pass
test-armhf-armhf-xl-multivcpu pass
test-amd64-amd64-pair pass
test-amd64-i386-pair pass
test-amd64-amd64-libvirt-pair blocked
test-amd64-i386-libvirt-pair blocked
test-amd64-amd64-xl-pvshim pass
test-amd64-i386-xl-pvshim fail
test-amd64-amd64-pygrub pass
test-armhf-armhf-libvirt-qcow2 blocked
test-amd64-amd64-xl-qcow2 pass
test-arm64-arm64-libvirt-raw blocked
test-armhf-armhf-libvirt-raw blocked
test-amd64-i386-libvirt-raw blocked
test-amd64-amd64-xl-rtds pass
test-armhf-armhf-xl-rtds fail
test-arm64-arm64-xl-seattle pass
test-amd64-amd64-xl-qemuu-debianhvm-amd64-shadow pass
test-amd64-i386-xl-qemuu-debianhvm-amd64-shadow pass
test-amd64-amd64-xl-shadow pass
test-amd64-i386-xl-shadow pass
test-arm64-arm64-xl-thunderx pass
test-amd64-amd64-libvirt-vhd blocked
test-arm64-arm64-xl-vhd pass
test-armhf-armhf-xl-vhd pass
test-amd64-i386-xl-vhd fail
------------------------------------------------------------
sg-report-flight on osstest.test-lab.xenproject.org
logs: /home/logs/logs
images: /home/logs/images
Logs, config files, etc. are available at
http://logs.test-lab.xenproject.org/osstest/logs
Explanation of these reports, and of osstest in general, is at
http://xenbits.xen.org/gitweb/?p=osstest.git;a=blob;f=README.email;hb=master
http://xenbits.xen.org/gitweb/?p=osstest.git;a=blob;f=README;hb=master
Test harness code can be found at
http://xenbits.xen.org/gitweb?p=osstest.git;a=summary
Not pushing.
(No revision log; it would be 7269 lines long.)
^ permalink raw reply [flat|nested] only message in thread
only message in thread, other threads:[~2022-09-16 15:32 UTC | newest]
Thread overview: (only message) (download: mbox.gz / follow: Atom feed)
-- links below jump to the message on this page --
2022-09-16 15:32 [qemu-mainline test] 173230: regressions - FAIL osstest service owner
This is a public inbox, see mirroring instructions
for how to clone and mirror all data and code used for this inbox;
as well as URLs for NNTP newsgroup(s).