* [ovmf test] 173238: regressions - FAIL
@ 2022-09-16 19:48 osstest service owner
0 siblings, 0 replies; only message in thread
From: osstest service owner @ 2022-09-16 19:48 UTC (permalink / raw)
To: xen-devel
flight 173238 ovmf real [real]
http://logs.test-lab.xenproject.org/osstest/logs/173238/
Regressions :-(
Tests which did not succeed and are blocking,
including tests which could not be run:
build-i386-libvirt 6 libvirt-build fail REGR. vs. 172136
build-amd64-libvirt 6 libvirt-build fail REGR. vs. 172136
version targeted for testing:
ovmf 2c17d676e402d75a3a674499342f7ddaccf387bd
baseline version:
ovmf 444260d45ec2a84e8f8c192b3539a3cd5591d009
Last test of basis 172136 2022-08-04 06:43:42 Z 43 days
Failing since 172151 2022-08-05 02:40:28 Z 42 days 322 attempts
Testing same since 173234 2022-09-16 10:42:10 Z 0 days 3 attempts
------------------------------------------------------------
People who touched revisions under test:
"Lee, Chun-Yi" <jlee@suse.com>
Abdul Lateef Attar <abdattar@amd.com>
Abner Chang <abner.chang@amd.com>
Annie Li <annie.li@oracle.com>
Ard Biesheuvel <ardb@kernel.org>
Baraneedharan Anbazhagan <anbazhagan@hp.com>
Bob Feng <bob.c.feng@intel.com>
Bret Barkelew <bret.barkelew@microsoft.com>
Chasel Chiu <chasel.chiu@intel.com>
Chen, Xiao X <xiao.x.chen@intel.com>
Corvin Köhne <c.koehne@beckhoff.com>
Czajkowski, Maciej <maciej.czajkowski@intel.com>
Dimitrije Pavlov <Dimitrije.Pavlov@arm.com>
Dun Tan <dun.tan@intel.com>
Edward Pickup <edward.pickup@arm.com>
Feng, Bob C <bob.c.feng@intel.com>
Foster Nong <foster.nong@intel.com>
Gang Chen <gang.c.chen@intel.com>
Gerd Hoffmann <kraxel@redhat.com>
Gregx Yeh <gregx.yeh@intel.com>
Guo Dong <guo.dong@intel.com>
Heng Luo <heng.luo@intel.com>
Igor Kulchytskyy <igork@ami.com>
James Lu <james.lu@intel.com>
Jeff Brasen <jbrasen@nvidia.com>
Jianyong Wu <jianyong.wu@arm.com>
Jiaxin Wu <jiaxin.wu@intel.com>
Jose Marinho <jose.marinho@arm.com>
KasimX Liu <kasimx.liu@intel.com>
Kavya <k.kavyax.sravanthi@intel.com>
Konstantin Aladyshev <aladyshev22@gmail.com>
Kun Qin <kuqin12@gmail.com>
Kuo, Ted <ted.kuo@intel.com>
Laszlo Ersek <lersek@redhat.com>
Lee, Chun-Yi <joeyli.kernel@gmail.com>
Leif Lindholm <quic_llindhol@quicinc.com>
Liming Gao <gaoliming@byosoft.com.cn>
Liu, Zhiguang <Zhiguang.Liu@intel.com>
Maciej Czajkowski <maciej.czajkowski@intel.com>
Michael D Kinney <michael.d.kinney@intel.com>
Michael Kubacki <michael.kubacki@microsoft.com>
Min M Xu <min.m.xu@intel.com>
Min Xu <min.m.xu@intel.com>
Nickle Wang <nicklew@nvidia.com>
Oliver Steffen <osteffen@redhat.com>
Pierre Gondois <pierre.gondois@arm.com>
Pranav Madhu <pranav.madhu@arm.com>
Ray Ni <ray.ni@intel.com>
Rebecca Cran <rebecca@bsdio.com>
Rebecca Cran <rebecca@quicinc.com>
Rohit Mathew <rohit.mathew@arm.com>
Sainadh Nagolu <sainadhn@ami.com>
Sami Mujawar <sami.mujawar@arm.com>
Sebastien Boeuf <sebastien.boeuf@intel.com>
Shengfengx Xue <shengfengx.xue@intel.com>
Ted Kuo <ted.kuo@intel.com>
Wenyi Xie <xiewenyi2@huawei.com>
Wu, Jiaxin <jiaxin.wu@intel.com>
Xiao X Chen <xiao.x.chen@intel.com>
Yuan Yu <yuanyu@google.com>
Yuanhao Xie <yuanhao.xie@intel.com>
Zhiguang Liu <zhiguang.liu@intel.com>
jobs:
build-amd64-xsm pass
build-i386-xsm pass
build-amd64 pass
build-i386 pass
build-amd64-libvirt fail
build-i386-libvirt fail
build-amd64-pvops pass
build-i386-pvops pass
test-amd64-amd64-xl-qemuu-ovmf-amd64 pass
test-amd64-i386-xl-qemuu-ovmf-amd64 pass
------------------------------------------------------------
sg-report-flight on osstest.test-lab.xenproject.org
logs: /home/logs/logs
images: /home/logs/images
Logs, config files, etc. are available at
http://logs.test-lab.xenproject.org/osstest/logs
Explanation of these reports, and of osstest in general, is at
http://xenbits.xen.org/gitweb/?p=osstest.git;a=blob;f=README.email;hb=master
http://xenbits.xen.org/gitweb/?p=osstest.git;a=blob;f=README;hb=master
Test harness code can be found at
http://xenbits.xen.org/gitweb?p=osstest.git;a=summary
Not pushing.
(No revision log; it would be 2652 lines long.)
^ permalink raw reply [flat|nested] only message in thread
only message in thread, other threads:[~2022-09-16 19:48 UTC | newest]
Thread overview: (only message) (download: mbox.gz / follow: Atom feed)
-- links below jump to the message on this page --
2022-09-16 19:48 [ovmf test] 173238: regressions - FAIL osstest service owner
This is a public inbox, see mirroring instructions
for how to clone and mirror all data and code used for this inbox;
as well as URLs for NNTP newsgroup(s).