* [linux-5.4 test] 173242: regressions - trouble: blocked/broken/fail/pass
@ 2022-09-17 4:44 osstest service owner
0 siblings, 0 replies; only message in thread
From: osstest service owner @ 2022-09-17 4:44 UTC (permalink / raw)
To: xen-devel
flight 173242 linux-5.4 real [real]
http://logs.test-lab.xenproject.org/osstest/logs/173242/
Regressions :-(
Tests which did not succeed and are blocking,
including tests which could not be run:
build-armhf <job status> broken
build-armhf 5 host-build-prep fail REGR. vs. 172128
build-i386-libvirt 6 libvirt-build fail in 173235 REGR. vs. 172128
build-amd64-libvirt 6 libvirt-build fail in 173235 REGR. vs. 172128
build-arm64-libvirt 6 libvirt-build fail in 173235 REGR. vs. 172128
build-armhf-libvirt 6 libvirt-build fail in 173235 REGR. vs. 172128
Tests which are failing intermittently (not blocking):
test-amd64-i386-xl-qemuu-debianhvm-amd64 7 xen-install fail pass in 173235
test-amd64-amd64-dom0pvh-xl-amd 22 guest-start/debian.repeat fail pass in 173235
Tests which did not succeed, but are not blocking:
test-amd64-i386-libvirt-qemuu-debianhvm-amd64-xsm 1 build-check(1) blocked in 173235 n/a
test-amd64-amd64-libvirt-pair 1 build-check(1) blocked in 173235 n/a
test-amd64-i386-libvirt-xsm 1 build-check(1) blocked in 173235 n/a
test-amd64-amd64-libvirt-qemuu-debianhvm-amd64-xsm 1 build-check(1) blocked in 173235 n/a
test-arm64-arm64-libvirt-xsm 1 build-check(1) blocked in 173235 n/a
test-arm64-arm64-libvirt-raw 1 build-check(1) blocked in 173235 n/a
test-amd64-i386-libvirt-raw 1 build-check(1) blocked in 173235 n/a
test-amd64-amd64-libvirt 1 build-check(1) blocked in 173235 n/a
test-amd64-i386-libvirt 1 build-check(1) blocked in 173235 n/a
test-amd64-amd64-libvirt-vhd 1 build-check(1) blocked in 173235 n/a
test-amd64-amd64-libvirt-xsm 1 build-check(1) blocked in 173235 n/a
test-amd64-i386-libvirt-pair 1 build-check(1) blocked in 173235 n/a
build-armhf-libvirt 1 build-check(1) blocked n/a
test-armhf-armhf-examine 1 build-check(1) blocked n/a
test-armhf-armhf-libvirt 1 build-check(1) blocked n/a
test-armhf-armhf-libvirt-qcow2 1 build-check(1) blocked n/a
test-armhf-armhf-libvirt-raw 1 build-check(1) blocked n/a
test-armhf-armhf-xl 1 build-check(1) blocked n/a
test-armhf-armhf-xl-arndale 1 build-check(1) blocked n/a
test-armhf-armhf-xl-credit1 1 build-check(1) blocked n/a
test-armhf-armhf-xl-credit2 1 build-check(1) blocked n/a
test-armhf-armhf-xl-cubietruck 1 build-check(1) blocked n/a
test-armhf-armhf-xl-multivcpu 1 build-check(1) blocked n/a
test-armhf-armhf-xl-rtds 1 build-check(1) blocked n/a
test-armhf-armhf-xl-vhd 1 build-check(1) blocked n/a
test-armhf-armhf-xl-credit1 18 guest-start/debian.repeat fail in 173235 blocked in 172128
test-armhf-armhf-xl-multivcpu 18 guest-start/debian.repeat fail in 173235 like 172108
test-armhf-armhf-xl-vhd 13 guest-start fail in 173235 like 172108
test-armhf-armhf-xl-credit2 14 guest-start fail in 173235 like 172128
test-armhf-armhf-xl-rtds 18 guest-start/debian.repeat fail in 173235 like 172128
test-armhf-armhf-xl-multivcpu 15 migrate-support-check fail in 173235 never pass
test-armhf-armhf-xl-multivcpu 16 saverestore-support-check fail in 173235 never pass
test-armhf-armhf-xl 15 migrate-support-check fail in 173235 never pass
test-armhf-armhf-xl 16 saverestore-support-check fail in 173235 never pass
test-armhf-armhf-xl-cubietruck 15 migrate-support-check fail in 173235 never pass
test-armhf-armhf-xl-cubietruck 16 saverestore-support-check fail in 173235 never pass
test-armhf-armhf-xl-arndale 15 migrate-support-check fail in 173235 never pass
test-armhf-armhf-xl-arndale 16 saverestore-support-check fail in 173235 never pass
test-armhf-armhf-xl-credit1 15 migrate-support-check fail in 173235 never pass
test-armhf-armhf-xl-credit1 16 saverestore-support-check fail in 173235 never pass
test-armhf-armhf-xl-rtds 15 migrate-support-check fail in 173235 never pass
test-armhf-armhf-xl-rtds 16 saverestore-support-check fail in 173235 never pass
test-amd64-amd64-xl-qemut-ws16-amd64 19 guest-stop fail like 172108
test-amd64-amd64-xl-qemuu-win7-amd64 19 guest-stop fail like 172128
test-amd64-i386-xl-qemut-win7-amd64 19 guest-stop fail like 172128
test-amd64-i386-xl-qemuu-win7-amd64 19 guest-stop fail like 172128
test-amd64-amd64-xl-qemut-win7-amd64 19 guest-stop fail like 172128
test-amd64-amd64-xl-qemuu-ws16-amd64 19 guest-stop fail like 172128
test-amd64-amd64-qemuu-nested-amd 20 debian-hvm-install/l1/l2 fail like 172128
test-amd64-i386-xl-qemut-ws16-amd64 19 guest-stop fail like 172128
test-amd64-i386-xl-qemuu-ws16-amd64 19 guest-stop fail like 172128
test-amd64-amd64-libvirt-xsm 15 migrate-support-check fail never pass
test-amd64-amd64-libvirt 15 migrate-support-check fail never pass
test-amd64-i386-libvirt-xsm 15 migrate-support-check fail never pass
test-amd64-i386-xl-pvshim 14 guest-start fail never pass
test-amd64-i386-libvirt 15 migrate-support-check fail never pass
test-arm64-arm64-libvirt-xsm 15 migrate-support-check fail never pass
test-arm64-arm64-libvirt-xsm 16 saverestore-support-check fail never pass
test-arm64-arm64-xl-seattle 15 migrate-support-check fail never pass
test-arm64-arm64-xl-seattle 16 saverestore-support-check fail never pass
test-amd64-i386-libvirt-qemuu-debianhvm-amd64-xsm 13 migrate-support-check fail never pass
test-amd64-amd64-libvirt-qemuu-debianhvm-amd64-xsm 13 migrate-support-check fail never pass
test-amd64-i386-libvirt-raw 14 migrate-support-check fail never pass
test-arm64-arm64-xl 15 migrate-support-check fail never pass
test-arm64-arm64-xl-credit1 15 migrate-support-check fail never pass
test-arm64-arm64-xl 16 saverestore-support-check fail never pass
test-arm64-arm64-xl-credit1 16 saverestore-support-check fail never pass
test-arm64-arm64-xl-xsm 15 migrate-support-check fail never pass
test-arm64-arm64-xl-xsm 16 saverestore-support-check fail never pass
test-arm64-arm64-xl-credit2 15 migrate-support-check fail never pass
test-arm64-arm64-xl-credit2 16 saverestore-support-check fail never pass
test-arm64-arm64-xl-thunderx 15 migrate-support-check fail never pass
test-arm64-arm64-xl-thunderx 16 saverestore-support-check fail never pass
test-amd64-amd64-libvirt-vhd 14 migrate-support-check fail never pass
test-arm64-arm64-libvirt-raw 14 migrate-support-check fail never pass
test-arm64-arm64-libvirt-raw 15 saverestore-support-check fail never pass
test-arm64-arm64-xl-vhd 14 migrate-support-check fail never pass
test-arm64-arm64-xl-vhd 15 saverestore-support-check fail never pass
version targeted for testing:
linux 7e17397001a93541ffefdef553a3d541f9c1c8f8
baseline version:
linux 8d8935e76f6f419ef2f7617de252f258b6a597d3
Last test of basis 172128 2022-08-04 02:00:25 Z 44 days
Failing since 172384 2022-08-11 11:13:58 Z 36 days 79 attempts
Testing same since 173213 2022-09-15 15:14:56 Z 1 days 4 attempts
------------------------------------------------------------
544 people touched revisions under test,
not listing them all
jobs:
build-amd64-xsm pass
build-arm64-xsm pass
build-i386-xsm pass
build-amd64 pass
build-arm64 pass
build-armhf broken
build-i386 pass
build-amd64-libvirt pass
build-arm64-libvirt pass
build-armhf-libvirt blocked
build-i386-libvirt pass
build-amd64-pvops pass
build-arm64-pvops pass
build-armhf-pvops pass
build-i386-pvops pass
test-amd64-amd64-xl pass
test-amd64-coresched-amd64-xl pass
test-arm64-arm64-xl pass
test-armhf-armhf-xl blocked
test-amd64-i386-xl pass
test-amd64-coresched-i386-xl pass
test-amd64-amd64-libvirt-qemuu-debianhvm-amd64-xsm pass
test-amd64-i386-libvirt-qemuu-debianhvm-amd64-xsm pass
test-amd64-amd64-xl-qemut-stubdom-debianhvm-amd64-xsm pass
test-amd64-i386-xl-qemut-stubdom-debianhvm-amd64-xsm pass
test-amd64-amd64-xl-qemut-debianhvm-i386-xsm pass
test-amd64-i386-xl-qemut-debianhvm-i386-xsm pass
test-amd64-amd64-xl-qemuu-debianhvm-i386-xsm pass
test-amd64-i386-xl-qemuu-debianhvm-i386-xsm pass
test-amd64-amd64-libvirt-xsm pass
test-arm64-arm64-libvirt-xsm pass
test-amd64-i386-libvirt-xsm pass
test-amd64-amd64-xl-xsm pass
test-arm64-arm64-xl-xsm pass
test-amd64-i386-xl-xsm pass
test-amd64-amd64-qemuu-nested-amd fail
test-amd64-amd64-xl-pvhv2-amd pass
test-amd64-i386-qemut-rhel6hvm-amd pass
test-amd64-i386-qemuu-rhel6hvm-amd pass
test-amd64-amd64-dom0pvh-xl-amd fail
test-amd64-amd64-xl-qemut-debianhvm-amd64 pass
test-amd64-i386-xl-qemut-debianhvm-amd64 pass
test-amd64-amd64-xl-qemuu-debianhvm-amd64 pass
test-amd64-i386-xl-qemuu-debianhvm-amd64 fail
test-amd64-i386-freebsd10-amd64 pass
test-amd64-amd64-qemuu-freebsd11-amd64 pass
test-amd64-amd64-qemuu-freebsd12-amd64 pass
test-amd64-amd64-xl-qemuu-ovmf-amd64 pass
test-amd64-i386-xl-qemuu-ovmf-amd64 pass
test-amd64-amd64-xl-qemut-win7-amd64 fail
test-amd64-i386-xl-qemut-win7-amd64 fail
test-amd64-amd64-xl-qemuu-win7-amd64 fail
test-amd64-i386-xl-qemuu-win7-amd64 fail
test-amd64-amd64-xl-qemut-ws16-amd64 fail
test-amd64-i386-xl-qemut-ws16-amd64 fail
test-amd64-amd64-xl-qemuu-ws16-amd64 fail
test-amd64-i386-xl-qemuu-ws16-amd64 fail
test-armhf-armhf-xl-arndale blocked
test-amd64-amd64-examine-bios pass
test-amd64-i386-examine-bios pass
test-amd64-amd64-xl-credit1 pass
test-arm64-arm64-xl-credit1 pass
test-armhf-armhf-xl-credit1 blocked
test-amd64-amd64-xl-credit2 pass
test-arm64-arm64-xl-credit2 pass
test-armhf-armhf-xl-credit2 blocked
test-armhf-armhf-xl-cubietruck blocked
test-amd64-amd64-xl-qemuu-dmrestrict-amd64-dmrestrict pass
test-amd64-i386-xl-qemuu-dmrestrict-amd64-dmrestrict pass
test-amd64-amd64-examine pass
test-arm64-arm64-examine pass
test-armhf-armhf-examine blocked
test-amd64-i386-examine pass
test-amd64-i386-freebsd10-i386 pass
test-amd64-amd64-qemuu-nested-intel pass
test-amd64-amd64-xl-pvhv2-intel pass
test-amd64-i386-qemut-rhel6hvm-intel pass
test-amd64-i386-qemuu-rhel6hvm-intel pass
test-amd64-amd64-dom0pvh-xl-intel pass
test-amd64-amd64-libvirt pass
test-armhf-armhf-libvirt blocked
test-amd64-i386-libvirt pass
test-amd64-amd64-xl-multivcpu pass
test-armhf-armhf-xl-multivcpu blocked
test-amd64-amd64-pair pass
test-amd64-i386-pair pass
test-amd64-amd64-libvirt-pair pass
test-amd64-i386-libvirt-pair pass
test-amd64-amd64-xl-pvshim pass
test-amd64-i386-xl-pvshim fail
test-amd64-amd64-pygrub pass
test-armhf-armhf-libvirt-qcow2 blocked
test-amd64-amd64-xl-qcow2 pass
test-arm64-arm64-libvirt-raw pass
test-armhf-armhf-libvirt-raw blocked
test-amd64-i386-libvirt-raw pass
test-amd64-amd64-xl-rtds pass
test-armhf-armhf-xl-rtds blocked
test-arm64-arm64-xl-seattle pass
test-amd64-amd64-xl-qemuu-debianhvm-amd64-shadow pass
test-amd64-i386-xl-qemuu-debianhvm-amd64-shadow pass
test-amd64-amd64-xl-shadow pass
test-amd64-i386-xl-shadow pass
test-arm64-arm64-xl-thunderx pass
test-amd64-amd64-examine-uefi pass
test-amd64-i386-examine-uefi pass
test-amd64-amd64-libvirt-vhd pass
test-arm64-arm64-xl-vhd pass
test-armhf-armhf-xl-vhd blocked
test-amd64-i386-xl-vhd pass
------------------------------------------------------------
sg-report-flight on osstest.test-lab.xenproject.org
logs: /home/logs/logs
images: /home/logs/images
Logs, config files, etc. are available at
http://logs.test-lab.xenproject.org/osstest/logs
Explanation of these reports, and of osstest in general, is at
http://xenbits.xen.org/gitweb/?p=osstest.git;a=blob;f=README.email;hb=master
http://xenbits.xen.org/gitweb/?p=osstest.git;a=blob;f=README;hb=master
Test harness code can be found at
http://xenbits.xen.org/gitweb?p=osstest.git;a=summary
broken-job build-armhf broken
Not pushing.
(No revision log; it would be 17161 lines long.)
^ permalink raw reply [flat|nested] only message in thread
only message in thread, other threads:[~2022-09-17 4:44 UTC | newest]
Thread overview: (only message) (download: mbox.gz / follow: Atom feed)
-- links below jump to the message on this page --
2022-09-17 4:44 [linux-5.4 test] 173242: regressions - trouble: blocked/broken/fail/pass osstest service owner
This is a public inbox, see mirroring instructions
for how to clone and mirror all data and code used for this inbox;
as well as URLs for NNTP newsgroup(s).