* [libvirt test] 173274: tolerable FAIL - PUSHED
@ 2022-09-22 13:08 osstest service owner
0 siblings, 0 replies; only message in thread
From: osstest service owner @ 2022-09-22 13:08 UTC (permalink / raw)
To: xen-devel
flight 173274 libvirt real [real]
flight 173277 libvirt real-retest [real]
http://logs.test-lab.xenproject.org/osstest/logs/173274/
http://logs.test-lab.xenproject.org/osstest/logs/173277/
Failures :-/ but no regressions.
Tests which are failing intermittently (not blocking):
test-amd64-amd64-libvirt-qemuu-debianhvm-amd64-xsm 19 guest-start.2 fail pass in 173277-retest
test-arm64-arm64-libvirt-qcow2 12 debian-di-install fail pass in 173277-retest
Tests which did not succeed, but are not blocking:
test-arm64-arm64-libvirt-qcow2 14 migrate-support-check fail in 173277 never pass
test-arm64-arm64-libvirt-qcow2 15 saverestore-support-check fail in 173277 never pass
test-armhf-armhf-libvirt 16 saverestore-support-check fail like 173266
test-armhf-armhf-libvirt-raw 15 saverestore-support-check fail like 173266
test-armhf-armhf-libvirt-qcow2 15 saverestore-support-check fail like 173266
test-amd64-i386-libvirt-qemuu-debianhvm-amd64-xsm 13 migrate-support-check fail never pass
test-amd64-amd64-libvirt 15 migrate-support-check fail never pass
test-amd64-i386-libvirt 15 migrate-support-check fail never pass
test-amd64-amd64-libvirt-xsm 15 migrate-support-check fail never pass
test-amd64-i386-libvirt-xsm 15 migrate-support-check fail never pass
test-arm64-arm64-libvirt-xsm 15 migrate-support-check fail never pass
test-arm64-arm64-libvirt-xsm 16 saverestore-support-check fail never pass
test-arm64-arm64-libvirt 15 migrate-support-check fail never pass
test-arm64-arm64-libvirt 16 saverestore-support-check fail never pass
test-amd64-amd64-libvirt-vhd 14 migrate-support-check fail never pass
test-amd64-amd64-libvirt-qemuu-debianhvm-amd64-xsm 13 migrate-support-check fail never pass
test-amd64-i386-libvirt-raw 14 migrate-support-check fail never pass
test-arm64-arm64-libvirt-raw 14 migrate-support-check fail never pass
test-arm64-arm64-libvirt-raw 15 saverestore-support-check fail never pass
test-armhf-armhf-libvirt 15 migrate-support-check fail never pass
test-armhf-armhf-libvirt-raw 14 migrate-support-check fail never pass
test-armhf-armhf-libvirt-qcow2 14 migrate-support-check fail never pass
version targeted for testing:
libvirt 8496880866415a5673715ffa0e4720efb4274c22
baseline version:
libvirt 0eeb4a1775175328a7eb45fad73cd832472c70d9
Last test of basis 173266 2022-09-21 04:18:49 Z 1 days
Testing same since 173274 2022-09-22 04:20:17 Z 0 days 1 attempts
------------------------------------------------------------
People who touched revisions under test:
Daniel P. Berrangé <berrange@redhat.com>
jobs:
build-amd64-xsm pass
build-arm64-xsm pass
build-i386-xsm pass
build-amd64 pass
build-arm64 pass
build-armhf pass
build-i386 pass
build-amd64-libvirt pass
build-arm64-libvirt pass
build-armhf-libvirt pass
build-i386-libvirt pass
build-amd64-pvops pass
build-arm64-pvops pass
build-armhf-pvops pass
build-i386-pvops pass
test-amd64-amd64-libvirt-qemuu-debianhvm-amd64-xsm fail
test-amd64-i386-libvirt-qemuu-debianhvm-amd64-xsm pass
test-amd64-amd64-libvirt-xsm pass
test-arm64-arm64-libvirt-xsm pass
test-amd64-i386-libvirt-xsm pass
test-amd64-amd64-libvirt pass
test-arm64-arm64-libvirt pass
test-armhf-armhf-libvirt pass
test-amd64-i386-libvirt pass
test-amd64-amd64-libvirt-pair pass
test-amd64-i386-libvirt-pair pass
test-arm64-arm64-libvirt-qcow2 fail
test-armhf-armhf-libvirt-qcow2 pass
test-arm64-arm64-libvirt-raw pass
test-armhf-armhf-libvirt-raw pass
test-amd64-i386-libvirt-raw pass
test-amd64-amd64-libvirt-vhd pass
------------------------------------------------------------
sg-report-flight on osstest.test-lab.xenproject.org
logs: /home/logs/logs
images: /home/logs/images
Logs, config files, etc. are available at
http://logs.test-lab.xenproject.org/osstest/logs
Explanation of these reports, and of osstest in general, is at
http://xenbits.xen.org/gitweb/?p=osstest.git;a=blob;f=README.email;hb=master
http://xenbits.xen.org/gitweb/?p=osstest.git;a=blob;f=README;hb=master
Test harness code can be found at
http://xenbits.xen.org/gitweb?p=osstest.git;a=summary
Pushing revision :
To xenbits.xen.org:/home/xen/git/libvirt.git
0eeb4a1775..8496880866 8496880866415a5673715ffa0e4720efb4274c22 -> xen-tested-master
^ permalink raw reply [flat|nested] only message in thread
only message in thread, other threads:[~2022-09-22 13:09 UTC | newest]
Thread overview: (only message) (download: mbox.gz / follow: Atom feed)
-- links below jump to the message on this page --
2022-09-22 13:08 [libvirt test] 173274: tolerable FAIL - PUSHED osstest service owner
This is a public inbox, see mirroring instructions
for how to clone and mirror all data and code used for this inbox;
as well as URLs for NNTP newsgroup(s).