* [linux-linus test] 175966: regressions - FAIL
@ 2023-01-19 17:04 osstest service owner
0 siblings, 0 replies; only message in thread
From: osstest service owner @ 2023-01-19 17:04 UTC (permalink / raw)
To: xen-devel
flight 175966 linux-linus real [real]
http://logs.test-lab.xenproject.org/osstest/logs/175966/
Regressions :-(
Tests which did not succeed and are blocking,
including tests which could not be run:
test-amd64-amd64-xl-qemut-debianhvm-amd64 8 xen-boot fail REGR. vs. 173462
test-arm64-arm64-examine 8 reboot fail REGR. vs. 173462
test-arm64-arm64-xl-seattle 8 xen-boot fail REGR. vs. 173462
test-arm64-arm64-xl-vhd 8 xen-boot fail REGR. vs. 173462
test-arm64-arm64-libvirt-raw 8 xen-boot fail REGR. vs. 173462
test-arm64-arm64-xl-xsm 8 xen-boot fail REGR. vs. 173462
test-arm64-arm64-xl-credit2 8 xen-boot fail REGR. vs. 173462
test-armhf-armhf-xl-arndale 8 xen-boot fail REGR. vs. 173462
test-armhf-armhf-xl-credit2 8 xen-boot fail REGR. vs. 173462
test-armhf-armhf-xl-multivcpu 8 xen-boot fail REGR. vs. 173462
test-armhf-armhf-xl-credit1 8 xen-boot fail REGR. vs. 173462
test-armhf-armhf-xl-vhd 8 xen-boot fail REGR. vs. 173462
test-amd64-amd64-xl-vhd 21 guest-start/debian.repeat fail REGR. vs. 173462
test-arm64-arm64-libvirt-xsm 8 xen-boot fail REGR. vs. 173462
test-arm64-arm64-xl-credit1 8 xen-boot fail REGR. vs. 173462
test-arm64-arm64-xl 8 xen-boot fail REGR. vs. 173462
test-armhf-armhf-libvirt-qcow2 8 xen-boot fail REGR. vs. 173462
test-armhf-armhf-xl 8 xen-boot fail REGR. vs. 173462
test-armhf-armhf-libvirt 8 xen-boot fail REGR. vs. 173462
test-armhf-armhf-examine 8 reboot fail REGR. vs. 173462
test-armhf-armhf-libvirt-raw 8 xen-boot fail REGR. vs. 173462
Regressions which are regarded as allowable (not blocking):
test-armhf-armhf-xl-rtds 8 xen-boot fail REGR. vs. 173462
Tests which did not succeed, but are not blocking:
test-amd64-amd64-xl-qemut-win7-amd64 19 guest-stop fail like 173462
test-amd64-amd64-xl-qemuu-win7-amd64 19 guest-stop fail like 173462
test-amd64-amd64-qemuu-nested-amd 20 debian-hvm-install/l1/l2 fail like 173462
test-amd64-amd64-xl-qemuu-ws16-amd64 19 guest-stop fail like 173462
test-amd64-amd64-xl-qemut-ws16-amd64 19 guest-stop fail like 173462
test-amd64-amd64-libvirt-raw 14 migrate-support-check fail never pass
test-amd64-amd64-libvirt-xsm 15 migrate-support-check fail never pass
test-amd64-amd64-libvirt-qcow2 14 migrate-support-check fail never pass
test-amd64-amd64-libvirt 15 migrate-support-check fail never pass
test-amd64-amd64-libvirt-qemuu-debianhvm-amd64-xsm 13 migrate-support-check fail never pass
test-arm64-arm64-xl-thunderx 15 migrate-support-check fail never pass
test-arm64-arm64-xl-thunderx 16 saverestore-support-check fail never pass
test-armhf-armhf-xl-cubietruck 15 migrate-support-check fail never pass
test-armhf-armhf-xl-cubietruck 16 saverestore-support-check fail never pass
version targeted for testing:
linux 7287904c8771b77b9504f53623bb477065c19a58
baseline version:
linux 9d84bb40bcb30a7fa16f33baa967aeb9953dda78
Last test of basis 173462 2022-10-07 18:41:45 Z 103 days
Failing since 173470 2022-10-08 06:21:34 Z 103 days 211 attempts
Testing same since 175966 2023-01-19 03:13:54 Z 0 days 1 attempts
------------------------------------------------------------
3375 people touched revisions under test,
not listing them all
jobs:
build-amd64-xsm pass
build-arm64-xsm pass
build-i386-xsm pass
build-amd64 pass
build-arm64 pass
build-armhf pass
build-i386 pass
build-amd64-libvirt pass
build-arm64-libvirt pass
build-armhf-libvirt pass
build-i386-libvirt pass
build-amd64-pvops pass
build-arm64-pvops pass
build-armhf-pvops pass
build-i386-pvops pass
test-amd64-amd64-xl pass
test-amd64-coresched-amd64-xl pass
test-arm64-arm64-xl fail
test-armhf-armhf-xl fail
test-amd64-amd64-libvirt-qemuu-debianhvm-amd64-xsm pass
test-amd64-amd64-xl-qemut-stubdom-debianhvm-amd64-xsm pass
test-amd64-amd64-xl-qemut-debianhvm-i386-xsm pass
test-amd64-amd64-xl-qemuu-debianhvm-i386-xsm pass
test-amd64-amd64-libvirt-xsm pass
test-arm64-arm64-libvirt-xsm fail
test-amd64-amd64-xl-xsm pass
test-arm64-arm64-xl-xsm fail
test-amd64-amd64-qemuu-nested-amd fail
test-amd64-amd64-xl-pvhv2-amd pass
test-amd64-amd64-dom0pvh-xl-amd pass
test-amd64-amd64-xl-qemut-debianhvm-amd64 fail
test-amd64-amd64-xl-qemuu-debianhvm-amd64 pass
test-amd64-amd64-freebsd11-amd64 pass
test-amd64-amd64-freebsd12-amd64 pass
test-amd64-amd64-xl-qemuu-ovmf-amd64 pass
test-amd64-amd64-xl-qemut-win7-amd64 fail
test-amd64-amd64-xl-qemuu-win7-amd64 fail
test-amd64-amd64-xl-qemut-ws16-amd64 fail
test-amd64-amd64-xl-qemuu-ws16-amd64 fail
test-armhf-armhf-xl-arndale fail
test-amd64-amd64-examine-bios pass
test-amd64-amd64-xl-credit1 pass
test-arm64-arm64-xl-credit1 fail
test-armhf-armhf-xl-credit1 fail
test-amd64-amd64-xl-credit2 pass
test-arm64-arm64-xl-credit2 fail
test-armhf-armhf-xl-credit2 fail
test-armhf-armhf-xl-cubietruck pass
test-amd64-amd64-xl-qemuu-dmrestrict-amd64-dmrestrict pass
test-amd64-amd64-examine pass
test-arm64-arm64-examine fail
test-armhf-armhf-examine fail
test-amd64-amd64-qemuu-nested-intel pass
test-amd64-amd64-xl-pvhv2-intel pass
test-amd64-amd64-dom0pvh-xl-intel pass
test-amd64-amd64-libvirt pass
test-armhf-armhf-libvirt fail
test-amd64-amd64-xl-multivcpu pass
test-armhf-armhf-xl-multivcpu fail
test-amd64-amd64-pair pass
test-amd64-amd64-libvirt-pair pass
test-amd64-amd64-xl-pvshim pass
test-amd64-amd64-pygrub pass
test-amd64-amd64-libvirt-qcow2 pass
test-armhf-armhf-libvirt-qcow2 fail
test-amd64-amd64-libvirt-raw pass
test-arm64-arm64-libvirt-raw fail
test-armhf-armhf-libvirt-raw fail
test-amd64-amd64-xl-rtds pass
test-armhf-armhf-xl-rtds fail
test-arm64-arm64-xl-seattle fail
test-amd64-amd64-xl-qemuu-debianhvm-amd64-shadow pass
test-amd64-amd64-xl-shadow pass
test-arm64-arm64-xl-thunderx pass
test-amd64-amd64-examine-uefi pass
test-amd64-amd64-xl-vhd fail
test-arm64-arm64-xl-vhd fail
test-armhf-armhf-xl-vhd fail
------------------------------------------------------------
sg-report-flight on osstest.test-lab.xenproject.org
logs: /home/logs/logs
images: /home/logs/images
Logs, config files, etc. are available at
http://logs.test-lab.xenproject.org/osstest/logs
Explanation of these reports, and of osstest in general, is at
http://xenbits.xen.org/gitweb/?p=osstest.git;a=blob;f=README.email;hb=master
http://xenbits.xen.org/gitweb/?p=osstest.git;a=blob;f=README;hb=master
Test harness code can be found at
http://xenbits.xen.org/gitweb?p=osstest.git;a=summary
Not pushing.
(No revision log; it would be 516750 lines long.)
^ permalink raw reply [flat|nested] only message in thread
only message in thread, other threads:[~2023-01-19 17:05 UTC | newest]
Thread overview: (only message) (download: mbox.gz / follow: Atom feed)
-- links below jump to the message on this page --
2023-01-19 17:04 [linux-linus test] 175966: regressions - FAIL osstest service owner
This is a public inbox, see mirroring instructions
for how to clone and mirror all data and code used for this inbox;
as well as URLs for NNTP newsgroup(s).