* [xen-unstable test] 179649: regressions - trouble: fail/pass/starved
@ 2023-03-16 6:28 osstest service owner
0 siblings, 0 replies; only message in thread
From: osstest service owner @ 2023-03-16 6:28 UTC (permalink / raw)
To: xen-devel
flight 179649 xen-unstable real [real]
flight 179664 xen-unstable real-retest [real]
http://logs.test-lab.xenproject.org/osstest/logs/179649/
http://logs.test-lab.xenproject.org/osstest/logs/179664/
Regressions :-(
Tests which did not succeed and are blocking,
including tests which could not be run:
test-amd64-i386-libvirt-pair 10 xen-install/src_host fail REGR. vs. 179633
Tests which are failing intermittently (not blocking):
test-amd64-i386-xl-vhd 7 xen-install fail pass in 179664-retest
test-amd64-i386-pair 11 xen-install/dst_host fail pass in 179664-retest
Tests which did not succeed, but are not blocking:
test-amd64-amd64-xl-qemut-win7-amd64 19 guest-stop fail like 179633
test-amd64-i386-xl-qemuu-win7-amd64 19 guest-stop fail like 179633
test-amd64-amd64-xl-qemuu-ws16-amd64 19 guest-stop fail like 179633
test-amd64-i386-xl-qemut-ws16-amd64 19 guest-stop fail like 179633
test-amd64-i386-xl-qemut-win7-amd64 19 guest-stop fail like 179633
test-amd64-amd64-qemuu-nested-amd 20 debian-hvm-install/l1/l2 fail like 179633
test-amd64-amd64-xl-qemut-ws16-amd64 19 guest-stop fail like 179633
test-amd64-i386-xl-qemuu-ws16-amd64 19 guest-stop fail like 179633
test-amd64-amd64-xl-qemuu-win7-amd64 19 guest-stop fail like 179633
test-amd64-i386-xl-pvshim 14 guest-start fail never pass
test-amd64-amd64-libvirt-xsm 15 migrate-support-check fail never pass
test-amd64-amd64-libvirt 15 migrate-support-check fail never pass
test-amd64-i386-libvirt-xsm 15 migrate-support-check fail never pass
test-arm64-arm64-xl-credit1 15 migrate-support-check fail never pass
test-arm64-arm64-xl-credit1 16 saverestore-support-check fail never pass
test-arm64-arm64-xl-thunderx 15 migrate-support-check fail never pass
test-arm64-arm64-xl-thunderx 16 saverestore-support-check fail never pass
test-arm64-arm64-xl 15 migrate-support-check fail never pass
test-arm64-arm64-xl 16 saverestore-support-check fail never pass
test-arm64-arm64-xl-xsm 15 migrate-support-check fail never pass
test-arm64-arm64-xl-xsm 16 saverestore-support-check fail never pass
test-arm64-arm64-xl-credit2 15 migrate-support-check fail never pass
test-arm64-arm64-libvirt-xsm 15 migrate-support-check fail never pass
test-arm64-arm64-xl-credit2 16 saverestore-support-check fail never pass
test-arm64-arm64-libvirt-xsm 16 saverestore-support-check fail never pass
test-amd64-amd64-libvirt-qemuu-debianhvm-amd64-xsm 13 migrate-support-check fail never pass
test-amd64-i386-libvirt-qemuu-debianhvm-amd64-xsm 13 migrate-support-check fail never pass
test-amd64-i386-libvirt-raw 14 migrate-support-check fail never pass
test-amd64-amd64-libvirt-vhd 14 migrate-support-check fail never pass
test-arm64-arm64-xl-vhd 14 migrate-support-check fail never pass
test-arm64-arm64-xl-vhd 15 saverestore-support-check fail never pass
test-arm64-arm64-libvirt-raw 14 migrate-support-check fail never pass
test-arm64-arm64-libvirt-raw 15 saverestore-support-check fail never pass
test-amd64-i386-libvirt 15 migrate-support-check fail never pass
build-armhf-libvirt 1 build-check(1) starved n/a
test-armhf-armhf-examine 1 build-check(1) starved n/a
test-armhf-armhf-libvirt 1 build-check(1) starved n/a
test-armhf-armhf-libvirt-qcow2 1 build-check(1) starved n/a
test-armhf-armhf-libvirt-raw 1 build-check(1) starved n/a
test-armhf-armhf-xl 1 build-check(1) starved n/a
test-armhf-armhf-xl-credit1 1 build-check(1) starved n/a
test-armhf-armhf-xl-credit2 1 build-check(1) starved n/a
test-armhf-armhf-xl-cubietruck 1 build-check(1) starved n/a
test-armhf-armhf-xl-multivcpu 1 build-check(1) starved n/a
test-armhf-armhf-xl-rtds 1 build-check(1) starved n/a
test-armhf-armhf-xl-vhd 1 build-check(1) starved n/a
build-armhf 2 hosts-allocate starved n/a
version targeted for testing:
xen 391f1e135fc121ce8cd5d864eb856988e1562e58
baseline version:
xen de819c96c863467b6e625cd7197d17682f6c6122
Last test of basis 179633 2023-03-14 21:38:53 Z 1 days
Testing same since 179649 2023-03-15 13:29:34 Z 0 days 1 attempts
------------------------------------------------------------
People who touched revisions under test:
Andrei Cherechesu <andrei.cherechesu@nxp.com>
jobs:
build-amd64-xsm pass
build-arm64-xsm pass
build-i386-xsm pass
build-amd64-xtf pass
build-amd64 pass
build-arm64 pass
build-armhf starved
build-i386 pass
build-amd64-libvirt pass
build-arm64-libvirt pass
build-armhf-libvirt starved
build-i386-libvirt pass
build-amd64-prev pass
build-i386-prev pass
build-amd64-pvops pass
build-arm64-pvops pass
build-armhf-pvops pass
build-i386-pvops pass
test-xtf-amd64-amd64-1 pass
test-xtf-amd64-amd64-2 pass
test-xtf-amd64-amd64-3 pass
test-xtf-amd64-amd64-4 pass
test-xtf-amd64-amd64-5 pass
test-amd64-amd64-xl pass
test-amd64-coresched-amd64-xl pass
test-arm64-arm64-xl pass
test-armhf-armhf-xl starved
test-amd64-i386-xl pass
test-amd64-coresched-i386-xl pass
test-amd64-amd64-libvirt-qemuu-debianhvm-amd64-xsm pass
test-amd64-i386-libvirt-qemuu-debianhvm-amd64-xsm pass
test-amd64-amd64-xl-qemut-stubdom-debianhvm-amd64-xsm pass
test-amd64-i386-xl-qemut-stubdom-debianhvm-amd64-xsm pass
test-amd64-amd64-xl-qemut-debianhvm-i386-xsm pass
test-amd64-i386-xl-qemut-debianhvm-i386-xsm pass
test-amd64-amd64-xl-qemuu-debianhvm-i386-xsm pass
test-amd64-i386-xl-qemuu-debianhvm-i386-xsm pass
test-amd64-amd64-libvirt-xsm pass
test-arm64-arm64-libvirt-xsm pass
test-amd64-i386-libvirt-xsm pass
test-amd64-amd64-xl-xsm pass
test-arm64-arm64-xl-xsm pass
test-amd64-i386-xl-xsm pass
test-amd64-amd64-qemuu-nested-amd fail
test-amd64-amd64-xl-pvhv2-amd pass
test-amd64-i386-qemut-rhel6hvm-amd pass
test-amd64-i386-qemuu-rhel6hvm-amd pass
test-amd64-amd64-dom0pvh-xl-amd pass
test-amd64-amd64-xl-qemut-debianhvm-amd64 pass
test-amd64-i386-xl-qemut-debianhvm-amd64 pass
test-amd64-amd64-xl-qemuu-debianhvm-amd64 pass
test-amd64-i386-xl-qemuu-debianhvm-amd64 pass
test-amd64-i386-freebsd10-amd64 pass
test-amd64-amd64-qemuu-freebsd11-amd64 pass
test-amd64-amd64-qemuu-freebsd12-amd64 pass
test-amd64-amd64-xl-qemuu-ovmf-amd64 pass
test-amd64-i386-xl-qemuu-ovmf-amd64 pass
test-amd64-amd64-xl-qemut-win7-amd64 fail
test-amd64-i386-xl-qemut-win7-amd64 fail
test-amd64-amd64-xl-qemuu-win7-amd64 fail
test-amd64-i386-xl-qemuu-win7-amd64 fail
test-amd64-amd64-xl-qemut-ws16-amd64 fail
test-amd64-i386-xl-qemut-ws16-amd64 fail
test-amd64-amd64-xl-qemuu-ws16-amd64 fail
test-amd64-i386-xl-qemuu-ws16-amd64 fail
test-amd64-amd64-examine-bios pass
test-amd64-i386-examine-bios pass
test-amd64-amd64-xl-credit1 pass
test-arm64-arm64-xl-credit1 pass
test-armhf-armhf-xl-credit1 starved
test-amd64-amd64-xl-credit2 pass
test-arm64-arm64-xl-credit2 pass
test-armhf-armhf-xl-credit2 starved
test-armhf-armhf-xl-cubietruck starved
test-amd64-amd64-xl-qemuu-dmrestrict-amd64-dmrestrict pass
test-amd64-i386-xl-qemuu-dmrestrict-amd64-dmrestrict pass
test-amd64-amd64-examine pass
test-arm64-arm64-examine pass
test-armhf-armhf-examine starved
test-amd64-i386-examine pass
test-amd64-i386-freebsd10-i386 pass
test-amd64-amd64-qemuu-nested-intel pass
test-amd64-amd64-xl-pvhv2-intel pass
test-amd64-i386-qemut-rhel6hvm-intel pass
test-amd64-i386-qemuu-rhel6hvm-intel pass
test-amd64-amd64-dom0pvh-xl-intel pass
test-amd64-amd64-libvirt pass
test-armhf-armhf-libvirt starved
test-amd64-i386-libvirt pass
test-amd64-amd64-livepatch pass
test-amd64-i386-livepatch pass
test-amd64-amd64-migrupgrade pass
test-amd64-i386-migrupgrade pass
test-amd64-amd64-xl-multivcpu pass
test-armhf-armhf-xl-multivcpu starved
test-amd64-amd64-pair pass
test-amd64-i386-pair fail
test-amd64-amd64-libvirt-pair pass
test-amd64-i386-libvirt-pair fail
test-amd64-amd64-xl-pvshim pass
test-amd64-i386-xl-pvshim fail
test-amd64-amd64-pygrub pass
test-armhf-armhf-libvirt-qcow2 starved
test-amd64-amd64-xl-qcow2 pass
test-arm64-arm64-libvirt-raw pass
test-armhf-armhf-libvirt-raw starved
test-amd64-i386-libvirt-raw pass
test-amd64-amd64-xl-rtds pass
test-armhf-armhf-xl-rtds starved
test-amd64-amd64-xl-qemuu-debianhvm-amd64-shadow pass
test-amd64-i386-xl-qemuu-debianhvm-amd64-shadow pass
test-amd64-amd64-xl-shadow pass
test-amd64-i386-xl-shadow pass
test-arm64-arm64-xl-thunderx pass
test-amd64-amd64-examine-uefi pass
test-amd64-i386-examine-uefi pass
test-amd64-amd64-libvirt-vhd pass
test-arm64-arm64-xl-vhd pass
test-armhf-armhf-xl-vhd starved
test-amd64-i386-xl-vhd fail
------------------------------------------------------------
sg-report-flight on osstest.test-lab.xenproject.org
logs: /home/logs/logs
images: /home/logs/images
Logs, config files, etc. are available at
http://logs.test-lab.xenproject.org/osstest/logs
Explanation of these reports, and of osstest in general, is at
http://xenbits.xen.org/gitweb/?p=osstest.git;a=blob;f=README.email;hb=master
http://xenbits.xen.org/gitweb/?p=osstest.git;a=blob;f=README;hb=master
Test harness code can be found at
http://xenbits.xen.org/gitweb?p=osstest.git;a=summary
Not pushing.
------------------------------------------------------------
commit 391f1e135fc121ce8cd5d864eb856988e1562e58
Author: Andrei Cherechesu <andrei.cherechesu@nxp.com>
Date: Mon Mar 13 15:08:03 2023 +0200
arch/arm: time: Add support for parsing interrupts by names
Added support for parsing the ARM generic timer interrupts DT
node by the "interrupt-names" property, if it is available.
If not available, the usual parsing based on the expected
IRQ order is performed.
Also treated returning 0 as an error case for the
platform_get_irq() calls, since it is not a valid PPI ID and
treating it as a valid case would only cause Xen to BUG() later,
when trying to reserve vIRQ being SGI.
Added the "hyp-virt" PPI to the timer PPI list, even
though it's currently not in use. If the "hyp-virt" PPI is
not found, the hypervisor won't panic.
Signed-off-by: Andrei Cherechesu <andrei.cherechesu@nxp.com>
Reviewed-by: Bertrand Marquis <bertrand.marquis@arm.com>
Reviewed-by: Michal Orzel <michal.orzel@amd.com>
commit 91cecd4efcdbce70d6f207b6850eccbd1a171c1d
Author: Andrei Cherechesu <andrei.cherechesu@nxp.com>
Date: Mon Mar 13 15:08:02 2023 +0200
arch/arm: irq: Add platform_get_irq_byname() implementation
Moved implementation for the function which parses the IRQs of a DT
node by the "interrupt-names" property from the SMMU-v3 driver
to the IRQ core code and made it non-static to be used as helper.
Also changed it to receive a "struct dt_device_node*" as parameter,
like its counterpart, platform_get_irq(). Updated its usage inside
the SMMU-v3 driver accordingly.
Signed-off-by: Andrei Cherechesu <andrei.cherechesu@nxp.com>
Reviewed-by: Bertrand Marquis <bertrand.marquis@arm.com>
(qemu changes not included)
^ permalink raw reply [flat|nested] only message in thread
only message in thread, other threads:[~2023-03-16 6:28 UTC | newest]
Thread overview: (only message) (download: mbox.gz / follow: Atom feed)
-- links below jump to the message on this page --
2023-03-16 6:28 [xen-unstable test] 179649: regressions - trouble: fail/pass/starved osstest service owner
This is a public inbox, see mirroring instructions
for how to clone and mirror all data and code used for this inbox;
as well as URLs for NNTP newsgroup(s).