* [xen-unstable-smoke test] 179660: tolerable trouble: pass/starved - PUSHED
@ 2023-03-16 2:03 osstest service owner
0 siblings, 0 replies; only message in thread
From: osstest service owner @ 2023-03-16 2:03 UTC (permalink / raw)
To: xen-devel
flight 179660 xen-unstable-smoke real [real]
http://logs.test-lab.xenproject.org/osstest/logs/179660/
Failures :-/ but no regressions.
Tests which did not succeed, but are not blocking:
test-amd64-amd64-libvirt 15 migrate-support-check fail never pass
test-arm64-arm64-xl-xsm 15 migrate-support-check fail never pass
test-arm64-arm64-xl-xsm 16 saverestore-support-check fail never pass
test-armhf-armhf-xl 1 build-check(1) starved n/a
build-armhf 2 hosts-allocate starved n/a
version targeted for testing:
xen b2ea81d2b935474cf27a76b4aa143ae897e82457
baseline version:
xen 391f1e135fc121ce8cd5d864eb856988e1562e58
Last test of basis 179636 2023-03-15 01:00:26 Z 1 days
Testing same since 179660 2023-03-16 00:02:00 Z 0 days 1 attempts
------------------------------------------------------------
People who touched revisions under test:
Anthony PERARD <anthony.perard@citrix.com>
George Dunlap <george.dunlap@citrix.com>
Jason Andryuk <jandryuk@gmail.com>
Roger Pau Monne <roger.pau@citrix.com>
Roger Pau Monné <roger.pau@citrix.com>
jobs:
build-arm64-xsm pass
build-amd64 pass
build-armhf starved
build-amd64-libvirt pass
test-armhf-armhf-xl starved
test-arm64-arm64-xl-xsm pass
test-amd64-amd64-xl-qemuu-debianhvm-amd64 pass
test-amd64-amd64-libvirt pass
------------------------------------------------------------
sg-report-flight on osstest.test-lab.xenproject.org
logs: /home/logs/logs
images: /home/logs/images
Logs, config files, etc. are available at
http://logs.test-lab.xenproject.org/osstest/logs
Explanation of these reports, and of osstest in general, is at
http://xenbits.xen.org/gitweb/?p=osstest.git;a=blob;f=README.email;hb=master
http://xenbits.xen.org/gitweb/?p=osstest.git;a=blob;f=README;hb=master
Test harness code can be found at
http://xenbits.xen.org/gitweb?p=osstest.git;a=summary
Pushing revision :
To xenbits.xen.org:/home/xen/git/xen.git
391f1e135f..b2ea81d2b9 b2ea81d2b935474cf27a76b4aa143ae897e82457 -> smoke
^ permalink raw reply [flat|nested] only message in thread
only message in thread, other threads:[~2023-03-16 2:04 UTC | newest]
Thread overview: (only message) (download: mbox.gz / follow: Atom feed)
-- links below jump to the message on this page --
2023-03-16 2:03 [xen-unstable-smoke test] 179660: tolerable trouble: pass/starved - PUSHED osstest service owner
This is a public inbox, see mirroring instructions
for how to clone and mirror all data and code used for this inbox;
as well as URLs for NNTP newsgroup(s).