* [linux-linus test] 181002: regressions - trouble: broken/fail/pass
@ 2023-05-29 22:51 osstest service owner
0 siblings, 0 replies; only message in thread
From: osstest service owner @ 2023-05-29 22:51 UTC (permalink / raw)
To: xen-devel
flight 181002 linux-linus real [real]
http://logs.test-lab.xenproject.org/osstest/logs/181002/
Regressions :-(
Tests which did not succeed and are blocking,
including tests which could not be run:
test-armhf-armhf-xl-arndale <job status> broken
test-armhf-armhf-xl-arndale 5 host-install(5) broken REGR. vs. 180278
test-armhf-armhf-xl-credit1 8 xen-boot fail REGR. vs. 180278
test-arm64-arm64-xl-vhd 17 guest-start/debian.repeat fail REGR. vs. 180278
Tests which did not succeed, but are not blocking:
test-armhf-armhf-examine 8 reboot fail like 180278
test-amd64-amd64-xl-qemut-win7-amd64 19 guest-stop fail like 180278
test-amd64-amd64-xl-qemuu-win7-amd64 19 guest-stop fail like 180278
test-amd64-amd64-qemuu-nested-amd 20 debian-hvm-install/l1/l2 fail like 180278
test-amd64-amd64-xl-qemuu-ws16-amd64 19 guest-stop fail like 180278
test-armhf-armhf-xl-multivcpu 8 xen-boot fail like 180278
test-armhf-armhf-xl-vhd 8 xen-boot fail like 180278
test-armhf-armhf-libvirt-raw 8 xen-boot fail like 180278
test-armhf-armhf-libvirt 8 xen-boot fail like 180278
test-armhf-armhf-xl-credit2 8 xen-boot fail like 180278
test-armhf-armhf-xl-rtds 8 xen-boot fail like 180278
test-armhf-armhf-xl 8 xen-boot fail like 180278
test-armhf-armhf-libvirt-qcow2 8 xen-boot fail like 180278
test-amd64-amd64-xl-qemut-ws16-amd64 19 guest-stop fail like 180278
test-amd64-amd64-libvirt 15 migrate-support-check fail never pass
test-arm64-arm64-xl-credit1 15 migrate-support-check fail never pass
test-arm64-arm64-xl-thunderx 15 migrate-support-check fail never pass
test-arm64-arm64-xl-credit1 16 saverestore-support-check fail never pass
test-arm64-arm64-xl-thunderx 16 saverestore-support-check fail never pass
test-arm64-arm64-xl 15 migrate-support-check fail never pass
test-arm64-arm64-xl 16 saverestore-support-check fail never pass
test-arm64-arm64-libvirt-xsm 15 migrate-support-check fail never pass
test-arm64-arm64-libvirt-xsm 16 saverestore-support-check fail never pass
test-arm64-arm64-xl-credit2 15 migrate-support-check fail never pass
test-arm64-arm64-xl-credit2 16 saverestore-support-check fail never pass
test-arm64-arm64-xl-xsm 15 migrate-support-check fail never pass
test-arm64-arm64-xl-xsm 16 saverestore-support-check fail never pass
test-amd64-amd64-libvirt-qemuu-debianhvm-amd64-xsm 13 migrate-support-check fail never pass
test-amd64-amd64-libvirt-xsm 15 migrate-support-check fail never pass
test-amd64-amd64-libvirt-qcow2 14 migrate-support-check fail never pass
test-arm64-arm64-libvirt-raw 14 migrate-support-check fail never pass
test-arm64-arm64-libvirt-raw 15 saverestore-support-check fail never pass
test-arm64-arm64-xl-vhd 14 migrate-support-check fail never pass
test-arm64-arm64-xl-vhd 15 saverestore-support-check fail never pass
test-amd64-amd64-libvirt-raw 14 migrate-support-check fail never pass
version targeted for testing:
linux 8b817fded42d8fe3a0eb47b1149d907851a3c942
baseline version:
linux 6c538e1adbfc696ac4747fb10d63e704344f763d
Last test of basis 180278 2023-04-16 19:41:46 Z 43 days
Failing since 180281 2023-04-17 06:24:36 Z 42 days 80 attempts
Testing same since 181002 2023-05-29 16:11:58 Z 0 days 1 attempts
------------------------------------------------------------
2553 people touched revisions under test,
not listing them all
jobs:
build-amd64-xsm pass
build-arm64-xsm pass
build-i386-xsm pass
build-amd64 pass
build-arm64 pass
build-armhf pass
build-i386 pass
build-amd64-libvirt pass
build-arm64-libvirt pass
build-armhf-libvirt pass
build-i386-libvirt pass
build-amd64-pvops pass
build-arm64-pvops pass
build-armhf-pvops pass
build-i386-pvops pass
test-amd64-amd64-xl pass
test-amd64-coresched-amd64-xl pass
test-arm64-arm64-xl pass
test-armhf-armhf-xl fail
test-amd64-amd64-libvirt-qemuu-debianhvm-amd64-xsm pass
test-amd64-amd64-xl-qemut-stubdom-debianhvm-amd64-xsm pass
test-amd64-amd64-xl-qemut-debianhvm-i386-xsm pass
test-amd64-amd64-xl-qemuu-debianhvm-i386-xsm pass
test-amd64-amd64-libvirt-xsm pass
test-arm64-arm64-libvirt-xsm pass
test-amd64-amd64-xl-xsm pass
test-arm64-arm64-xl-xsm pass
test-amd64-amd64-qemuu-nested-amd fail
test-amd64-amd64-xl-pvhv2-amd pass
test-amd64-amd64-dom0pvh-xl-amd pass
test-amd64-amd64-xl-qemut-debianhvm-amd64 pass
test-amd64-amd64-xl-qemuu-debianhvm-amd64 pass
test-amd64-amd64-freebsd11-amd64 pass
test-amd64-amd64-freebsd12-amd64 pass
test-amd64-amd64-xl-qemuu-ovmf-amd64 pass
test-amd64-amd64-xl-qemut-win7-amd64 fail
test-amd64-amd64-xl-qemuu-win7-amd64 fail
test-amd64-amd64-xl-qemut-ws16-amd64 fail
test-amd64-amd64-xl-qemuu-ws16-amd64 fail
test-armhf-armhf-xl-arndale broken
test-amd64-amd64-examine-bios pass
test-amd64-amd64-xl-credit1 pass
test-arm64-arm64-xl-credit1 pass
test-armhf-armhf-xl-credit1 fail
test-amd64-amd64-xl-credit2 pass
test-arm64-arm64-xl-credit2 pass
test-armhf-armhf-xl-credit2 fail
test-amd64-amd64-xl-qemuu-dmrestrict-amd64-dmrestrict pass
test-amd64-amd64-examine pass
test-arm64-arm64-examine pass
test-armhf-armhf-examine fail
test-amd64-amd64-qemuu-nested-intel pass
test-amd64-amd64-xl-pvhv2-intel pass
test-amd64-amd64-dom0pvh-xl-intel pass
test-amd64-amd64-libvirt pass
test-armhf-armhf-libvirt fail
test-amd64-amd64-xl-multivcpu pass
test-armhf-armhf-xl-multivcpu fail
test-amd64-amd64-pair pass
test-amd64-amd64-libvirt-pair pass
test-amd64-amd64-xl-pvshim pass
test-amd64-amd64-pygrub pass
test-amd64-amd64-libvirt-qcow2 pass
test-armhf-armhf-libvirt-qcow2 fail
test-amd64-amd64-libvirt-raw pass
test-arm64-arm64-libvirt-raw pass
test-armhf-armhf-libvirt-raw fail
test-amd64-amd64-xl-rtds pass
test-armhf-armhf-xl-rtds fail
test-amd64-amd64-xl-qemuu-debianhvm-amd64-shadow pass
test-amd64-amd64-xl-shadow pass
test-arm64-arm64-xl-thunderx pass
test-amd64-amd64-examine-uefi pass
test-amd64-amd64-xl-vhd pass
test-arm64-arm64-xl-vhd fail
test-armhf-armhf-xl-vhd fail
------------------------------------------------------------
sg-report-flight on osstest.test-lab.xenproject.org
logs: /home/logs/logs
images: /home/logs/images
Logs, config files, etc. are available at
http://logs.test-lab.xenproject.org/osstest/logs
Explanation of these reports, and of osstest in general, is at
http://xenbits.xen.org/gitweb/?p=osstest.git;a=blob;f=README.email;hb=master
http://xenbits.xen.org/gitweb/?p=osstest.git;a=blob;f=README;hb=master
Test harness code can be found at
http://xenbits.xen.org/gitweb?p=osstest.git;a=summary
broken-job test-armhf-armhf-xl-arndale broken
broken-step test-armhf-armhf-xl-arndale host-install(5)
Not pushing.
(No revision log; it would be 323291 lines long.)
^ permalink raw reply [flat|nested] only message in thread
only message in thread, other threads:[~2023-05-29 22:51 UTC | newest]
Thread overview: (only message) (download: mbox.gz / follow: Atom feed)
-- links below jump to the message on this page --
2023-05-29 22:51 [linux-linus test] 181002: regressions - trouble: broken/fail/pass osstest service owner
This is a public inbox, see mirroring instructions
for how to clone and mirror all data and code used for this inbox;
as well as URLs for NNTP newsgroup(s).