* [xen-unstable-smoke test] 181295: regressions - FAIL
@ 2023-06-08 8:19 osstest service owner
0 siblings, 0 replies; only message in thread
From: osstest service owner @ 2023-06-08 8:19 UTC (permalink / raw)
To: xen-devel
flight 181295 xen-unstable-smoke real [real]
http://logs.test-lab.xenproject.org/osstest/logs/181295/
Regressions :-(
Tests which did not succeed and are blocking,
including tests which could not be run:
build-arm64-xsm 6 xen-build fail REGR. vs. 181233
build-armhf 6 xen-build fail REGR. vs. 181233
Tests which did not succeed, but are not blocking:
test-arm64-arm64-xl-xsm 1 build-check(1) blocked n/a
test-armhf-armhf-xl 1 build-check(1) blocked n/a
test-amd64-amd64-libvirt 15 migrate-support-check fail never pass
version targeted for testing:
xen 0c2d0d32b341eb79bb095fd3f35b9a2672333d64
baseline version:
xen 64a647f8d817c6989edc000613b5afae19f03f99
Last test of basis 181233 2023-06-07 02:04:37 Z 1 days
Failing since 181246 2023-06-07 11:02:03 Z 0 days 10 attempts
Testing same since 181266 2023-06-07 18:00:26 Z 0 days 7 attempts
------------------------------------------------------------
People who touched revisions under test:
Christian Lindig <christian.lindig@cloud.com>
George Dunlap <george.dunlap@citrix.com>
Henry Wang <Henry.Wang@arm.com> # CHANGELOG
Juergen Gross <jgross@suse.com>
Julien Grall <jgrall@amazon.com>
Luca Fancellu <luca.fancellu@arm.com>
Michal Orzel <michal.orzel@amd.com>
jobs:
build-arm64-xsm fail
build-amd64 pass
build-armhf fail
build-amd64-libvirt pass
test-armhf-armhf-xl blocked
test-arm64-arm64-xl-xsm blocked
test-amd64-amd64-xl-qemuu-debianhvm-amd64 pass
test-amd64-amd64-libvirt pass
------------------------------------------------------------
sg-report-flight on osstest.test-lab.xenproject.org
logs: /home/logs/logs
images: /home/logs/images
Logs, config files, etc. are available at
http://logs.test-lab.xenproject.org/osstest/logs
Explanation of these reports, and of osstest in general, is at
http://xenbits.xen.org/gitweb/?p=osstest.git;a=blob;f=README.email;hb=master
http://xenbits.xen.org/gitweb/?p=osstest.git;a=blob;f=README;hb=master
Test harness code can be found at
http://xenbits.xen.org/gitweb?p=osstest.git;a=summary
Not pushing.
(No revision log; it would be 461 lines long.)
^ permalink raw reply [flat|nested] only message in thread
only message in thread, other threads:[~2023-06-08 8:20 UTC | newest]
Thread overview: (only message) (download: mbox.gz / follow: Atom feed)
-- links below jump to the message on this page --
2023-06-08 8:19 [xen-unstable-smoke test] 181295: regressions - FAIL osstest service owner
This is a public inbox, see mirroring instructions
for how to clone and mirror all data and code used for this inbox;
as well as URLs for NNTP newsgroup(s).