* [qemu-mainline test] 181345: regressions - FAIL
@ 2023-06-10 3:07 osstest service owner
0 siblings, 0 replies; only message in thread
From: osstest service owner @ 2023-06-10 3:07 UTC (permalink / raw)
To: xen-devel
flight 181345 qemu-mainline real [real]
http://logs.test-lab.xenproject.org/osstest/logs/181345/
Regressions :-(
Tests which did not succeed and are blocking,
including tests which could not be run:
build-arm64-xsm 6 xen-build fail REGR. vs. 180691
build-arm64 6 xen-build fail REGR. vs. 180691
build-amd64 6 xen-build fail REGR. vs. 180691
build-i386 6 xen-build fail REGR. vs. 180691
build-amd64-xsm 6 xen-build fail REGR. vs. 180691
build-i386-xsm 6 xen-build fail REGR. vs. 180691
build-armhf 6 xen-build fail REGR. vs. 180691
Tests which did not succeed, but are not blocking:
test-amd64-i386-xl-qemuu-debianhvm-amd64-shadow 1 build-check(1) blocked n/a
test-amd64-i386-xl-qemuu-debianhvm-i386-xsm 1 build-check(1) blocked n/a
test-amd64-i386-xl-qemuu-dmrestrict-amd64-dmrestrict 1 build-check(1) blocked n/a
test-amd64-i386-xl-qemuu-ovmf-amd64 1 build-check(1) blocked n/a
test-amd64-i386-xl-qemuu-win7-amd64 1 build-check(1) blocked n/a
test-amd64-i386-xl-qemuu-ws16-amd64 1 build-check(1) blocked n/a
test-amd64-i386-xl-shadow 1 build-check(1) blocked n/a
test-amd64-i386-xl-vhd 1 build-check(1) blocked n/a
test-amd64-i386-xl-xsm 1 build-check(1) blocked n/a
test-arm64-arm64-libvirt-raw 1 build-check(1) blocked n/a
test-arm64-arm64-libvirt-xsm 1 build-check(1) blocked n/a
test-arm64-arm64-xl 1 build-check(1) blocked n/a
test-arm64-arm64-xl-credit1 1 build-check(1) blocked n/a
test-arm64-arm64-xl-credit2 1 build-check(1) blocked n/a
test-arm64-arm64-xl-thunderx 1 build-check(1) blocked n/a
test-arm64-arm64-xl-vhd 1 build-check(1) blocked n/a
test-arm64-arm64-xl-xsm 1 build-check(1) blocked n/a
test-armhf-armhf-libvirt 1 build-check(1) blocked n/a
test-armhf-armhf-libvirt-qcow2 1 build-check(1) blocked n/a
test-armhf-armhf-libvirt-raw 1 build-check(1) blocked n/a
test-armhf-armhf-xl 1 build-check(1) blocked n/a
test-armhf-armhf-xl-arndale 1 build-check(1) blocked n/a
test-armhf-armhf-xl-multivcpu 1 build-check(1) blocked n/a
test-armhf-armhf-xl-rtds 1 build-check(1) blocked n/a
test-armhf-armhf-xl-vhd 1 build-check(1) blocked n/a
test-amd64-i386-qemuu-rhel6hvm-amd 1 build-check(1) blocked n/a
test-amd64-i386-pair 1 build-check(1) blocked n/a
test-amd64-i386-libvirt-xsm 1 build-check(1) blocked n/a
test-amd64-i386-libvirt-raw 1 build-check(1) blocked n/a
test-amd64-i386-libvirt-qemuu-debianhvm-amd64-xsm 1 build-check(1) blocked n/a
test-amd64-i386-libvirt-pair 1 build-check(1) blocked n/a
test-amd64-i386-libvirt 1 build-check(1) blocked n/a
test-amd64-i386-freebsd10-i386 1 build-check(1) blocked n/a
test-amd64-i386-freebsd10-amd64 1 build-check(1) blocked n/a
test-amd64-coresched-i386-xl 1 build-check(1) blocked n/a
test-amd64-coresched-amd64-xl 1 build-check(1) blocked n/a
test-amd64-amd64-xl-xsm 1 build-check(1) blocked n/a
build-amd64-libvirt 1 build-check(1) blocked n/a
test-amd64-amd64-xl-shadow 1 build-check(1) blocked n/a
test-amd64-amd64-xl-rtds 1 build-check(1) blocked n/a
build-arm64-libvirt 1 build-check(1) blocked n/a
test-amd64-amd64-xl-qemuu-ws16-amd64 1 build-check(1) blocked n/a
test-amd64-amd64-xl-qemuu-win7-amd64 1 build-check(1) blocked n/a
test-amd64-amd64-xl-qemuu-ovmf-amd64 1 build-check(1) blocked n/a
build-armhf-libvirt 1 build-check(1) blocked n/a
test-amd64-amd64-xl-qemuu-dmrestrict-amd64-dmrestrict 1 build-check(1) blocked n/a
build-i386-libvirt 1 build-check(1) blocked n/a
test-amd64-amd64-xl-qemuu-debianhvm-i386-xsm 1 build-check(1) blocked n/a
test-amd64-amd64-dom0pvh-xl-amd 1 build-check(1) blocked n/a
test-amd64-amd64-xl-qemuu-debianhvm-amd64-shadow 1 build-check(1) blocked n/a
test-amd64-amd64-dom0pvh-xl-intel 1 build-check(1) blocked n/a
test-amd64-amd64-xl-qemuu-debianhvm-amd64 1 build-check(1) blocked n/a
test-amd64-amd64-libvirt 1 build-check(1) blocked n/a
test-amd64-amd64-libvirt-pair 1 build-check(1) blocked n/a
test-amd64-amd64-libvirt-qemuu-debianhvm-amd64-xsm 1 build-check(1) blocked n/a
test-amd64-amd64-xl-qcow2 1 build-check(1) blocked n/a
test-amd64-amd64-libvirt-vhd 1 build-check(1) blocked n/a
test-amd64-amd64-libvirt-xsm 1 build-check(1) blocked n/a
test-amd64-amd64-xl-pvshim 1 build-check(1) blocked n/a
test-amd64-amd64-pair 1 build-check(1) blocked n/a
test-amd64-amd64-pygrub 1 build-check(1) blocked n/a
test-amd64-amd64-xl-pvhv2-intel 1 build-check(1) blocked n/a
test-amd64-amd64-qemuu-freebsd11-amd64 1 build-check(1) blocked n/a
test-amd64-amd64-qemuu-freebsd12-amd64 1 build-check(1) blocked n/a
test-amd64-amd64-xl-pvhv2-amd 1 build-check(1) blocked n/a
test-amd64-amd64-qemuu-nested-amd 1 build-check(1) blocked n/a
test-amd64-amd64-qemuu-nested-intel 1 build-check(1) blocked n/a
test-amd64-amd64-xl-multivcpu 1 build-check(1) blocked n/a
test-amd64-amd64-xl 1 build-check(1) blocked n/a
test-amd64-amd64-xl-credit1 1 build-check(1) blocked n/a
test-amd64-amd64-xl-credit2 1 build-check(1) blocked n/a
test-armhf-armhf-xl-credit1 1 build-check(1) blocked n/a
test-armhf-armhf-xl-credit2 1 build-check(1) blocked n/a
test-amd64-i386-qemuu-rhel6hvm-intel 1 build-check(1) blocked n/a
test-amd64-i386-xl 1 build-check(1) blocked n/a
test-amd64-i386-xl-pvshim 1 build-check(1) blocked n/a
test-amd64-i386-xl-qemuu-debianhvm-amd64 1 build-check(1) blocked n/a
version targeted for testing:
qemuu 5f9dd6a8ce3961db4ce47411ed2097ad88bdf5fc
baseline version:
qemuu 6972ef1440a9d685482d78672620a7482f2bd09a
Last test of basis 180691 2023-05-17 10:45:22 Z 23 days
Failing since 180699 2023-05-18 07:21:24 Z 22 days 77 attempts
Testing same since 181322 2023-06-09 00:07:15 Z 1 days 4 attempts
------------------------------------------------------------
People who touched revisions under test:
Afonso Bordado <afonsobordado@gmail.com>
Akihiko Odaki <akihiko.odaki@daynix.com>
Akihiro Suda <akihiro.suda.cz@hco.ntt.co.jp>
Alex Bennée <alex.bennee@linaro.org>
Alex Williamson <alex.williamson@redhat.com>
Alexander Bulekov <alxndr@bu.edu>
Alexander Graf <graf@amazon.com>
Alexander Ivanov <alexander.ivanov@virtuozzo.com>
Alistair Francis <alistair.francis@wdc.com>
Ani Sinha <ani@anisinha.ca>
Ani Sinha <anisinha@redhat.com>
Anthony PERARD <anthony.perard@citrix.com>
Anton Johansson <anjo@rev.ng>
BALATON Zoltan <balaton@eik.bme.hu>
Bastian Koppelmann <kbastian@mail.uni-paderborn.de>
Bernhard Beschow <shentey@gmail.com>
Bin Meng <bin.meng@windriver.com>
Brian Cain <bcain@quicinc.com>
Brice Goglin <Brice.Goglin@inria.fr>
Camilla Conte <cconte@redhat.com>
Christian Schoenebeck <qemu_oss@crudebyte.com>
Chuck Zmudzinski <brchuckz@aol.com>
Cindy Lu <lulu@redhat.com>
Clément Chigot <chigot@adacore.com>
Cornelia Huck <cohuck@redhat.com>
Cédric Le Goater <clg@kaod.org>
Cédric Le Goater <clg@redhat.com>
Daniel Henrique Barboza <danielhb413@gmail.com>
Daniel P. Berrangé <berrange@redhat.com>
Daniil Kovalev <dkovalev@compiler-toolchain-for.me>
David Hildenbrand <david@redhat.com>
David Woodhouse <dwmw@amazon.co.uk>
Emanuele Giuseppe Esposito <eesposit@redhat.com>
Enze Li <lienze@kylinos.cn>
Eric Auger <eric.auger@redhat.com>
Eric Blake <eblake@redhat.com>
Eric DeVolder <eric.devolder@oracle.com>
Erico Nunes <ernunes@redhat.com>
Eugenio Pérez <eperezma@redhat.com>
Fabiano Rosas <farosas@suse.de>
Fan Ni <fan.ni@samsung.com>
Fiona Ebner <f.ebner@proxmox.com>
Francesco Cagnin <fcagnin@quarkslab.com>
Francisco Iglesias <frasse.iglesias@gmail.com>
Gavin Shan <gshan@redhat.com>
Gregory Price <gourry.memverge@gmail.com>
Gregory Price <gregory.price@memverge.com>
Hanna Czenczek <hreitz@redhat.com>
Hao Zeng <zenghao@kylinos.cn>
Hawkins Jiawei <yin31149@gmail.com>
Igor Mammedov <imammedo@redhat.com>
Ilya Leoshkevich <iii@linux.ibm.com>
Ira Weiny <ira.weiny@intel.com>
Jagannathan Raman <jag.raman@oracle.com>
Jason Wang <jasowang@redhat.com>
Jean-Louis Dupond <jean-louis@dupond.be>
Jean-Philippe Brucker <jean-philippe@linaro.org>
Jiaxun Yang <jiaxun.yang@flygoat.com>
John Snow <jsnow@redhat.com>
Jonathan Cameron <Jonathan.Cameron@huawei.com>
Juan Quintela <quintela@redhat.com>
Kevin Wolf <kwolf@redhat.com>
Laurent Vivier <laurent@vivier.eu>
Lei Yang <leiyang@redhat.com>
Leonardo Bras <leobras@redhat.com>
Maksim Davydov <davydov-max@yandex-team.ru>
Marc-André Lureau <marcandre.lureau@redhat.com>
Marcin Juszkiewicz <marcin.juszkiewicz@linaro.org>
Marco Liebel <quic_mliebel@quicinc.com>
Mark Cave-Ayland <mark.cave-ayland@ilande.co.uk>
Markus Armbruster <armbru@redhat.com>
Matheus Tavares Bernardino <quic_mathbern@quicinc.com>
Mauro Matteo Cascella <mcascell@redhat.com>
Max Fritz <antischmock@googlemail.com>
Michael S. Tsirkin <mst@redhat.com>
Michael Tokarev <mjt@tls.msk.ru>
Michal Privoznik <mprivozn@redhat.com>
Mostafa Saleh <smostafa@google.com>
Nicholas Piggin <npiggin@gmail.com>
Nicolas Saenz Julienne <nsaenz@amazon.com>
Niek Linnenbank <nieklinnenbank@gmail.com>
Palmer Dabbelt <palmer@rivosinc.com>
Paolo Bonzini <pbonzini@redhat.com>
Peter Maydell <peter.maydell@linaro.org>
Peter Xu <peterx@redhat.com>
Philippe Mathieu-Daudé <philmd@linaro.org>
qianfan Zhao <qianfanguijin@163.com>
Raghu H <raghuhack78@gmail.com>
Rene Engel <ReneEngel80@emailn.de>
Richard Henderson <richard.henderson@linaro.org>
Richard Purdie <richard.purdie@linuxfoundation.org>
Ricky Zhou <ricky@rzhou.org>
Ryan Wendland <wendland@live.com.au>
Sebastian Ott <sebott@redhat.com>
Sergio Lopez <slp@redhat.com>
Sid Manning <sidneym@quicinc.com>
Song Gao <gaosong@loongson.cn>
Stefan Hajnoczi <stefanha@redhat.com>
Stefano Garzarella <sgarzare@redhat.com>
Steve Sistare <steven.sistare@oracle.com>
Taylor Simpson <tsimpson@quicinc.com>
Thomas Huth <thuth@redhat.com>
Thomas Weißschuh <thomas@t-8ch.de>
timothee.cocault@gmail.com <timothee.cocault@gmail.com>
Timothée Cocault <timothee.cocault@gmail.com>
Tommy Wu <tommy.wu@sifive.com>
Vikram Garhwal <vikram.garhwal@amd.com>
Viktor Prutyanov <viktor@daynix.com>
Vitaly Cheptsov <cheptsov@ispras.ru>
Vivek Kasireddy <vivek.kasireddy@intel.com>
Vladimir Sementsov-Ogievskiy <vsementsov@yandex-team.ru>
Volker Rümelin <vr_qemu@t-online.de>
Xinyu Li <lixinyu20s@ict.ac.cn>
Zeng Hao <zenghao@kylinos.cn>
Zhenyu Zhang <zhenyzha@redhat.com>
Zhenzhong Duan <zhenzhong.duan@intel.com>
Zhuojia Shen <chaosdefinition@hotmail.com>
jobs:
build-amd64-xsm fail
build-arm64-xsm fail
build-i386-xsm fail
build-amd64 fail
build-arm64 fail
build-armhf fail
build-i386 fail
build-amd64-libvirt blocked
build-arm64-libvirt blocked
build-armhf-libvirt blocked
build-i386-libvirt blocked
build-amd64-pvops pass
build-arm64-pvops pass
build-armhf-pvops pass
build-i386-pvops pass
test-amd64-amd64-xl blocked
test-amd64-coresched-amd64-xl blocked
test-arm64-arm64-xl blocked
test-armhf-armhf-xl blocked
test-amd64-i386-xl blocked
test-amd64-coresched-i386-xl blocked
test-amd64-amd64-libvirt-qemuu-debianhvm-amd64-xsm blocked
test-amd64-i386-libvirt-qemuu-debianhvm-amd64-xsm blocked
test-amd64-amd64-xl-qemuu-debianhvm-i386-xsm blocked
test-amd64-i386-xl-qemuu-debianhvm-i386-xsm blocked
test-amd64-amd64-libvirt-xsm blocked
test-arm64-arm64-libvirt-xsm blocked
test-amd64-i386-libvirt-xsm blocked
test-amd64-amd64-xl-xsm blocked
test-arm64-arm64-xl-xsm blocked
test-amd64-i386-xl-xsm blocked
test-amd64-amd64-qemuu-nested-amd blocked
test-amd64-amd64-xl-pvhv2-amd blocked
test-amd64-i386-qemuu-rhel6hvm-amd blocked
test-amd64-amd64-dom0pvh-xl-amd blocked
test-amd64-amd64-xl-qemuu-debianhvm-amd64 blocked
test-amd64-i386-xl-qemuu-debianhvm-amd64 blocked
test-amd64-i386-freebsd10-amd64 blocked
test-amd64-amd64-qemuu-freebsd11-amd64 blocked
test-amd64-amd64-qemuu-freebsd12-amd64 blocked
test-amd64-amd64-xl-qemuu-ovmf-amd64 blocked
test-amd64-i386-xl-qemuu-ovmf-amd64 blocked
test-amd64-amd64-xl-qemuu-win7-amd64 blocked
test-amd64-i386-xl-qemuu-win7-amd64 blocked
test-amd64-amd64-xl-qemuu-ws16-amd64 blocked
test-amd64-i386-xl-qemuu-ws16-amd64 blocked
test-armhf-armhf-xl-arndale blocked
test-amd64-amd64-xl-credit1 blocked
test-arm64-arm64-xl-credit1 blocked
test-armhf-armhf-xl-credit1 blocked
test-amd64-amd64-xl-credit2 blocked
test-arm64-arm64-xl-credit2 blocked
test-armhf-armhf-xl-credit2 blocked
test-amd64-amd64-xl-qemuu-dmrestrict-amd64-dmrestrict blocked
test-amd64-i386-xl-qemuu-dmrestrict-amd64-dmrestrict blocked
test-amd64-i386-freebsd10-i386 blocked
test-amd64-amd64-qemuu-nested-intel blocked
test-amd64-amd64-xl-pvhv2-intel blocked
test-amd64-i386-qemuu-rhel6hvm-intel blocked
test-amd64-amd64-dom0pvh-xl-intel blocked
test-amd64-amd64-libvirt blocked
test-armhf-armhf-libvirt blocked
test-amd64-i386-libvirt blocked
test-amd64-amd64-xl-multivcpu blocked
test-armhf-armhf-xl-multivcpu blocked
test-amd64-amd64-pair blocked
test-amd64-i386-pair blocked
test-amd64-amd64-libvirt-pair blocked
test-amd64-i386-libvirt-pair blocked
test-amd64-amd64-xl-pvshim blocked
test-amd64-i386-xl-pvshim blocked
test-amd64-amd64-pygrub blocked
test-armhf-armhf-libvirt-qcow2 blocked
test-amd64-amd64-xl-qcow2 blocked
test-arm64-arm64-libvirt-raw blocked
test-armhf-armhf-libvirt-raw blocked
test-amd64-i386-libvirt-raw blocked
test-amd64-amd64-xl-rtds blocked
test-armhf-armhf-xl-rtds blocked
test-amd64-amd64-xl-qemuu-debianhvm-amd64-shadow blocked
test-amd64-i386-xl-qemuu-debianhvm-amd64-shadow blocked
test-amd64-amd64-xl-shadow blocked
test-amd64-i386-xl-shadow blocked
test-arm64-arm64-xl-thunderx blocked
test-amd64-amd64-libvirt-vhd blocked
test-arm64-arm64-xl-vhd blocked
test-armhf-armhf-xl-vhd blocked
test-amd64-i386-xl-vhd blocked
------------------------------------------------------------
sg-report-flight on osstest.test-lab.xenproject.org
logs: /home/logs/logs
images: /home/logs/images
Logs, config files, etc. are available at
http://logs.test-lab.xenproject.org/osstest/logs
Explanation of these reports, and of osstest in general, is at
http://xenbits.xen.org/gitweb/?p=osstest.git;a=blob;f=README.email;hb=master
http://xenbits.xen.org/gitweb/?p=osstest.git;a=blob;f=README;hb=master
Test harness code can be found at
http://xenbits.xen.org/gitweb?p=osstest.git;a=summary
Not pushing.
(No revision log; it would be 16165 lines long.)
^ permalink raw reply [flat|nested] only message in thread
only message in thread, other threads:[~2023-06-10 3:08 UTC | newest]
Thread overview: (only message) (download: mbox.gz / follow: Atom feed)
-- links below jump to the message on this page --
2023-06-10 3:07 [qemu-mainline test] 181345: regressions - FAIL osstest service owner
This is a public inbox, see mirroring instructions
for how to clone and mirror all data and code used for this inbox;
as well as URLs for NNTP newsgroup(s).