* [xen-unstable test] 181373: trouble: fail/pass/starved
@ 2023-06-11 11:05 osstest service owner
0 siblings, 0 replies; only message in thread
From: osstest service owner @ 2023-06-11 11:05 UTC (permalink / raw)
To: xen-devel
flight 181373 xen-unstable real [real]
http://logs.test-lab.xenproject.org/osstest/logs/181373/
Failures and problems with tests :-(
Tests which did not succeed and are blocking,
including tests which could not be run:
test-armhf-armhf-libvirt-raw <job status> broken in 181360
Tests which are failing intermittently (not blocking):
test-armhf-armhf-libvirt-raw 5 host-install(5) broken in 181360 pass in 181373
test-amd64-i386-pair 11 xen-install/dst_host fail in 181360 pass in 181373
test-amd64-i386-examine-bios 6 xen-install fail in 181360 pass in 181373
test-amd64-i386-xl-qemuu-debianhvm-i386-xsm 12 debian-hvm-install fail pass in 181360
test-amd64-amd64-xl-qcow2 21 guest-start/debian.repeat fail pass in 181360
Tests which did not succeed, but are not blocking:
test-arm64-arm64-libvirt-xsm 15 migrate-support-check fail in 181360 never pass
test-arm64-arm64-libvirt-xsm 16 saverestore-support-check fail in 181360 never pass
test-arm64-arm64-xl-xsm 15 migrate-support-check fail in 181360 never pass
test-arm64-arm64-xl-xsm 16 saverestore-support-check fail in 181360 never pass
test-arm64-arm64-xl-credit2 15 migrate-support-check fail in 181360 never pass
test-arm64-arm64-xl-credit2 16 saverestore-support-check fail in 181360 never pass
test-arm64-arm64-xl-credit1 15 migrate-support-check fail in 181360 never pass
test-arm64-arm64-xl-credit1 16 saverestore-support-check fail in 181360 never pass
test-arm64-arm64-xl-thunderx 15 migrate-support-check fail in 181360 never pass
test-arm64-arm64-xl-thunderx 16 saverestore-support-check fail in 181360 never pass
test-arm64-arm64-xl 15 migrate-support-check fail in 181360 never pass
test-arm64-arm64-xl 16 saverestore-support-check fail in 181360 never pass
test-arm64-arm64-libvirt-raw 14 migrate-support-check fail in 181360 never pass
test-arm64-arm64-libvirt-raw 15 saverestore-support-check fail in 181360 never pass
test-arm64-arm64-xl-vhd 14 migrate-support-check fail in 181360 never pass
test-arm64-arm64-xl-vhd 15 saverestore-support-check fail in 181360 never pass
test-armhf-armhf-libvirt-raw 15 saverestore-support-check fail like 181352
test-amd64-amd64-xl-qemut-win7-amd64 19 guest-stop fail like 181360
test-amd64-i386-xl-qemuu-win7-amd64 19 guest-stop fail like 181360
test-amd64-amd64-qemuu-nested-amd 20 debian-hvm-install/l1/l2 fail like 181360
test-amd64-amd64-xl-qemuu-ws16-amd64 19 guest-stop fail like 181360
test-amd64-i386-xl-qemut-ws16-amd64 19 guest-stop fail like 181360
test-amd64-i386-xl-qemut-win7-amd64 19 guest-stop fail like 181360
test-armhf-armhf-libvirt 16 saverestore-support-check fail like 181360
test-armhf-armhf-libvirt-qcow2 15 saverestore-support-check fail like 181360
test-amd64-amd64-xl-qemut-ws16-amd64 19 guest-stop fail like 181360
test-amd64-i386-xl-qemuu-ws16-amd64 19 guest-stop fail like 181360
test-amd64-amd64-xl-qemuu-win7-amd64 19 guest-stop fail like 181360
test-amd64-amd64-libvirt 15 migrate-support-check fail never pass
test-amd64-i386-xl-pvshim 14 guest-start fail never pass
test-amd64-amd64-libvirt-xsm 15 migrate-support-check fail never pass
test-amd64-i386-libvirt 15 migrate-support-check fail never pass
test-amd64-i386-libvirt-xsm 15 migrate-support-check fail never pass
test-amd64-amd64-libvirt-qemuu-debianhvm-amd64-xsm 13 migrate-support-check fail never pass
test-amd64-i386-libvirt-qemuu-debianhvm-amd64-xsm 13 migrate-support-check fail never pass
test-armhf-armhf-xl-multivcpu 15 migrate-support-check fail never pass
test-armhf-armhf-xl-multivcpu 16 saverestore-support-check fail never pass
test-amd64-i386-libvirt-raw 14 migrate-support-check fail never pass
test-armhf-armhf-xl 15 migrate-support-check fail never pass
test-armhf-armhf-xl 16 saverestore-support-check fail never pass
test-amd64-amd64-libvirt-vhd 14 migrate-support-check fail never pass
test-armhf-armhf-xl-credit1 15 migrate-support-check fail never pass
test-armhf-armhf-xl-credit1 16 saverestore-support-check fail never pass
test-armhf-armhf-xl-vhd 14 migrate-support-check fail never pass
test-armhf-armhf-xl-vhd 15 saverestore-support-check fail never pass
test-armhf-armhf-xl-arndale 15 migrate-support-check fail never pass
test-armhf-armhf-xl-arndale 16 saverestore-support-check fail never pass
test-armhf-armhf-xl-credit2 15 migrate-support-check fail never pass
test-armhf-armhf-xl-credit2 16 saverestore-support-check fail never pass
test-armhf-armhf-libvirt 15 migrate-support-check fail never pass
test-armhf-armhf-xl-rtds 15 migrate-support-check fail never pass
test-armhf-armhf-xl-rtds 16 saverestore-support-check fail never pass
test-armhf-armhf-libvirt-raw 14 migrate-support-check fail never pass
test-armhf-armhf-libvirt-qcow2 14 migrate-support-check fail never pass
test-arm64-arm64-libvirt-raw 3 hosts-allocate starved n/a
test-arm64-arm64-xl 3 hosts-allocate starved n/a
test-arm64-arm64-libvirt-xsm 3 hosts-allocate starved n/a
test-arm64-arm64-xl-vhd 3 hosts-allocate starved n/a
test-arm64-arm64-xl-xsm 3 hosts-allocate starved n/a
test-arm64-arm64-xl-thunderx 3 hosts-allocate starved n/a
test-arm64-arm64-xl-credit1 3 hosts-allocate starved n/a
test-arm64-arm64-xl-credit2 3 hosts-allocate starved n/a
version targeted for testing:
xen b4642c32c4d079916d5607ddda0232aae5e1690e
baseline version:
xen b4642c32c4d079916d5607ddda0232aae5e1690e
Last test of basis 181373 2023-06-11 02:27:12 Z 0 days
Testing same since (not found) 0 attempts
jobs:
build-amd64-xsm pass
build-arm64-xsm pass
build-i386-xsm pass
build-amd64-xtf pass
build-amd64 pass
build-arm64 pass
build-armhf pass
build-i386 pass
build-amd64-libvirt pass
build-arm64-libvirt pass
build-armhf-libvirt pass
build-i386-libvirt pass
build-amd64-prev pass
build-i386-prev pass
build-amd64-pvops pass
build-arm64-pvops pass
build-armhf-pvops pass
build-i386-pvops pass
test-xtf-amd64-amd64-1 pass
test-xtf-amd64-amd64-2 pass
test-xtf-amd64-amd64-3 pass
test-xtf-amd64-amd64-4 pass
test-xtf-amd64-amd64-5 pass
test-amd64-amd64-xl pass
test-amd64-coresched-amd64-xl pass
test-arm64-arm64-xl starved
test-armhf-armhf-xl pass
test-amd64-i386-xl pass
test-amd64-coresched-i386-xl pass
test-amd64-amd64-libvirt-qemuu-debianhvm-amd64-xsm pass
test-amd64-i386-libvirt-qemuu-debianhvm-amd64-xsm pass
test-amd64-amd64-xl-qemut-stubdom-debianhvm-amd64-xsm pass
test-amd64-i386-xl-qemut-stubdom-debianhvm-amd64-xsm pass
test-amd64-amd64-xl-qemut-debianhvm-i386-xsm pass
test-amd64-i386-xl-qemut-debianhvm-i386-xsm pass
test-amd64-amd64-xl-qemuu-debianhvm-i386-xsm pass
test-amd64-i386-xl-qemuu-debianhvm-i386-xsm fail
test-amd64-amd64-libvirt-xsm pass
test-arm64-arm64-libvirt-xsm starved
test-amd64-i386-libvirt-xsm pass
test-amd64-amd64-xl-xsm pass
test-arm64-arm64-xl-xsm starved
test-amd64-i386-xl-xsm pass
test-amd64-amd64-qemuu-nested-amd fail
test-amd64-amd64-xl-pvhv2-amd pass
test-amd64-i386-qemut-rhel6hvm-amd pass
test-amd64-i386-qemuu-rhel6hvm-amd pass
test-amd64-amd64-dom0pvh-xl-amd pass
test-amd64-amd64-xl-qemut-debianhvm-amd64 pass
test-amd64-i386-xl-qemut-debianhvm-amd64 pass
test-amd64-amd64-xl-qemuu-debianhvm-amd64 pass
test-amd64-i386-xl-qemuu-debianhvm-amd64 pass
test-amd64-i386-freebsd10-amd64 pass
test-amd64-amd64-qemuu-freebsd11-amd64 pass
test-amd64-amd64-qemuu-freebsd12-amd64 pass
test-amd64-amd64-xl-qemuu-ovmf-amd64 pass
test-amd64-i386-xl-qemuu-ovmf-amd64 pass
test-amd64-amd64-xl-qemut-win7-amd64 fail
test-amd64-i386-xl-qemut-win7-amd64 fail
test-amd64-amd64-xl-qemuu-win7-amd64 fail
test-amd64-i386-xl-qemuu-win7-amd64 fail
test-amd64-amd64-xl-qemut-ws16-amd64 fail
test-amd64-i386-xl-qemut-ws16-amd64 fail
test-amd64-amd64-xl-qemuu-ws16-amd64 fail
test-amd64-i386-xl-qemuu-ws16-amd64 fail
test-armhf-armhf-xl-arndale pass
test-amd64-amd64-examine-bios pass
test-amd64-i386-examine-bios pass
test-amd64-amd64-xl-credit1 pass
test-arm64-arm64-xl-credit1 starved
test-armhf-armhf-xl-credit1 pass
test-amd64-amd64-xl-credit2 pass
test-arm64-arm64-xl-credit2 starved
test-armhf-armhf-xl-credit2 pass
test-amd64-amd64-xl-qemuu-dmrestrict-amd64-dmrestrict pass
test-amd64-i386-xl-qemuu-dmrestrict-amd64-dmrestrict pass
test-amd64-amd64-examine pass
test-arm64-arm64-examine pass
test-armhf-armhf-examine pass
test-amd64-i386-examine pass
test-amd64-i386-freebsd10-i386 pass
test-amd64-amd64-qemuu-nested-intel pass
test-amd64-amd64-xl-pvhv2-intel pass
test-amd64-i386-qemut-rhel6hvm-intel pass
test-amd64-i386-qemuu-rhel6hvm-intel pass
test-amd64-amd64-dom0pvh-xl-intel pass
test-amd64-amd64-libvirt pass
test-armhf-armhf-libvirt pass
test-amd64-i386-libvirt pass
test-amd64-amd64-livepatch pass
test-amd64-i386-livepatch pass
test-amd64-amd64-migrupgrade pass
test-amd64-i386-migrupgrade pass
test-amd64-amd64-xl-multivcpu pass
test-armhf-armhf-xl-multivcpu pass
test-amd64-amd64-pair pass
test-amd64-i386-pair pass
test-amd64-amd64-libvirt-pair pass
test-amd64-i386-libvirt-pair pass
test-amd64-amd64-xl-pvshim pass
test-amd64-i386-xl-pvshim fail
test-amd64-amd64-pygrub pass
test-armhf-armhf-libvirt-qcow2 pass
test-amd64-amd64-xl-qcow2 fail
test-arm64-arm64-libvirt-raw starved
test-armhf-armhf-libvirt-raw pass
test-amd64-i386-libvirt-raw pass
test-amd64-amd64-xl-rtds pass
test-armhf-armhf-xl-rtds pass
test-amd64-amd64-xl-qemuu-debianhvm-amd64-shadow pass
test-amd64-i386-xl-qemuu-debianhvm-amd64-shadow pass
test-amd64-amd64-xl-shadow pass
test-amd64-i386-xl-shadow pass
test-arm64-arm64-xl-thunderx starved
test-amd64-amd64-examine-uefi pass
test-amd64-i386-examine-uefi pass
test-amd64-amd64-libvirt-vhd pass
test-arm64-arm64-xl-vhd starved
test-armhf-armhf-xl-vhd pass
test-amd64-i386-xl-vhd pass
------------------------------------------------------------
sg-report-flight on osstest.test-lab.xenproject.org
logs: /home/logs/logs
images: /home/logs/images
Logs, config files, etc. are available at
http://logs.test-lab.xenproject.org/osstest/logs
Explanation of these reports, and of osstest in general, is at
http://xenbits.xen.org/gitweb/?p=osstest.git;a=blob;f=README.email;hb=master
http://xenbits.xen.org/gitweb/?p=osstest.git;a=blob;f=README;hb=master
Test harness code can be found at
http://xenbits.xen.org/gitweb?p=osstest.git;a=summary
broken-job test-armhf-armhf-libvirt-raw broken
Published tested tree is already up to date.
^ permalink raw reply [flat|nested] only message in thread
only message in thread, other threads:[~2023-06-11 11:05 UTC | newest]
Thread overview: (only message) (download: mbox.gz / follow: Atom feed)
-- links below jump to the message on this page --
2023-06-11 11:05 [xen-unstable test] 181373: trouble: fail/pass/starved osstest service owner
This is a public inbox, see mirroring instructions
for how to clone and mirror all data and code used for this inbox;
as well as URLs for NNTP newsgroup(s).