* [linux-3.14 baseline-only test] 44329: tolerable FAIL
@ 2016-04-14 1:54 Platform Team regression test user
0 siblings, 0 replies; only message in thread
From: Platform Team regression test user @ 2016-04-14 1:54 UTC (permalink / raw)
To: xen-devel, osstest-admin
[-- Attachment #1: Type: text/plain, Size: 10714 bytes --]
This run is configured for baseline tests only.
flight 44329 linux-3.14 real [real]
http://osstest.xs.citrite.net/~osstest/testlogs/logs/44329/
Failures :-/ but no regressions.
Regressions which are regarded as allowable (not blocking):
build-amd64-rumpuserxen 6 xen-build fail like 44255
build-i386-rumpuserxen 6 xen-build fail like 44255
test-amd64-amd64-xl-credit2 19 guest-start/debian.repeat fail like 44255
test-amd64-amd64-xl-qemuu-win7-amd64 16 guest-stop fail like 44255
test-amd64-amd64-xl-qemut-win7-amd64 16 guest-stop fail like 44255
test-amd64-i386-xl-qemuu-win7-amd64 16 guest-stop fail like 44255
Tests which did not succeed, but are not blocking:
test-amd64-i386-rumpuserxen-i386 1 build-check(1) blocked n/a
test-amd64-amd64-rumpuserxen-amd64 1 build-check(1) blocked n/a
test-amd64-amd64-xl-pvh-amd 11 guest-start fail never pass
test-amd64-amd64-xl-pvh-intel 11 guest-start fail never pass
test-amd64-i386-libvirt-xsm 12 migrate-support-check fail never pass
test-amd64-amd64-libvirt 12 migrate-support-check fail never pass
test-amd64-amd64-libvirt-xsm 12 migrate-support-check fail never pass
test-amd64-i386-libvirt 12 migrate-support-check fail never pass
test-amd64-amd64-libvirt-qemuu-debianhvm-amd64-xsm 10 migrate-support-check fail never pass
test-amd64-i386-libvirt-qemuu-debianhvm-amd64-xsm 10 migrate-support-check fail never pass
test-amd64-amd64-libvirt-vhd 11 migrate-support-check fail never pass
test-amd64-i386-xl-qemut-win7-amd64 16 guest-stop fail never pass
test-amd64-amd64-qemuu-nested-amd 16 debian-hvm-install/l1/l2 fail never pass
test-amd64-amd64-qemuu-nested-intel 16 debian-hvm-install/l1/l2 fail never pass
version targeted for testing:
linux 55d37e17318fd5cf40b62fd02ce6ff75e422d862
baseline version:
linux dfbed80c63bb8d965067da3a6dbcc4682edcce0c
Last test of basis 44255 2016-03-17 09:53:02 Z 27 days
Testing same since 44329 2016-04-13 18:51:46 Z 0 days 1 attempts
------------------------------------------------------------
People who touched revisions under test:
Aaro Koskinen <aaro.koskinen@iki.fi>
Al Viro <viro@zeniv.linux.org.uk>
Alex Deucher <alexander.deucher@amd.com>
Alexandre Bounine <alexandre.bounine@idt.com>
Andi Kleen <ak@linux.intel.com>
Andrew Morton <akpm@linux-foundation.org>
Andy Lutomirski <luto@kernel.org>
Anton Staaf <robotboy@chromium.org>
Artem Bityutskiy <artem.bityutskiy@linux.intel.com>
Aurelien Jacquiot <a-jacquiot@ti.com>
Bjorn Helgaas <bhelgaas@google.com>
Bjørn Mork <bjorn@mork.no>
Borislav Petkov <bp@suse.de>
Brian King <brking@linux.vnet.ibm.com>
Brian Norris <computersforpeace@gmail.com>
Dan Carpenter <dan.carpenter@oracle.com>
Dave Chinner <david@fromorbit.com>
Dave Jones <davej@codemonkey.org.uk>
Dmitry Torokhov <dmitry.torokhov@gmail.com>
Dmitry Tunin <hanipouspilot@gmail.com>
Douglas Gilbert <dgilbert@interlog.com>
Eric Wheeler <bcache@linux.ewheeler.net>
Eric Wheeler <git@linux.ewheeler.net>
Gabriel Krisman Bertazi <krisman@linux.vnet.ibm.com>
Grazvydas Ignotas <notasas@gmail.com>
Greg Kroah-Hartman <gregkh@linuxfoundation.org>
Guenter Roeck <linux@roeck-us.net>
Hans de Goede <hdegoede@redhat.com>
Hans Verkuil <hans.verkuil@cisco.com>
Hans Verkuil <hverkuil@xs4all.nl>
Herbert Xu <herbert@gondor.apana.org.au>
Himanshu Madhani <himanshu.madhani@qlogic.com>
Ingo Molnar <mingo@kernel.org>
Insu Yun <wuninsu@gmail.com>
Jann Horn <jann@thejh.net>
Jes Sorensen <Jes.Sorensen@redhat.com>
Jiri Kosina <jkosina@suse.cz>
Jiri Olsa <jolsa@kernel.org>
Jiri Olsa <jolsa@redhat.com>
Johan Hovold <johan@kernel.org>
Joseph Qi <joseph.qi@huawei.com>
Josh Boyer <jwboyer@fedoraproject.org>
Julia Lawall <Julia.Lawall@lip6.fr>
Kees Cook <keescook@chromium.org>
Linus Torvalds <torvalds@linux-foundation.org>
Marcel Holtmann <marcel@holtmann.org>
Mario Kleiner <mario.kleiner.de@gmail.com>
Martin K. Petersen <martin.petersen@oracle.com>
Martyn Welch <martyn.welch@collabora.co.uk>
Mateusz Guzik <mguzik@redhat.com>
Maurizio Lombardi <mlombard@redhat.com>
Mauro Carvalho Chehab <mchehab@osg.samsung.com>
Max Filippov <jcmvbkbc@gmail.com>
Michael S. Tsirkin <mst@redhat.com>
Michal Marek <mmarek@suse.com>
Ming Lei <ming.lei@canonical.com>
Nicholas Bellinger <nab@linux-iscsi.org>
Nishanth Menon <nm@ti.com>
OGAWA Hirofumi <hirofumi@mail.parknet.co.jp>
Oliver Neukum <oneukum@suse.com>
Paolo Bonzini <pbonzini@redhat.com>
Peter Hurley <peter@hurleysoftware.com>
Peter Zijlstra (Intel) <peterz@infradead.org>
Rabin Vincent <rabin@rab.in>
Radim KrÄmáŠ<rkrcmar@redhat.com>
Raghava Aditya Renukunta <raghavaaditya.renukunta@pmcs.com>
Rik van Riel <riel@redhat.com>
Sebastian Frias <sf84@laposte.net>
Shaohua Li <shli@fb.com>
Steven Rostedt (Red Hat) <rostedt@goodmis.org>
Steven Rostedt <rostedt@goodmis.org>
Takashi Iwai <tiwai@suse.de>
Theodore Ts'o <tytso@mit.edu>
Thomas Gleixner <tglx@linutronix.de>
Tiffany Lin <tiffany.lin@mediatek.com>
Tom Lendacky <thomas.lendacky@amd.com>
Vittorio Gambaletta (VittGam) <linuxbugs@vittgam.net>
Vittorio Gambaletta <linuxbugs@vittgam.net>
Vladis Dronov <vdronov@redhat.com>
Wim Van Sebroeck <wim@iguana.be>
jobs:
build-amd64-xsm pass
build-i386-xsm pass
build-amd64 pass
build-i386 pass
build-amd64-libvirt pass
build-i386-libvirt pass
build-amd64-pvops pass
build-i386-pvops pass
build-amd64-rumpuserxen fail
build-i386-rumpuserxen fail
test-amd64-amd64-xl pass
test-amd64-i386-xl pass
test-amd64-amd64-xl-qemut-debianhvm-amd64-xsm pass
test-amd64-i386-xl-qemut-debianhvm-amd64-xsm pass
test-amd64-amd64-libvirt-qemuu-debianhvm-amd64-xsm pass
test-amd64-i386-libvirt-qemuu-debianhvm-amd64-xsm pass
test-amd64-amd64-xl-qemuu-debianhvm-amd64-xsm pass
test-amd64-i386-xl-qemuu-debianhvm-amd64-xsm pass
test-amd64-amd64-xl-qemut-stubdom-debianhvm-amd64-xsm pass
test-amd64-i386-xl-qemut-stubdom-debianhvm-amd64-xsm pass
test-amd64-amd64-libvirt-xsm pass
test-amd64-i386-libvirt-xsm pass
test-amd64-amd64-xl-xsm pass
test-amd64-i386-xl-xsm pass
test-amd64-amd64-qemuu-nested-amd fail
test-amd64-amd64-xl-pvh-amd fail
test-amd64-i386-qemut-rhel6hvm-amd pass
test-amd64-i386-qemuu-rhel6hvm-amd pass
test-amd64-amd64-xl-qemut-debianhvm-amd64 pass
test-amd64-i386-xl-qemut-debianhvm-amd64 pass
test-amd64-amd64-xl-qemuu-debianhvm-amd64 pass
test-amd64-i386-xl-qemuu-debianhvm-amd64 pass
test-amd64-i386-freebsd10-amd64 pass
test-amd64-amd64-xl-qemuu-ovmf-amd64 pass
test-amd64-i386-xl-qemuu-ovmf-amd64 pass
test-amd64-amd64-rumpuserxen-amd64 blocked
test-amd64-amd64-xl-qemut-win7-amd64 fail
test-amd64-i386-xl-qemut-win7-amd64 fail
test-amd64-amd64-xl-qemuu-win7-amd64 fail
test-amd64-i386-xl-qemuu-win7-amd64 fail
test-amd64-amd64-xl-credit2 fail
test-amd64-i386-freebsd10-i386 pass
test-amd64-i386-rumpuserxen-i386 blocked
test-amd64-amd64-qemuu-nested-intel fail
test-amd64-amd64-xl-pvh-intel fail
test-amd64-i386-qemut-rhel6hvm-intel pass
test-amd64-i386-qemuu-rhel6hvm-intel pass
test-amd64-amd64-libvirt pass
test-amd64-i386-libvirt pass
test-amd64-amd64-xl-multivcpu pass
test-amd64-amd64-pair pass
test-amd64-i386-pair pass
test-amd64-amd64-libvirt-pair pass
test-amd64-i386-libvirt-pair pass
test-amd64-amd64-amd64-pvgrub pass
test-amd64-amd64-i386-pvgrub pass
test-amd64-amd64-pygrub pass
test-amd64-amd64-xl-qcow2 pass
test-amd64-i386-xl-raw pass
test-amd64-amd64-xl-rtds pass
test-amd64-i386-xl-qemut-winxpsp3-vcpus1 pass
test-amd64-i386-xl-qemuu-winxpsp3-vcpus1 pass
test-amd64-amd64-libvirt-vhd pass
test-amd64-amd64-xl-qemut-winxpsp3 pass
test-amd64-i386-xl-qemut-winxpsp3 pass
test-amd64-amd64-xl-qemuu-winxpsp3 pass
test-amd64-i386-xl-qemuu-winxpsp3 pass
------------------------------------------------------------
sg-report-flight on osstest.xs.citrite.net
logs: /home/osstest/logs
images: /home/osstest/images
Logs, config files, etc. are available at
http://osstest.xs.citrite.net/~osstest/testlogs/logs
Test harness code can be found at
http://xenbits.xensource.com/gitweb?p=osstest.git;a=summary
Push not applicable.
(No revision log; it would be 1818 lines long.)
[-- Attachment #2: Type: text/plain, Size: 126 bytes --]
_______________________________________________
Xen-devel mailing list
Xen-devel@lists.xen.org
http://lists.xen.org/xen-devel
^ permalink raw reply [flat|nested] only message in thread
only message in thread, other threads:[~2016-04-14 1:54 UTC | newest]
Thread overview: (only message) (download: mbox.gz / follow: Atom feed)
-- links below jump to the message on this page --
2016-04-14 1:54 [linux-3.14 baseline-only test] 44329: tolerable FAIL Platform Team regression test user
This is a public inbox, see mirroring instructions
for how to clone and mirror all data and code used for this inbox;
as well as URLs for NNTP newsgroup(s).