* [xen-unstable baseline-only test] 44351: regressions - FAIL
@ 2016-04-22 1:12 Platform Team regression test user
0 siblings, 0 replies; only message in thread
From: Platform Team regression test user @ 2016-04-22 1:12 UTC (permalink / raw)
To: xen-devel, osstest-admin
This run is configured for baseline tests only.
flight 44351 xen-unstable real [real]
http://osstest.xs.citrite.net/~osstest/testlogs/logs/44351/
Regressions :-(
Tests which did not succeed and are blocking,
including tests which could not be run:
test-amd64-amd64-libvirt-pair 10 xen-boot/dst_host fail REGR. vs. 44338
Regressions which are regarded as allowable (not blocking):
build-amd64-rumpuserxen 6 xen-build fail like 44338
test-amd64-amd64-xl-xsm 19 guest-start/debian.repeat fail like 44338
build-i386-rumpuserxen 6 xen-build fail like 44338
test-amd64-i386-xl-qemuu-win7-amd64 16 guest-stop fail like 44338
test-amd64-amd64-qemuu-nested-intel 16 debian-hvm-install/l1/l2 fail like 44338
Tests which did not succeed, but are not blocking:
test-amd64-amd64-rumpuserxen-amd64 1 build-check(1) blocked n/a
test-amd64-i386-rumpuserxen-i386 1 build-check(1) blocked n/a
test-armhf-armhf-libvirt 14 guest-saverestore fail never pass
test-armhf-armhf-libvirt 12 migrate-support-check fail never pass
test-armhf-armhf-libvirt-xsm 12 migrate-support-check fail never pass
test-armhf-armhf-libvirt-xsm 14 guest-saverestore fail never pass
test-amd64-amd64-xl-pvh-amd 11 guest-start fail never pass
test-amd64-amd64-xl-pvh-intel 11 guest-start fail never pass
test-armhf-armhf-libvirt-raw 13 guest-saverestore fail never pass
test-armhf-armhf-libvirt-raw 11 migrate-support-check fail never pass
test-armhf-armhf-xl 12 migrate-support-check fail never pass
test-armhf-armhf-xl 13 saverestore-support-check fail never pass
test-armhf-armhf-xl-xsm 13 saverestore-support-check fail never pass
test-armhf-armhf-xl-xsm 12 migrate-support-check fail never pass
test-armhf-armhf-xl-multivcpu 13 saverestore-support-check fail never pass
test-armhf-armhf-xl-multivcpu 12 migrate-support-check fail never pass
test-armhf-armhf-xl-credit2 13 saverestore-support-check fail never pass
test-armhf-armhf-xl-credit2 12 migrate-support-check fail never pass
test-armhf-armhf-xl-midway 13 saverestore-support-check fail never pass
test-armhf-armhf-xl-midway 12 migrate-support-check fail never pass
test-armhf-armhf-xl-rtds 13 saverestore-support-check fail never pass
test-armhf-armhf-xl-rtds 12 migrate-support-check fail never pass
test-amd64-i386-libvirt 12 migrate-support-check fail never pass
test-amd64-i386-libvirt-xsm 12 migrate-support-check fail never pass
test-armhf-armhf-libvirt-qcow2 11 migrate-support-check fail never pass
test-armhf-armhf-libvirt-qcow2 13 guest-saverestore fail never pass
test-amd64-amd64-libvirt 12 migrate-support-check fail never pass
test-armhf-armhf-xl-vhd 11 migrate-support-check fail never pass
test-armhf-armhf-xl-vhd 12 saverestore-support-check fail never pass
test-amd64-amd64-qemuu-nested-amd 16 debian-hvm-install/l1/l2 fail never pass
test-amd64-amd64-libvirt-xsm 12 migrate-support-check fail never pass
test-amd64-amd64-libvirt-vhd 11 migrate-support-check fail never pass
test-amd64-amd64-libvirt-qemuu-debianhvm-amd64-xsm 10 migrate-support-check fail never pass
test-amd64-amd64-xl-qemuu-win7-amd64 16 guest-stop fail never pass
test-amd64-i386-libvirt-qemuu-debianhvm-amd64-xsm 10 migrate-support-check fail never pass
test-amd64-i386-xl-qemut-win7-amd64 16 guest-stop fail never pass
test-amd64-amd64-xl-qemut-win7-amd64 16 guest-stop fail never pass
version targeted for testing:
xen 4e4689e74d012b737bbca820cfe52c689c7d9cef
baseline version:
xen f3a7ca02400d1c416e97451b4aebfaf608fc8192
Last test of basis 44338 2016-04-16 17:50:42 Z 5 days
Testing same since 44351 2016-04-21 15:29:10 Z 0 days 1 attempts
------------------------------------------------------------
People who touched revisions under test:
Andrew Cooper <andrew.cooper3@citrix.com>
Dario Faggioli <dario.faggioli@citrix.com>
Ian Jackson <ian.jackson@eu.citrix.com>
Juergen Gross <jgross@suse.com>
Wei Liu <wei.liu2@citrix.com>
jobs:
build-amd64-xsm pass
build-armhf-xsm pass
build-i386-xsm pass
build-amd64 pass
build-armhf pass
build-i386 pass
build-amd64-libvirt pass
build-armhf-libvirt pass
build-i386-libvirt pass
build-amd64-oldkern pass
build-i386-oldkern pass
build-amd64-prev pass
build-i386-prev pass
build-amd64-pvops pass
build-armhf-pvops pass
build-i386-pvops pass
build-amd64-rumpuserxen fail
build-i386-rumpuserxen fail
test-amd64-amd64-xl pass
test-armhf-armhf-xl pass
test-amd64-i386-xl pass
test-amd64-amd64-xl-qemut-debianhvm-amd64-xsm pass
test-amd64-i386-xl-qemut-debianhvm-amd64-xsm pass
test-amd64-amd64-libvirt-qemuu-debianhvm-amd64-xsm pass
test-amd64-i386-libvirt-qemuu-debianhvm-amd64-xsm pass
test-amd64-amd64-xl-qemuu-debianhvm-amd64-xsm pass
test-amd64-i386-xl-qemuu-debianhvm-amd64-xsm pass
test-amd64-amd64-xl-qemut-stubdom-debianhvm-amd64-xsm pass
test-amd64-i386-xl-qemut-stubdom-debianhvm-amd64-xsm pass
test-amd64-amd64-libvirt-xsm pass
test-armhf-armhf-libvirt-xsm fail
test-amd64-i386-libvirt-xsm pass
test-amd64-amd64-xl-xsm fail
test-armhf-armhf-xl-xsm pass
test-amd64-i386-xl-xsm pass
test-amd64-amd64-qemuu-nested-amd fail
test-amd64-amd64-xl-pvh-amd fail
test-amd64-i386-qemut-rhel6hvm-amd pass
test-amd64-i386-qemuu-rhel6hvm-amd pass
test-amd64-amd64-xl-qemut-debianhvm-amd64 pass
test-amd64-i386-xl-qemut-debianhvm-amd64 pass
test-amd64-amd64-xl-qemuu-debianhvm-amd64 pass
test-amd64-i386-xl-qemuu-debianhvm-amd64 pass
test-amd64-i386-freebsd10-amd64 pass
test-amd64-amd64-xl-qemuu-ovmf-amd64 pass
test-amd64-i386-xl-qemuu-ovmf-amd64 pass
test-amd64-amd64-rumpuserxen-amd64 blocked
test-amd64-amd64-xl-qemut-win7-amd64 fail
test-amd64-i386-xl-qemut-win7-amd64 fail
test-amd64-amd64-xl-qemuu-win7-amd64 fail
test-amd64-i386-xl-qemuu-win7-amd64 fail
test-amd64-amd64-xl-credit2 pass
test-armhf-armhf-xl-credit2 pass
test-amd64-i386-freebsd10-i386 pass
test-amd64-i386-rumpuserxen-i386 blocked
test-amd64-amd64-qemuu-nested-intel fail
test-amd64-amd64-xl-pvh-intel fail
test-amd64-i386-qemut-rhel6hvm-intel pass
test-amd64-i386-qemuu-rhel6hvm-intel pass
test-amd64-amd64-libvirt pass
test-armhf-armhf-libvirt fail
test-amd64-i386-libvirt pass
test-armhf-armhf-xl-midway pass
test-amd64-amd64-migrupgrade pass
test-amd64-i386-migrupgrade pass
test-amd64-amd64-xl-multivcpu pass
test-armhf-armhf-xl-multivcpu pass
test-amd64-amd64-pair pass
test-amd64-i386-pair pass
test-amd64-amd64-libvirt-pair fail
test-amd64-i386-libvirt-pair pass
test-amd64-amd64-amd64-pvgrub pass
test-amd64-amd64-i386-pvgrub pass
test-amd64-amd64-pygrub pass
test-armhf-armhf-libvirt-qcow2 fail
test-amd64-amd64-xl-qcow2 pass
test-armhf-armhf-libvirt-raw fail
test-amd64-i386-xl-raw pass
test-amd64-amd64-xl-rtds pass
test-armhf-armhf-xl-rtds pass
test-amd64-i386-xl-qemut-winxpsp3-vcpus1 pass
test-amd64-i386-xl-qemuu-winxpsp3-vcpus1 pass
test-amd64-amd64-libvirt-vhd pass
test-armhf-armhf-xl-vhd pass
test-amd64-amd64-xl-qemut-winxpsp3 pass
test-amd64-i386-xl-qemut-winxpsp3 pass
test-amd64-amd64-xl-qemuu-winxpsp3 pass
test-amd64-i386-xl-qemuu-winxpsp3 pass
------------------------------------------------------------
sg-report-flight on osstest.xs.citrite.net
logs: /home/osstest/logs
images: /home/osstest/images
Logs, config files, etc. are available at
http://osstest.xs.citrite.net/~osstest/testlogs/logs
Test harness code can be found at
http://xenbits.xensource.com/gitweb?p=osstest.git;a=summary
Push not applicable.
------------------------------------------------------------
commit 4e4689e74d012b737bbca820cfe52c689c7d9cef
Author: Andrew Cooper <andrew.cooper3@citrix.com>
Date: Tue Apr 19 18:27:05 2016 +0100
tools/libxc: Correct use of X86_XSS_MASK in guest xstate generation
c/s 75f9455e "tools/libxc: Calculate xstate cpuid leaf from guest information"
incorrectly inverted the shift and mask when using X86_XSS_MASK. Luckily, the
mask is currently zero, avoiding incorrect calculations.
While adjusting this, use an explcit uint32_t cast rather than masking against
0xffffffff.
Signed-off-by: Andrew Cooper <andrew.cooper3@citrix.com>
Acked-by: Wei Liu <wei.liu2@citrix.com>
Release-acked-by: Wei Liu <wei.liu2@citrix.com>
commit 89534d87a42317448ab37b66315594080fc3c2ea
Author: Juergen Gross <jgross@suse.com>
Date: Fri Apr 15 16:54:17 2016 +0200
xen: cpupools: Document XEN_SYSCTL_CPUPOOL_OP_* error codes
Requested-by: Ian Jackson <Ian.Jackson@eu.citrix.com>
Signed-off-by: Juergen Gross <jgross@suse.com>
Acked-by: Ian Jackson <ian.jackson@eu.citrix.com>
Release-acked-by: Wei Liu <wei.liu2@citrix.com>
commit 15fedd65a83da2972563c5e7e054512f799f6d55
Author: Juergen Gross <jgross@suse.com>
Date: Fri Apr 15 16:54:16 2016 +0200
libxc: cpupools: adjust retry loop in xc_cpupool_removecpu()
Commit 1ef6beea187b ("libxc: do some retries in xc_cpupool_removecpu()
for EBUSY case") added a retry loop in xc_cpupool_removecpu() for the
EBUSY case. As EBUSY was returned in multiple error situations the
loop would have been executed in situations where a retry would not
be successful. Additionally calling sleep(1) between the rerires is a
bad idea when being called in a daemon.
The hypervisor has been changed to return different error values now.
The retry added in above mentioned commit should be done in the
EADDRINUSE case now. As the error condition should last only for a
very short time, the sleep(1) call can be removed.
Requested-by: Ian Jackson <Ian.Jackson@eu.citrix.com>
Signed-off-by: Juergen Gross <jgross@suse.com>
Acked-by: Ian Jackson <ian.jackson@eu.citrix.com>
Reviewed-by: Dario Faggioli <dario.faggioli@citrix.com>
Reviewed-by: Alan Robinson <alan.robinson@ts.fujitsu.com>
Release-acked-by: Wei Liu <wei.liu2@citrix.com>
commit 125d4beee0ea3134dd5ea9ec3f43ee38ee24a15f
Author: Juergen Gross <jgross@suse.com>
Date: Fri Apr 15 16:54:15 2016 +0200
xen: cpupools: return different error values for cpupool operations
Today there are several different situations in which moving a cpu
from or to a cpupool will return -EBUSY. This makes it hard for the
user to know what he did wrong, as the Xen tools are not capable to
print a detailed error message.
Depending on the situation return different error codes in order to
enable the tools to print useful messages.
Requested-by: Ian Jackson <Ian.Jackson@eu.citrix.com>
Signed-off-by: Juergen Gross <jgross@suse.com>
Acked-by: Ian Jackson <ian.jackson@eu.citrix.com>
Acked-by: Dario Faggioli <dario.faggioli@citrix.com>
Reviewed-by: Jan Beulich <jbeulich@suse.com>
Release-acked-by: Wei Liu <wei.liu2@citrix.com>
commit d5b6844942f7b21b24e92bccd85c1249592315c8
Author: Wei Liu <wei.liu2@citrix.com>
Date: Sun Apr 17 23:36:53 2016 +0100
libxl: fix old style declarations
Fix errors like:
/local/work/xen.git/dist/install/usr/local/include/libxl_uuid.h:59:1: error: 'static' is not at beginning of declaration [-Werror=old-style-declaration]
void static inline libxl_uuid_copy_0x040400(libxl_uuid *dst,
^
/local/work/xen.git/dist/install/usr/local/include/libxl_uuid.h:59:1: error: 'inline' is not at beginning of declaration [-Werror=old-style-declaration]
/local/work/xen.git/dist/install/usr/local/include/libxl.h:1233:1: error: 'static' is not at beginning of declaration [-Werror=old-style-declaration]
int static inline libxl_domain_create_restore_0x040200(
^
Signed-off-by: Wei Liu <wei.liu2@citrix.com>
Acked-by: Ian Jackson <ian.jackson@eu.citrix.com>
Release-acked-by: Wei Liu <wei.liu2@citrix.com>
(qemu changes not included)
_______________________________________________
Xen-devel mailing list
Xen-devel@lists.xen.org
http://lists.xen.org/xen-devel
^ permalink raw reply [flat|nested] only message in thread
only message in thread, other threads:[~2016-04-22 1:12 UTC | newest]
Thread overview: (only message) (download: mbox.gz / follow: Atom feed)
-- links below jump to the message on this page --
2016-04-22 1:12 [xen-unstable baseline-only test] 44351: regressions - FAIL Platform Team regression test user
This is a public inbox, see mirroring instructions
for how to clone and mirror all data and code used for this inbox;
as well as URLs for NNTP newsgroup(s).