* [linux-3.18 baseline-only test] 44371: tolerable FAIL
@ 2016-04-29 22:10 Platform Team regression test user
0 siblings, 0 replies; only message in thread
From: Platform Team regression test user @ 2016-04-29 22:10 UTC (permalink / raw)
To: xen-devel, osstest-admin
[-- Attachment #1: Type: text/plain, Size: 12511 bytes --]
This run is configured for baseline tests only.
flight 44371 linux-3.18 real [real]
http://osstest.xs.citrite.net/~osstest/testlogs/logs/44371/
Failures :-/ but no regressions.
Regressions which are regarded as allowable (not blocking):
build-i386-rumpuserxen 6 xen-build fail like 44352
build-amd64-rumpuserxen 6 xen-build fail like 44352
Tests which did not succeed, but are not blocking:
test-amd64-amd64-rumpuserxen-amd64 1 build-check(1) blocked n/a
test-amd64-i386-rumpuserxen-i386 1 build-check(1) blocked n/a
test-amd64-amd64-xl-pvh-intel 14 guest-saverestore fail never pass
test-armhf-armhf-libvirt 14 guest-saverestore fail never pass
test-armhf-armhf-libvirt 12 migrate-support-check fail never pass
test-armhf-armhf-libvirt-xsm 12 migrate-support-check fail never pass
test-armhf-armhf-libvirt-xsm 14 guest-saverestore fail never pass
test-amd64-amd64-xl-pvh-amd 11 guest-start fail never pass
test-armhf-armhf-libvirt-qcow2 11 migrate-support-check fail never pass
test-armhf-armhf-libvirt-qcow2 13 guest-saverestore fail never pass
test-armhf-armhf-libvirt-raw 13 guest-saverestore fail never pass
test-armhf-armhf-libvirt-raw 11 migrate-support-check fail never pass
test-armhf-armhf-xl-xsm 13 saverestore-support-check fail never pass
test-armhf-armhf-xl-midway 13 saverestore-support-check fail never pass
test-armhf-armhf-xl-credit2 13 saverestore-support-check fail never pass
test-armhf-armhf-xl-xsm 12 migrate-support-check fail never pass
test-armhf-armhf-xl-midway 12 migrate-support-check fail never pass
test-armhf-armhf-xl-credit2 12 migrate-support-check fail never pass
test-armhf-armhf-xl-multivcpu 13 saverestore-support-check fail never pass
test-armhf-armhf-xl-multivcpu 12 migrate-support-check fail never pass
test-armhf-armhf-xl 12 migrate-support-check fail never pass
test-armhf-armhf-xl 13 saverestore-support-check fail never pass
test-amd64-i386-libvirt-xsm 12 migrate-support-check fail never pass
test-armhf-armhf-xl-rtds 13 saverestore-support-check fail never pass
test-armhf-armhf-xl-rtds 12 migrate-support-check fail never pass
test-amd64-amd64-libvirt 12 migrate-support-check fail never pass
test-amd64-i386-libvirt 12 migrate-support-check fail never pass
test-amd64-amd64-qemuu-nested-amd 16 debian-hvm-install/l1/l2 fail never pass
test-amd64-amd64-libvirt-xsm 12 migrate-support-check fail never pass
test-armhf-armhf-xl-vhd 11 migrate-support-check fail never pass
test-armhf-armhf-xl-vhd 12 saverestore-support-check fail never pass
test-amd64-i386-libvirt-qemuu-debianhvm-amd64-xsm 10 migrate-support-check fail never pass
test-amd64-amd64-libvirt-qemuu-debianhvm-amd64-xsm 10 migrate-support-check fail never pass
test-amd64-amd64-xl-qemut-win7-amd64 16 guest-stop fail never pass
test-amd64-amd64-libvirt-vhd 11 migrate-support-check fail never pass
test-amd64-amd64-xl-qemuu-win7-amd64 16 guest-stop fail never pass
test-amd64-i386-xl-qemuu-win7-amd64 16 guest-stop fail never pass
test-amd64-i386-xl-qemut-win7-amd64 16 guest-stop fail never pass
version targeted for testing:
linux 834125557e0a4e5afafee3caf79696078d0820ae
baseline version:
linux f151e73cea45b97a5690806f3391d10e547d04d9
Last test of basis 44352 2016-04-21 17:54:28 Z 8 days
Testing same since 44371 2016-04-29 14:51:27 Z 0 days 1 attempts
------------------------------------------------------------
People who touched revisions under test:
Alan Stern <stern@rowland.harvard.edu>
Andrew Morton <akpm@linux-foundation.org>
Andy Shevchenko <andriy.shevchenko@linux.intel.com>
Anssi Hannula <anssi.hannula@iki.fi>
Bin Liu <b-liu@ti.com>
Bjørn Mork <bjorn@mork.no>
Boris Ostrovsky <boris.ostrovsky@oracle.com>
Chris Mason <clm@fb.com>
Christoph Lameter <cl@linux.com>
Daniel Fraga <fragabr@gmail.com>
David Disseldorp <ddiss@suse.de>
David Howells <dhowells@redhat.com>
David Matlack <dmatlack@google.com>
David S. Miller <davem@davemloft.net>
David Vrabel <david.vrabel@citrix.com>
Dennis Kadioglu <denk@post.com>
Eric Dumazet <edumazet@google.com>
Eric Wong <normalperson@yhbt.net>
Felipe Balbi <balbi@ti.com>
Felipe Balbi <felipe.balbi@linux.intel.com>
Filipe Manana <fdmanana@suse.com>
Greg Kroah-Hartman <gregkh@linuxfoundation.org>
Hans de Goede <hdegoede@redhat.com>
Helge Deller <deller@gmx.de>
Hui Wang <hui.wang@canonical.com>
Ilya Dryomov <idryomov@gmail.com>
Jani Nikula <jani.nikula@intel.com>
Jerome Marchand <jmarchan@redhat.com>
Jiri Kosina <jkosina@suse.cz>
Joe Perches <joe@perches.com>
Johan Hovold <johan@kernel.org>
John Keeping <john@metanate.com>
Josh Boyer <jwboyer@fedoraproject.org>
Kailang Yang <kailang@realtek.com>
Linus Torvalds <torvalds@linux-foundation.org>
Linus Walleij <linus.walleij@linaro.org>
Lokesh Vutla <lokeshvutla@ti.com>
Lu Baolu <baolu.lu@linux.intel.com>
Martin K. Petersen <martin.petersen@oracle.com>
Martyn Welch <martyn.welch@collabora.co.uk>
Mathias Nyman <mathias.nyman@linux.intel.com>
Mike Galbraith <umgwanakikbuti@gmail.com>
Mike Murdoch <main.haarp@gmail.com>
Neal Cardwell <ncardwell@google.com>
Oliver Neukum <ONeukum@suse.com>
Paolo Bonzini <pbonzini@redhat.com>
Paul Walmsley <paul@pwsan.com>
Rafal Redzimski <rafal.f.redzimski@intel.com>
Robert Dobrowolski <robert.dobrowolski@linux.intel.com>
Roger Quadros <rogerq@ti.com>
Rui Salvaterra <rsalvaterra@gmail.com>
Sasha Levin <sasha.levin@oracle.com>
Takashi Iwai <tiwai@suse.de>
Tero Kristo <t-kristo@ti.com>
Theodore Ts'o <tytso@mit.edu>
Vinod Koul <vinod.koul@intel.com>
Yong Li <sdliyong@gmail.com>
Yoshihiro Shimoda <yoshihiro.shimoda.uh@renesas.com>
Yuchung Cheng <ycheng@google.com>
Yuki Shibuya <shibuya.yk@ncos.nec.co.jp>
jobs:
build-amd64-xsm pass
build-armhf-xsm pass
build-i386-xsm pass
build-amd64 pass
build-armhf pass
build-i386 pass
build-amd64-libvirt pass
build-armhf-libvirt pass
build-i386-libvirt pass
build-amd64-pvops pass
build-armhf-pvops pass
build-i386-pvops pass
build-amd64-rumpuserxen fail
build-i386-rumpuserxen fail
test-amd64-amd64-xl pass
test-armhf-armhf-xl pass
test-amd64-i386-xl pass
test-amd64-amd64-xl-qemut-debianhvm-amd64-xsm pass
test-amd64-i386-xl-qemut-debianhvm-amd64-xsm pass
test-amd64-amd64-libvirt-qemuu-debianhvm-amd64-xsm pass
test-amd64-i386-libvirt-qemuu-debianhvm-amd64-xsm pass
test-amd64-amd64-xl-qemuu-debianhvm-amd64-xsm pass
test-amd64-i386-xl-qemuu-debianhvm-amd64-xsm pass
test-amd64-amd64-xl-qemut-stubdom-debianhvm-amd64-xsm pass
test-amd64-i386-xl-qemut-stubdom-debianhvm-amd64-xsm pass
test-amd64-amd64-libvirt-xsm pass
test-armhf-armhf-libvirt-xsm fail
test-amd64-i386-libvirt-xsm pass
test-amd64-amd64-xl-xsm pass
test-armhf-armhf-xl-xsm pass
test-amd64-i386-xl-xsm pass
test-amd64-amd64-qemuu-nested-amd fail
test-amd64-amd64-xl-pvh-amd fail
test-amd64-i386-qemut-rhel6hvm-amd pass
test-amd64-i386-qemuu-rhel6hvm-amd pass
test-amd64-amd64-xl-qemut-debianhvm-amd64 pass
test-amd64-i386-xl-qemut-debianhvm-amd64 pass
test-amd64-amd64-xl-qemuu-debianhvm-amd64 pass
test-amd64-i386-xl-qemuu-debianhvm-amd64 pass
test-amd64-i386-freebsd10-amd64 pass
test-amd64-amd64-xl-qemuu-ovmf-amd64 pass
test-amd64-i386-xl-qemuu-ovmf-amd64 pass
test-amd64-amd64-rumpuserxen-amd64 blocked
test-amd64-amd64-xl-qemut-win7-amd64 fail
test-amd64-i386-xl-qemut-win7-amd64 fail
test-amd64-amd64-xl-qemuu-win7-amd64 fail
test-amd64-i386-xl-qemuu-win7-amd64 fail
test-amd64-amd64-xl-credit2 pass
test-armhf-armhf-xl-credit2 pass
test-amd64-i386-freebsd10-i386 pass
test-amd64-i386-rumpuserxen-i386 blocked
test-amd64-amd64-qemuu-nested-intel pass
test-amd64-amd64-xl-pvh-intel fail
test-amd64-i386-qemut-rhel6hvm-intel pass
test-amd64-i386-qemuu-rhel6hvm-intel pass
test-amd64-amd64-libvirt pass
test-armhf-armhf-libvirt fail
test-amd64-i386-libvirt pass
test-armhf-armhf-xl-midway pass
test-amd64-amd64-xl-multivcpu pass
test-armhf-armhf-xl-multivcpu pass
test-amd64-amd64-pair pass
test-amd64-i386-pair pass
test-amd64-amd64-libvirt-pair pass
test-amd64-i386-libvirt-pair pass
test-amd64-amd64-amd64-pvgrub pass
test-amd64-amd64-i386-pvgrub pass
test-amd64-amd64-pygrub pass
test-armhf-armhf-libvirt-qcow2 fail
test-amd64-amd64-xl-qcow2 pass
test-armhf-armhf-libvirt-raw fail
test-amd64-i386-xl-raw pass
test-amd64-amd64-xl-rtds pass
test-armhf-armhf-xl-rtds pass
test-amd64-i386-xl-qemut-winxpsp3-vcpus1 pass
test-amd64-i386-xl-qemuu-winxpsp3-vcpus1 pass
test-amd64-amd64-libvirt-vhd pass
test-armhf-armhf-xl-vhd pass
test-amd64-amd64-xl-qemut-winxpsp3 pass
test-amd64-i386-xl-qemut-winxpsp3 pass
test-amd64-amd64-xl-qemuu-winxpsp3 pass
test-amd64-i386-xl-qemuu-winxpsp3 pass
------------------------------------------------------------
sg-report-flight on osstest.xs.citrite.net
logs: /home/osstest/logs
images: /home/osstest/images
Logs, config files, etc. are available at
http://osstest.xs.citrite.net/~osstest/testlogs/logs
Test harness code can be found at
http://xenbits.xensource.com/gitweb?p=osstest.git;a=summary
Push not applicable.
(No revision log; it would be 1946 lines long.)
[-- Attachment #2: Type: text/plain, Size: 126 bytes --]
_______________________________________________
Xen-devel mailing list
Xen-devel@lists.xen.org
http://lists.xen.org/xen-devel
^ permalink raw reply [flat|nested] only message in thread
only message in thread, other threads:[~2016-04-29 22:10 UTC | newest]
Thread overview: (only message) (download: mbox.gz / follow: Atom feed)
-- links below jump to the message on this page --
2016-04-29 22:10 [linux-3.18 baseline-only test] 44371: tolerable FAIL Platform Team regression test user
This is a public inbox, see mirroring instructions
for how to clone and mirror all data and code used for this inbox;
as well as URLs for NNTP newsgroup(s).