* [linux-3.4 baseline-only test] 44372: regressions - FAIL
@ 2016-04-30 3:34 Platform Team regression test user
0 siblings, 0 replies; only message in thread
From: Platform Team regression test user @ 2016-04-30 3:34 UTC (permalink / raw)
To: xen-devel, osstest-admin
[-- Attachment #1: Type: text/plain, Size: 12960 bytes --]
This run is configured for baseline tests only.
flight 44372 linux-3.4 real [real]
http://osstest.xs.citrite.net/~osstest/testlogs/logs/44372/
Regressions :-(
Tests which did not succeed and are blocking,
including tests which could not be run:
test-amd64-i386-xl-qemuu-debianhvm-amd64 6 xen-boot fail REGR. vs. 44273
test-amd64-i386-xl-raw 18 guest-start/debian.repeat fail REGR. vs. 44273
Regressions which are regarded as allowable (not blocking):
build-i386-rumpuserxen 6 xen-build fail like 44273
build-amd64-rumpuserxen 6 xen-build fail like 44273
Tests which did not succeed, but are not blocking:
test-amd64-i386-rumpuserxen-i386 1 build-check(1) blocked n/a
test-amd64-amd64-rumpuserxen-amd64 1 build-check(1) blocked n/a
test-amd64-amd64-xl-pvh-amd 11 guest-start fail never pass
test-amd64-amd64-xl-pvh-intel 11 guest-start fail never pass
test-amd64-i386-libvirt-xsm 12 migrate-support-check fail never pass
test-amd64-i386-libvirt 12 migrate-support-check fail never pass
test-amd64-amd64-libvirt 12 migrate-support-check fail never pass
test-amd64-amd64-libvirt-xsm 12 migrate-support-check fail never pass
test-amd64-i386-libvirt-qemuu-debianhvm-amd64-xsm 10 migrate-support-check fail never pass
test-amd64-amd64-qemuu-nested-amd 16 debian-hvm-install/l1/l2 fail never pass
test-amd64-amd64-libvirt-qemuu-debianhvm-amd64-xsm 10 migrate-support-check fail never pass
test-amd64-amd64-xl-qemuu-win7-amd64 16 guest-stop fail never pass
test-amd64-i386-xl-qemuu-win7-amd64 16 guest-stop fail never pass
test-amd64-i386-xl-qemut-win7-amd64 16 guest-stop fail never pass
test-amd64-amd64-xl-qemut-win7-amd64 16 guest-stop fail never pass
test-amd64-amd64-qemuu-nested-intel 16 debian-hvm-install/l1/l2 fail never pass
test-amd64-amd64-libvirt-vhd 11 migrate-support-check fail never pass
version targeted for testing:
linux 343a5fbeef08baf2097b8cf4e26137cebe3cfef4
baseline version:
linux 3389604d77540abf738b486d650c1745b2d663ca
Last test of basis 44273 2016-03-22 11:52:37 Z 38 days
Testing same since 44372 2016-04-29 15:54:02 Z 0 days 1 attempts
------------------------------------------------------------
People who touched revisions under test:
Alan Stern <stern@rowland.harvard.edu>
Alex Deucher <alexander.deucher@amd.com>
Alexander Duyck <alexander.h.duyck@redhat.com>
Alexey Klimov <alexey.klimov@linaro.org>
Andreas Schwab <schwab@linux-m68k.org>
Andrew Morton <akpm@linux-foundation.org>
Andrey Ryabinin <aryabinin@odin.com>
Andy Lutomirski <luto <at> kernel.org>
Andy Lutomirski <luto@kernel.org>
Ard Biesheuvel <ard.biesheuvel@linaro.org>
Arnaldo Carvalho de Melo <acme@redhat.com>
Ben Hutchings <ben@decadent.org.uk>
Ben Skeggs <bskeggs@redhat.com>
Bjorn Helgaas <bhelgaas@google.com>
Bob Copeland <me@bobcopeland.com>
Borislav Petkov <bp@suse.de>
Cathy Avery <cathy.avery@oracle.com>
Charles Keepax <ckeepax@opensource.wolfsonmicro.com>
Christian Zander <christian@nervanasys.com>
Christoph Biedl <linux-kernel.bfrz@manchmal.in-ulm.de>
Christoph Hellwig <hch@lst.de>
Christophe Leroy <christophe.leroy@c-s.fr>
Chuck Lever <chuck.lever@oracle.com>
Dan Carpenter <dan.carpenter@oracle.com>
Dave Airlie <airlied@gmail.com>
David Daney <david.daney@cavium.com>
David Härdeman <david@hardeman.nu>
David Vrabel <david.vrabel@citrix.com>
David Woodhouse <David.Woodhouse@intel.com>
David Woodhouse <dwmw2@infradead.org>
Doron Tsur <doront@mellanox.com>
Doug Ledford <dledford@redhat.com>
DÄvis MosÄns <davispuh@gmail.com>
Felix Fietkau <nbd@openwrt.org>
G. Richard Bellamy <rbellamy@pteradigm.com>
Geert Uytterhoeven <geert@linux-m68k.org>
Grant Likely <grant.likely@linaro.org>
Grazvydas Ignotas <notasas@gmail.com>
Greg Kroah-Hartman <gregkh@linuxfoundation.org>
Guenter Roeck <linux@roeck-us.net>
H. Nikolaus Schaller <hns@goldelico.com>
Herbert Xu <herbert@gondor.apana.org.au>
Hin-Tak Leung <htl10@users.sourceforge.net>
Ilia Mirkin <imirkin@alum.mit.edu>
Ingo Molnar <mingo@kernel.org>
J. Bruce Fields <bfields@redhat.com>
James Bottomley <JBottomley@Odin.com>
James Hogan <james.hogan@imgtec.com>
Jan Kara <jack@suse.com>
Jann Horn <jann@thejh.net>
Jarkko Nikula <jarkko.nikula@linux.intel.com>
Jeff Mahoney <jeffm@suse.com>
Jeffery Miller <jmiller@neverware.com>
Jens Axboe <axboe@fb.com>
Jesse Jones <jjones@cococorp.com>
Joe Thornber <thornber@redhat.com>
Joerg Roedel <jroedel@suse.de>
Johan Hovold <johan@kernel.org>
Johannes Berg <johannes.berg@intel.com>
John Stultz <john.stultz@linaro.org>
Joseph Qi <joseph.qi@huawei.com>
Kalle Valo <kvalo@codeaurora.org>
Kamal Mostafa <kamal <at> canonical.com>
Kees Cook <keescook@chromium.org>
Konrad Rzeszutek Wilk <konrad.wilk@oracle.com>
Kosuke Tatsukawa <tatsu@ab.jp.nec.com>
Laura Abbott <labbott@fedoraproject.org>
Linus Torvalds <torvalds@linux-foundation.org>
Luca Coelho <luciano.coelho@intel.com>
Malcolm Crossley <malcolm.crossley@citrix.com>
Mark Brown <broonie@kernel.org>
Mark Rustad <mark.d.rustad@intel.com>
Masahiro Yamada <yamada.masahiro@socionext.com>
Matan Barak <matanb@mellanox.com>
Mathias Nyman <mathias.nyman@linux.intel.com>
Matthijs Kooijman <matthijs@stdin.nl>
Mauro Carvalho Chehab <mchehab@osg.samsung.com>
Mel Gorman <mgorman@techsingularity.net>
Michael Ellerman <mpe@ellerman.id.au>
Mike Snitzer <snitzer@redhat.com>
Mikulas Patocka <mikulas@twibright.com>
Mikulas Patocka <mpatocka@redhat.com>
Namhyung Kim <namhyung@kernel.org>
Nate Dailey <nate.dailey@stratus.com>
NeilBrown <neilb@suse.com>
Nicolas Pitre <nico@linaro.org>
Noa Osherovich <noaos@mellanox.com>
Or Gerlitz <ogerlitz@mellanox.com>
Paolo Bonzini <pbonzini@redhat.com>
Paul Bolle <pebolle@tiscali.nl>
Paul Mackerras <paulus@ozlabs.org>
Paul Mackerras <paulus@samba.org>
Paul Moore <paul@paul-moore.com>
Peter Chen <peter.chen@freescale.com>
Peter Seiderer <ps.report@gmx.net>
Peter Zijlstra (Intel) <peterz@infradead.org>
Peter Zijlstra <peterz@infradead.org>
Ralf Baechle <ralf@linux-mips.org>
Ricardo Ribalda Delgado <ricardo.ribalda@gmail.com>
Richard Weinberger <richard@nod.at>
Rob Herring <robh@kernel.org>
Robert Jarzmik <robert.jarzmik@free.fr>
Roger Quadros <rogerq@ti.com>
Russell King <rmk+kernel@arm.linux.org.uk>
Rusty Russell <rusty@rustcorp.com.au>
Serge Hallyn <serge.hallyn@canonical.com>
Sergei Antonov <saproj@gmail.com>
Shachar Raindel <raindel@mellanox.com>
Shani Michaeli <shanim@mellanox.com>
Shaohua Li <shli@fb.com>
Sheng Yong <shengyong1@huawei.com>
shengyong <shengyong1@huawei.com>
Steffen Klassert <steffen.klassert@secunet.com>
Stephen Chandler Paul <cpaul@redhat.com>
Steve French <smfrench@gmail.com>
Sudip Mukherjee <sudip@vectorindia.org>
Sudip Mukherjee <sudipm.mukherjee@gmail.com>
T.J. Purtell <tj@mobisocial.us>
Takashi Iwai <tiwai@suse.de>
Tan, Jui Nee <jui.nee.tan@intel.com>
Tejun Heo <tj@kernel.org>
Thomas Gleixner <tglx@linutronix.de>
Thomas Huth <thuth@redhat.com>
Tony Lindgren <tony@atomide.com>
Trond Myklebust <trond.myklebust@primarydata.com>
Tyler Hicks <tyhicks@canonical.com>
Vasant Hegde <hegdevasant@linux.vnet.ibm.com>
Vincent Palatin <vpalatin@chromium.org>
Vincent Pelletier <plr.vincent@gmail.com>
Wolfram Sang <wsa+renesas@sang-engineering.com>
Yao-Wen Mao <yaowen@google.com>
Yishai Hadas <yishaih@mellanox.com>
Zefan Li <lizefan@huawei.com>
jobs:
build-amd64-xsm pass
build-i386-xsm pass
build-amd64 pass
build-i386 pass
build-amd64-libvirt pass
build-i386-libvirt pass
build-amd64-pvops pass
build-i386-pvops pass
build-amd64-rumpuserxen fail
build-i386-rumpuserxen fail
test-amd64-amd64-xl pass
test-amd64-i386-xl pass
test-amd64-amd64-xl-qemut-debianhvm-amd64-xsm pass
test-amd64-i386-xl-qemut-debianhvm-amd64-xsm pass
test-amd64-amd64-libvirt-qemuu-debianhvm-amd64-xsm pass
test-amd64-i386-libvirt-qemuu-debianhvm-amd64-xsm pass
test-amd64-amd64-xl-qemuu-debianhvm-amd64-xsm pass
test-amd64-i386-xl-qemuu-debianhvm-amd64-xsm pass
test-amd64-amd64-xl-qemut-stubdom-debianhvm-amd64-xsm pass
test-amd64-i386-xl-qemut-stubdom-debianhvm-amd64-xsm pass
test-amd64-amd64-libvirt-xsm pass
test-amd64-i386-libvirt-xsm pass
test-amd64-amd64-xl-xsm pass
test-amd64-i386-xl-xsm pass
test-amd64-amd64-qemuu-nested-amd fail
test-amd64-amd64-xl-pvh-amd fail
test-amd64-i386-qemut-rhel6hvm-amd pass
test-amd64-i386-qemuu-rhel6hvm-amd pass
test-amd64-amd64-xl-qemut-debianhvm-amd64 pass
test-amd64-i386-xl-qemut-debianhvm-amd64 pass
test-amd64-amd64-xl-qemuu-debianhvm-amd64 pass
test-amd64-i386-xl-qemuu-debianhvm-amd64 fail
test-amd64-i386-freebsd10-amd64 pass
test-amd64-amd64-xl-qemuu-ovmf-amd64 pass
test-amd64-i386-xl-qemuu-ovmf-amd64 pass
test-amd64-amd64-rumpuserxen-amd64 blocked
test-amd64-amd64-xl-qemut-win7-amd64 fail
test-amd64-i386-xl-qemut-win7-amd64 fail
test-amd64-amd64-xl-qemuu-win7-amd64 fail
test-amd64-i386-xl-qemuu-win7-amd64 fail
test-amd64-amd64-xl-credit2 pass
test-amd64-i386-freebsd10-i386 pass
test-amd64-i386-rumpuserxen-i386 blocked
test-amd64-amd64-qemuu-nested-intel fail
test-amd64-amd64-xl-pvh-intel fail
test-amd64-i386-qemut-rhel6hvm-intel pass
test-amd64-i386-qemuu-rhel6hvm-intel pass
test-amd64-amd64-libvirt pass
test-amd64-i386-libvirt pass
test-amd64-amd64-xl-multivcpu pass
test-amd64-amd64-pair pass
test-amd64-i386-pair pass
test-amd64-amd64-libvirt-pair pass
test-amd64-i386-libvirt-pair pass
test-amd64-amd64-amd64-pvgrub pass
test-amd64-amd64-i386-pvgrub pass
test-amd64-amd64-pygrub pass
test-amd64-amd64-xl-qcow2 pass
test-amd64-i386-xl-raw fail
test-amd64-amd64-xl-rtds pass
test-amd64-i386-xl-qemut-winxpsp3-vcpus1 pass
test-amd64-i386-xl-qemuu-winxpsp3-vcpus1 pass
test-amd64-amd64-libvirt-vhd pass
test-amd64-amd64-xl-qemut-winxpsp3 pass
test-amd64-i386-xl-qemut-winxpsp3 pass
test-amd64-amd64-xl-qemuu-winxpsp3 pass
test-amd64-i386-xl-qemuu-winxpsp3 pass
------------------------------------------------------------
sg-report-flight on osstest.xs.citrite.net
logs: /home/osstest/logs
images: /home/osstest/images
Logs, config files, etc. are available at
http://osstest.xs.citrite.net/~osstest/testlogs/logs
Test harness code can be found at
http://xenbits.xensource.com/gitweb?p=osstest.git;a=summary
Push not applicable.
(No revision log; it would be 2860 lines long.)
[-- Attachment #2: Type: text/plain, Size: 126 bytes --]
_______________________________________________
Xen-devel mailing list
Xen-devel@lists.xen.org
http://lists.xen.org/xen-devel
^ permalink raw reply [flat|nested] only message in thread
only message in thread, other threads:[~2016-04-30 3:34 UTC | newest]
Thread overview: (only message) (download: mbox.gz / follow: Atom feed)
-- links below jump to the message on this page --
2016-04-30 3:34 [linux-3.4 baseline-only test] 44372: regressions - FAIL Platform Team regression test user
This is a public inbox, see mirroring instructions
for how to clone and mirror all data and code used for this inbox;
as well as URLs for NNTP newsgroup(s).