* [xen-unstable baseline-only test] 44374: regressions - FAIL
@ 2016-04-30 13:26 Platform Team regression test user
0 siblings, 0 replies; only message in thread
From: Platform Team regression test user @ 2016-04-30 13:26 UTC (permalink / raw)
To: xen-devel, osstest-admin
[-- Attachment #1: Type: text/plain, Size: 20039 bytes --]
This run is configured for baseline tests only.
flight 44374 xen-unstable real [real]
http://osstest.xs.citrite.net/~osstest/testlogs/logs/44374/
Regressions :-(
Tests which did not succeed and are blocking,
including tests which could not be run:
test-amd64-amd64-qemuu-nested-amd 6 xen-boot fail REGR. vs. 44368
test-amd64-amd64-xl-qemut-stubdom-debianhvm-amd64-xsm 6 xen-boot fail REGR. vs. 44368
Regressions which are regarded as allowable (not blocking):
build-amd64-rumpuserxen 6 xen-build fail like 44368
build-i386-rumpuserxen 6 xen-build fail like 44368
test-amd64-i386-xl-qemuu-win7-amd64 16 guest-stop fail like 44368
test-amd64-amd64-qemuu-nested-intel 16 debian-hvm-install/l1/l2 fail like 44368
Tests which did not succeed, but are not blocking:
test-amd64-amd64-rumpuserxen-amd64 1 build-check(1) blocked n/a
test-amd64-i386-rumpuserxen-i386 1 build-check(1) blocked n/a
test-armhf-armhf-libvirt 14 guest-saverestore fail never pass
test-armhf-armhf-libvirt 12 migrate-support-check fail never pass
test-amd64-amd64-xl-pvh-amd 11 guest-start fail never pass
test-armhf-armhf-libvirt-xsm 12 migrate-support-check fail never pass
test-armhf-armhf-libvirt-xsm 14 guest-saverestore fail never pass
test-amd64-amd64-xl-pvh-intel 11 guest-start fail never pass
test-armhf-armhf-xl-credit2 13 saverestore-support-check fail never pass
test-armhf-armhf-xl-credit2 12 migrate-support-check fail never pass
test-armhf-armhf-xl-xsm 13 saverestore-support-check fail never pass
test-armhf-armhf-xl-xsm 12 migrate-support-check fail never pass
test-armhf-armhf-xl-midway 13 saverestore-support-check fail never pass
test-armhf-armhf-xl-multivcpu 13 saverestore-support-check fail never pass
test-armhf-armhf-xl-midway 12 migrate-support-check fail never pass
test-armhf-armhf-xl-multivcpu 12 migrate-support-check fail never pass
test-armhf-armhf-xl 12 migrate-support-check fail never pass
test-armhf-armhf-xl 13 saverestore-support-check fail never pass
test-armhf-armhf-xl-rtds 13 saverestore-support-check fail never pass
test-armhf-armhf-xl-rtds 12 migrate-support-check fail never pass
test-amd64-i386-libvirt 12 migrate-support-check fail never pass
test-amd64-i386-libvirt-xsm 12 migrate-support-check fail never pass
test-armhf-armhf-libvirt-raw 13 guest-saverestore fail never pass
test-armhf-armhf-libvirt-raw 11 migrate-support-check fail never pass
test-armhf-armhf-libvirt-qcow2 11 migrate-support-check fail never pass
test-armhf-armhf-libvirt-qcow2 13 guest-saverestore fail never pass
test-amd64-amd64-libvirt 12 migrate-support-check fail never pass
test-armhf-armhf-xl-vhd 11 migrate-support-check fail never pass
test-armhf-armhf-xl-vhd 12 saverestore-support-check fail never pass
test-amd64-amd64-libvirt-xsm 12 migrate-support-check fail never pass
test-amd64-amd64-libvirt-qemuu-debianhvm-amd64-xsm 10 migrate-support-check fail never pass
test-amd64-amd64-xl-qemuu-win7-amd64 16 guest-stop fail never pass
test-amd64-i386-libvirt-qemuu-debianhvm-amd64-xsm 10 migrate-support-check fail never pass
test-amd64-i386-xl-qemut-win7-amd64 16 guest-stop fail never pass
test-amd64-amd64-libvirt-vhd 11 migrate-support-check fail never pass
test-amd64-amd64-xl-qemut-win7-amd64 16 guest-stop fail never pass
version targeted for testing:
xen 981cfa96f183c5a6b62502d6f7d7b5c3b4e1e878
baseline version:
xen 9772c480a71ad38cc2c342e4c2e78c2475de7268
Last test of basis 44368 2016-04-27 18:20:28 Z 2 days
Testing same since 44374 2016-04-29 16:58:37 Z 0 days 1 attempts
------------------------------------------------------------
People who touched revisions under test:
Doug Goldstein <cardoe@cardoe.com>
Ian Jackson <ian.jackson@eu.citrix.com>
Roger Pau Monne <roger.pau@citrix.com>
Roger Pau Monné <roger.pau@citrix.com>
Wei Liu <wei.liu2@citrix.com>
jobs:
build-amd64-xsm pass
build-armhf-xsm pass
build-i386-xsm pass
build-amd64 pass
build-armhf pass
build-i386 pass
build-amd64-libvirt pass
build-armhf-libvirt pass
build-i386-libvirt pass
build-amd64-oldkern pass
build-i386-oldkern pass
build-amd64-prev pass
build-i386-prev pass
build-amd64-pvops pass
build-armhf-pvops pass
build-i386-pvops pass
build-amd64-rumpuserxen fail
build-i386-rumpuserxen fail
test-amd64-amd64-xl pass
test-armhf-armhf-xl pass
test-amd64-i386-xl pass
test-amd64-amd64-xl-qemut-debianhvm-amd64-xsm pass
test-amd64-i386-xl-qemut-debianhvm-amd64-xsm pass
test-amd64-amd64-libvirt-qemuu-debianhvm-amd64-xsm pass
test-amd64-i386-libvirt-qemuu-debianhvm-amd64-xsm pass
test-amd64-amd64-xl-qemuu-debianhvm-amd64-xsm pass
test-amd64-i386-xl-qemuu-debianhvm-amd64-xsm pass
test-amd64-amd64-xl-qemut-stubdom-debianhvm-amd64-xsm fail
test-amd64-i386-xl-qemut-stubdom-debianhvm-amd64-xsm pass
test-amd64-amd64-libvirt-xsm pass
test-armhf-armhf-libvirt-xsm fail
test-amd64-i386-libvirt-xsm pass
test-amd64-amd64-xl-xsm pass
test-armhf-armhf-xl-xsm pass
test-amd64-i386-xl-xsm pass
test-amd64-amd64-qemuu-nested-amd fail
test-amd64-amd64-xl-pvh-amd fail
test-amd64-i386-qemut-rhel6hvm-amd pass
test-amd64-i386-qemuu-rhel6hvm-amd pass
test-amd64-amd64-xl-qemut-debianhvm-amd64 pass
test-amd64-i386-xl-qemut-debianhvm-amd64 pass
test-amd64-amd64-xl-qemuu-debianhvm-amd64 pass
test-amd64-i386-xl-qemuu-debianhvm-amd64 pass
test-amd64-i386-freebsd10-amd64 pass
test-amd64-amd64-xl-qemuu-ovmf-amd64 pass
test-amd64-i386-xl-qemuu-ovmf-amd64 pass
test-amd64-amd64-rumpuserxen-amd64 blocked
test-amd64-amd64-xl-qemut-win7-amd64 fail
test-amd64-i386-xl-qemut-win7-amd64 fail
test-amd64-amd64-xl-qemuu-win7-amd64 fail
test-amd64-i386-xl-qemuu-win7-amd64 fail
test-amd64-amd64-xl-credit2 pass
test-armhf-armhf-xl-credit2 pass
test-amd64-i386-freebsd10-i386 pass
test-amd64-i386-rumpuserxen-i386 blocked
test-amd64-amd64-qemuu-nested-intel fail
test-amd64-amd64-xl-pvh-intel fail
test-amd64-i386-qemut-rhel6hvm-intel pass
test-amd64-i386-qemuu-rhel6hvm-intel pass
test-amd64-amd64-libvirt pass
test-armhf-armhf-libvirt fail
test-amd64-i386-libvirt pass
test-armhf-armhf-xl-midway pass
test-amd64-amd64-migrupgrade pass
test-amd64-i386-migrupgrade pass
test-amd64-amd64-xl-multivcpu pass
test-armhf-armhf-xl-multivcpu pass
test-amd64-amd64-pair pass
test-amd64-i386-pair pass
test-amd64-amd64-libvirt-pair pass
test-amd64-i386-libvirt-pair pass
test-amd64-amd64-amd64-pvgrub pass
test-amd64-amd64-i386-pvgrub pass
test-amd64-amd64-pygrub pass
test-armhf-armhf-libvirt-qcow2 fail
test-amd64-amd64-xl-qcow2 pass
test-armhf-armhf-libvirt-raw fail
test-amd64-i386-xl-raw pass
test-amd64-amd64-xl-rtds pass
test-armhf-armhf-xl-rtds pass
test-amd64-i386-xl-qemut-winxpsp3-vcpus1 pass
test-amd64-i386-xl-qemuu-winxpsp3-vcpus1 pass
test-amd64-amd64-libvirt-vhd pass
test-armhf-armhf-xl-vhd pass
test-amd64-amd64-xl-qemut-winxpsp3 pass
test-amd64-i386-xl-qemut-winxpsp3 pass
test-amd64-amd64-xl-qemuu-winxpsp3 pass
test-amd64-i386-xl-qemuu-winxpsp3 pass
------------------------------------------------------------
sg-report-flight on osstest.xs.citrite.net
logs: /home/osstest/logs
images: /home/osstest/images
Logs, config files, etc. are available at
http://osstest.xs.citrite.net/~osstest/testlogs/logs
Test harness code can be found at
http://xenbits.xensource.com/gitweb?p=osstest.git;a=summary
Push not applicable.
------------------------------------------------------------
commit 981cfa96f183c5a6b62502d6f7d7b5c3b4e1e878
Author: Roger Pau Monne <roger.pau@citrix.com>
Date: Wed Apr 27 11:55:27 2016 +0200
tools/pygrub: fix usage of LDFLAGS
LDFLAGS cannot be appended to CFLAGS, instead pass them down as env
variables.
Signed-off-by: Roger Pau Monné <roger.pau@citrix.com>
Acked-by: Wei Liu <wei.liu2@citrix.com>
Release-acked-by: Wei Liu <wei.liu2@citrix.com>
commit dbed24c7c4cfcdf5db9582a7b8bc74a2a48d4054
Author: Roger Pau Monne <roger.pau@citrix.com>
Date: Tue Apr 26 12:25:28 2016 +0200
tools/python: corrently use LDFLAGS and CFLAGS
It is incorrect to add the LDFLAGS to the CFLAGS, and some compilers will
error out if linker flags are passed when creating object files. Fix this by
properly passing CFLAGS and LDFLAGS, instead of putting everything in
CFLAGS.
Signed-off-by: Roger Pau Monné <roger.pau@citrix.com>
Reviewed-by: Doug Goldstein <cardoe@cardoe.com>
Acked-by: Wei Liu <wei.liu2@citrix.com>
Release-acked-by: Wei Liu <wei.liu2@citrix.com>
commit 92afa655e7b60a3c4d00fe1c7193e79fa4b901ad
Author: Roger Pau Monne <roger.pau@citrix.com>
Date: Tue Apr 26 12:07:51 2016 +0200
oxenstored: fix error when shifting negative value
By explicitly casting it to unsigned.
Reasoning on why this is needed, provided by Andrew Cooper:
"Ocaml stores integers shifted left by one, and with the bottom bit set.
Values with the bottom bit clear are pointers into the GC'd heap. Values
with the bottom bit set are integers, and need to be shifted by 1 bit to
have calculations performed."
Signed-off-by: Roger Pau Monné <roger.pau@citrix.com>
Reviewed-by: Andrew Cooper <andrew.cooper3@citrix.com>
Acked-by: Wei Liu <wei.liu2@citrix.com>
Release-acked-by: Wei Liu <wei.liu2@citrix.com>
commit 31268fea286fc129cd3015cf9de39eaf816173e7
Author: Roger Pau Monne <roger.pau@citrix.com>
Date: Tue Apr 26 12:07:51 2016 +0200
libxl: fix passing the type argument to xc_psr_*
The xc_psr_* functions expect the type to be xc_psr_cat_type instead of
libxl_psr_cbm_type, so do the conversion.
Signed-off-by: Roger Pau Monné <roger.pau@citrix.com>
Acked-by: Wei Liu <wei.liu2@citrix.com>
Release-acked-by: Wei Liu <wei.liu2@citrix.com>
commit 50f85376315df108bef0fe501dd0b35c4e6d2063
Author: Roger Pau Monne <roger.pau@citrix.com>
Date: Tue Apr 26 12:07:51 2016 +0200
libxl: add explicit casts from yajl_gen_status to yajl_status
Or else clang complains with:
implicit conversion from enumeration type 'yajl_gen_status' to different
enumeration type 'yajl_status' [-Werror,-Wenum-conversion]
Signed-off-by: Roger Pau Monné <roger.pau@citrix.com>
Acked-by: Wei Liu <wei.liu2@citrix.com>
[ wei: remove extraneous ";" ]
Release-acked-by: Wei Liu <wei.liu2@citrix.com>
commit 99507d279361738de65498138460490b83d44cd4
Author: Roger Pau Monne <roger.pau@citrix.com>
Date: Wed Apr 27 11:13:03 2016 +0200
libxl: convert libxl__device_model_xs_path to a macro
Since it's unsafe to code it as a function because it would end up passing a
non literal string to a printf like function.
Signed-off-by: Roger Pau Monné <roger.pau@citrix.com>
Acked-by: Wei Liu <wei.liu2@citrix.com>
Release-acked-by: Wei Liu <wei.liu2@citrix.com>
commit d75610122d44efc28f91877b0f3d151fcc8d3a55
Author: Roger Pau Monne <roger.pau@citrix.com>
Date: Tue Apr 26 12:07:50 2016 +0200
libxl: add the printf-like attributes to a couple of functions
Or else clang complains with:
error: format string is not a string literal
Signed-off-by: Roger Pau Monné <roger.pau@citrix.com>
Acked-by: Wei Liu <wei.liu2@citrix.com>
Release-acked-by: Wei Liu <wei.liu2@citrix.com>
commit 7cd41b0839add79260bf53f9f50731a032b98daa
Author: Roger Pau Monne <roger.pau@citrix.com>
Date: Tue Apr 26 12:07:50 2016 +0200
xl: fix usage of libxl_get_scheduler
It returns an int, not a libxl_scheduler.
Signed-off-by: Roger Pau Monné <roger.pau@citrix.com>
Reviewed-by: Doug Goldstein <cardoe@cardoe.com>
Acked-by: Wei Liu <wei.liu2@citrix.com>
Release-acked-by: Wei Liu <wei.liu2@citrix.com>
commit 1d006eb7dc17bf0ce221ef972e21ebb1a0e2a6dc
Author: Roger Pau Monne <roger.pau@citrix.com>
Date: Tue Apr 26 12:07:50 2016 +0200
libxl: fix shutdown_reason type in list_domains
It should be an enum, not an unsigned.
Signed-off-by: Roger Pau Monné <roger.pau@citrix.com>
Acked-by: Wei Liu <wei.liu2@citrix.com>
Reviewed-by: Doug Goldstein <cardoe@cardoe.com>
Release-acked-by: Wei Liu <wei.liu2@citrix.com>
commit 13b3d3505c3ea9a881e9733be8b47f7b17a5bdde
Author: Roger Pau Monne <roger.pau@citrix.com>
Date: Tue Apr 26 12:07:49 2016 +0200
libxc: fix usage of uninitialized variable
*size should be used instead, because it contains the size of the buffer in
out_buf.
Signed-off-by: Roger Pau Monné <roger.pau@citrix.com>
Acked-by: Wei Liu <wei.liu2@citrix.com>
Release-acked-by: Wei Liu <wei.liu2@citrix.com>
commit daddec692ab36feff55d89d8e6e964503c226910
Author: Roger Pau Monne <roger.pau@citrix.com>
Date: Tue Apr 26 12:07:49 2016 +0200
xen/tools: fix substitution of __align8__ uint64_t inside of headers
The current seedery doesn't work with BSD sed, so remove the try to match
int64_t also (since there's none at the moment). Also, apply the same
treatment to all arch headers, currently this is only done to x86_64
headers.
Signed-off-by: Roger Pau Monné <roger.pau@citrix.com>
Reviewed-by: Andrew Cooper <andrew.cooper3@citrix.com>
Acked-by: Wei Liu <wei.liu2@citrix.com>
Reviewed-by: Doug Goldstein <cardoe@cardoe.com>
Release-acked-by: Wei Liu <wei.liu2@citrix.com>
commit e69f9a4196ae8e297d6216491a5b9f1fa1a719f8
Author: Roger Pau Monne <roger.pau@citrix.com>
Date: Tue Apr 26 12:07:49 2016 +0200
tools/headers: prevent adding two __align8__ to uint64_t in ARM headers
Due to the fact that on ARM headers types are substituted to uint64_t and
then uint64_t is also substituted to contain the aligment, this would lead
to some types containing two __align8__ directives. Fix this by first
expanding Xen specific types to uint64_t only, and then replacing all the
uint64_t types to __align8__ uint64_t. This relies on the fact that all
Xen-specific types will have longer names, so they will always be replaced
first.
Signed-off-by: Roger Pau Monné <roger.pau@citrix.com>
Reviewed-by: Andrew Cooper <andrew.cooper3@citrix.com>
Acked-by: Wei Liu <wei.liu2@citrix.com>
Reviewed-by: Doug Goldstein <cardoe@cardoe.com>
Release-acked-by: Wei Liu <wei.liu2@citrix.com>
commit 1265d06dc17a4a4d5365ba18b511bd5b1633e47b
Author: Roger Pau Monne <roger.pau@citrix.com>
Date: Tue Apr 26 12:07:49 2016 +0200
build: remove Kconfig forced gcc selection
Signed-off-by: Roger Pau Monné <roger.pau@citrix.com>
Acked-by: Doug Goldstein <cardoe@cardoe.com>
Reviewed-by: Andrew Cooper <andrew.cooper3@citrix.com>
Reviewed-by: Wei Liu <wei.liu2@citrix.com>
Release-acked-by: Wei Liu <wei.liu2@citrix.com>
commit 648df4b0d49cd5c0b47625fe214ff74c27974d83
Author: Roger Pau Monne <roger.pau@citrix.com>
Date: Tue Apr 26 12:07:48 2016 +0200
build: pass HOST{CC/CXX} value down to Kconfig
Signed-off-by: Roger Pau Monné <roger.pau@citrix.com>
Acked-by: Ian Jackson <ian.jackson@eu.citrix.com>
Reviewed-by: Andrew Cooper <andrew.cooper3@citrix.com>
Reviewed-by: Doug Goldstein <cardoe@cardoe.com>
Reviewed-by: Wei Liu <wei.liu2@citrix.com>
Release-acked-by: Wei Liu <wei.liu2@citrix.com>
commit 22372e7724e2ba651efe9f934e1694bd40157474
Author: Roger Pau Monne <roger.pau@citrix.com>
Date: Tue Apr 26 12:07:48 2016 +0200
build: set HOSTCXX based on clang value for Kconfig xconfig target
The xconfig Kconfig target requires a C++ compiler because it uses Qt.
Signed-off-by: Roger Pau Monné <roger.pau@citrix.com>
Reviewed-by: Andrew Cooper <andrew.cooper3@citrix.com>
Reviewed-by: Doug Goldstein <cardoe@cardoe.com>
Reviewed-by: Wei Liu <wei.liu2@citrix.com>
Release-acked-by: Wei Liu <wei.liu2@citrix.com>
commit e29ef948a22f29350aac1713baa0faced8239fcb
Author: Roger Pau Monne <roger.pau@citrix.com>
Date: Tue Apr 26 12:07:48 2016 +0200
build: make HOSTCC conditional on the value of clang
Previously HOSTCC was always hardcoded to gcc
Signed-off-by: Roger Pau Monné <roger.pau@citrix.com>
Reviewed-by: Andrew Cooper <andrew.cooper3@citrix.com>
Reviewed-by: Doug Goldstein <cardoe@cardoe.com>
Reviewed-by: Wei Liu <wei.liu2@citrix.com>
Release-acked-by: Wei Liu <wei.liu2@citrix.com>
(qemu changes not included)
[-- Attachment #2: Type: text/plain, Size: 126 bytes --]
_______________________________________________
Xen-devel mailing list
Xen-devel@lists.xen.org
http://lists.xen.org/xen-devel
^ permalink raw reply [flat|nested] only message in thread
only message in thread, other threads:[~2016-04-30 13:26 UTC | newest]
Thread overview: (only message) (download: mbox.gz / follow: Atom feed)
-- links below jump to the message on this page --
2016-04-30 13:26 [xen-unstable baseline-only test] 44374: regressions - FAIL Platform Team regression test user
This is a public inbox, see mirroring instructions
for how to clone and mirror all data and code used for this inbox;
as well as URLs for NNTP newsgroup(s).