* [xen-4.4-testing test] 58802: regressions - FAIL
@ 2015-06-21 23:46 osstest service user
0 siblings, 0 replies; only message in thread
From: osstest service user @ 2015-06-21 23:46 UTC (permalink / raw)
To: xen-devel; +Cc: ian.jackson
[-- Warning: decoded text below may be mangled, UTF-8 assumed --]
[-- Attachment #1: Type: text/plain, Size: 7513 bytes --]
flight 58802 xen-4.4-testing real [real]
http://logs.test-lab.xenproject.org/osstest/logs/58802/
Regressions :-(
Tests which did not succeed and are blocking,
including tests which could not be run:
test-armhf-armhf-xl-multivcpu 15 guest-start/debian.repeat fail REGR. vs. 58451
Tests which are failing intermittently (not blocking):
test-armhf-armhf-xl-sedf-pin 15 guest-start/debian.repeat fail in 58790 pass in 58802
test-amd64-amd64-xl-qemuu-win7-amd64 15 guest-localmigrate/x10 fail pass in 58790
test-armhf-armhf-xl-sedf 15 guest-start/debian.repeat fail pass in 58790
test-amd64-amd64-xl-qemuu-winxpsp3 15 guest-localmigrate/x10 fail pass in 58790
Regressions which are regarded as allowable (not blocking):
test-amd64-i386-xl-qemuu-win7-amd64 15 guest-localmigrate/x10 fail in 58790 like 58530
test-amd64-amd64-libvirt 11 guest-start fail like 58530
Tests which did not succeed, but are not blocking:
test-amd64-i386-rumpuserxen-i386 1 build-check(1) blocked n/a
test-amd64-amd64-rumpuserxen-amd64 1 build-check(1) blocked n/a
build-amd64-rumpuserxen 6 xen-build fail never pass
build-i386-rumpuserxen 6 xen-build fail never pass
test-armhf-armhf-xl-credit2 6 xen-boot fail never pass
test-amd64-i386-libvirt 12 migrate-support-check fail never pass
test-armhf-armhf-libvirt 11 guest-start fail never pass
test-armhf-armhf-xl-arndale 12 migrate-support-check fail never pass
test-armhf-armhf-xl-multivcpu 12 migrate-support-check fail never pass
test-armhf-armhf-xl-cubietruck 12 migrate-support-check fail never pass
test-amd64-i386-xl-qemuu-win7-amd64 16 guest-stop fail never pass
test-armhf-armhf-xl 12 migrate-support-check fail never pass
test-armhf-armhf-xl-sedf-pin 12 migrate-support-check fail never pass
test-amd64-amd64-xl-qemut-win7-amd64 16 guest-stop fail never pass
test-amd64-i386-xl-qemut-win7-amd64 16 guest-stop fail never pass
test-amd64-i386-xend-qemut-winxpsp3 20 leak-check/check fail never pass
test-armhf-armhf-xl-sedf 12 migrate-support-check fail never pass
version targeted for testing:
xen de53397e342682dfe37d569a137007067a86b768
baseline version:
xen 05ab7714ff84003b9b4542d7816b4651efb67679
------------------------------------------------------------
People who touched revisions under test:
Alan Robinson <Alan.Robinson@ts.fujitsu.com>
Andrew Cooper <andrew.cooper3@citrix.com>
Dario Faggioli <dario.faggioli@citrix.com>
Dietmar Hahn <Dietmar.Hahn@ts.fujitsu.com>
Don Dugger <donald.d.dugger@intel.com>
George Dunlap <george.dunlap@eu.citrix.com>
Ian Campbell <ian.campbell@citrix.com>
Jan Beulich <jbeulich@suse.com>
Juergen Gross <jgross@suse.com>
Kevin Tian <kevin.tian@intel.com>
Konrad Rzeszutek Wilk <konrad.wilk@oracle.com>
Roger Pau Monné <roger.pau@citrix.com>
Ross Lagerwall <ross.lagerwall@citrix.com>
------------------------------------------------------------
jobs:
build-amd64-xend pass
build-i386-xend pass
build-amd64 pass
build-armhf pass
build-i386 pass
build-amd64-libvirt pass
build-armhf-libvirt pass
build-i386-libvirt pass
build-amd64-pvops pass
build-armhf-pvops pass
build-i386-pvops pass
build-amd64-rumpuserxen fail
build-i386-rumpuserxen fail
test-amd64-amd64-xl pass
test-armhf-armhf-xl pass
test-amd64-i386-xl pass
test-amd64-i386-qemut-rhel6hvm-amd pass
test-amd64-i386-qemuu-rhel6hvm-amd pass
test-amd64-amd64-xl-qemut-debianhvm-amd64 pass
test-amd64-i386-xl-qemut-debianhvm-amd64 pass
test-amd64-amd64-xl-qemuu-debianhvm-amd64 pass
test-amd64-i386-xl-qemuu-debianhvm-amd64 pass
test-amd64-i386-freebsd10-amd64 pass
test-amd64-amd64-xl-qemuu-ovmf-amd64 pass
test-amd64-i386-xl-qemuu-ovmf-amd64 pass
test-amd64-amd64-rumpuserxen-amd64 blocked
test-amd64-amd64-xl-qemut-win7-amd64 fail
test-amd64-i386-xl-qemut-win7-amd64 fail
test-amd64-amd64-xl-qemuu-win7-amd64 fail
test-amd64-i386-xl-qemuu-win7-amd64 fail
test-armhf-armhf-xl-arndale pass
test-amd64-amd64-xl-credit2 pass
test-armhf-armhf-xl-credit2 fail
test-armhf-armhf-xl-cubietruck pass
test-amd64-i386-freebsd10-i386 pass
test-amd64-i386-rumpuserxen-i386 blocked
test-amd64-i386-qemut-rhel6hvm-intel pass
test-amd64-i386-qemuu-rhel6hvm-intel pass
test-amd64-amd64-libvirt fail
test-armhf-armhf-libvirt fail
test-amd64-i386-libvirt pass
test-amd64-amd64-xl-multivcpu pass
test-armhf-armhf-xl-multivcpu fail
test-amd64-amd64-pair pass
test-amd64-i386-pair pass
test-amd64-amd64-xl-sedf-pin pass
test-armhf-armhf-xl-sedf-pin pass
test-amd64-amd64-pv pass
test-amd64-i386-pv pass
test-amd64-amd64-xl-sedf pass
test-armhf-armhf-xl-sedf fail
test-amd64-i386-xl-qemut-winxpsp3-vcpus1 pass
test-amd64-i386-xl-qemuu-winxpsp3-vcpus1 pass
test-amd64-i386-xend-qemut-winxpsp3 fail
test-amd64-amd64-xl-qemut-winxpsp3 pass
test-amd64-amd64-xl-qemuu-winxpsp3 fail
------------------------------------------------------------
sg-report-flight on osstest.test-lab.xenproject.org
logs: /home/logs/logs
images: /home/logs/images
Logs, config files, etc. are available at
http://logs.test-lab.xenproject.org/osstest/logs
Test harness code can be found at
http://xenbits.xen.org/gitweb?p=osstest.git;a=summary
Not pushing.
(No revision log; it would be 419 lines long.)
[-- Attachment #2: Type: text/plain, Size: 126 bytes --]
_______________________________________________
Xen-devel mailing list
Xen-devel@lists.xen.org
http://lists.xen.org/xen-devel
^ permalink raw reply [flat|nested] only message in thread
only message in thread, other threads:[~2015-06-21 23:46 UTC | newest]
Thread overview: (only message) (download: mbox.gz / follow: Atom feed)
-- links below jump to the message on this page --
2015-06-21 23:46 [xen-4.4-testing test] 58802: regressions - FAIL osstest service user
This is a public inbox, see mirroring instructions
for how to clone and mirror all data and code used for this inbox;
as well as URLs for NNTP newsgroup(s).