* [linux-3.4 test] 58820: regressions - FAIL
@ 2015-06-22 13:10 osstest service user
0 siblings, 0 replies; only message in thread
From: osstest service user @ 2015-06-22 13:10 UTC (permalink / raw)
To: xen-devel; +Cc: ian.jackson
flight 58820 linux-3.4 real [real]
http://logs.test-lab.xenproject.org/osstest/logs/58820/
Regressions :-(
Tests which did not succeed and are blocking,
including tests which could not be run:
test-amd64-amd64-xl-qemut-win7-amd64 6 xen-boot fail REGR. vs. 30511
Tests which are failing intermittently (not blocking):
test-amd64-i386-xl-qemuu-win7-amd64 9 windows-install fail in 58798 pass in 58820
test-amd64-amd64-pair 10 xen-boot/dst_host fail pass in 58798
test-amd64-amd64-pair 9 xen-boot/src_host fail pass in 58798
test-amd64-amd64-xl-sedf-pin 6 xen-boot fail pass in 58798
Regressions which are regarded as allowable (not blocking):
test-amd64-i386-xl-qemuu-debianhvm-amd64-xsm 6 xen-boot fail baseline untested
test-amd64-i386-libvirt-xsm 6 xen-boot fail baseline untested
test-amd64-amd64-xl-multivcpu 6 xen-boot fail baseline untested
test-amd64-amd64-xl-qemut-debianhvm-amd64-xsm 6 xen-boot fail baseline untested
test-amd64-i386-xl-qemut-debianhvm-amd64-xsm 6 xen-boot fail baseline untested
test-amd64-amd64-xl-qemuu-debianhvm-amd64-xsm 6 xen-boot fail baseline untested
test-amd64-amd64-xl-qemuu-win7-amd64 16 guest-stop fail like 30511
test-amd64-i386-xl-qemut-win7-amd64 16 guest-stop fail like 30511
test-amd64-amd64-xl-qemuu-ovmf-amd64 6 xen-boot fail like 53709-bisect
test-amd64-i386-freebsd10-amd64 6 xen-boot fail like 58780-bisect
test-amd64-i386-xl-qemuu-winxpsp3 6 xen-boot fail like 58786-bisect
test-amd64-i386-qemut-rhel6hvm-intel 6 xen-boot fail like 58788-bisect
test-amd64-i386-rumpuserxen-i386 6 xen-boot fail like 58799-bisect
test-amd64-i386-xl-qemuu-winxpsp3-vcpus1 6 xen-boot fail like 58801-bisect
test-amd64-amd64-xl-qemuu-debianhvm-amd64 6 xen-boot fail like 58803-bisect
test-amd64-amd64-xl-qemut-winxpsp3 6 xen-boot fail like 58804-bisect
test-amd64-i386-freebsd10-i386 6 xen-boot fail like 58805-bisect
test-amd64-i386-xl-qemuu-ovmf-amd64 6 xen-boot fail like 58806-bisect
test-amd64-amd64-xl-qemuu-winxpsp3 6 xen-boot fail like 58807-bisect
test-amd64-i386-xl-qemut-winxpsp3 6 xen-boot fail like 58808-bisect
test-amd64-i386-xl-qemut-winxpsp3-vcpus1 6 xen-boot fail like 58809-bisect
test-amd64-amd64-rumpuserxen-amd64 6 xen-boot fail like 58810-bisect
test-amd64-i386-xl-qemuu-debianhvm-amd64 6 xen-boot fail like 58811-bisect
test-amd64-amd64-xl-qemut-debianhvm-amd64 6 xen-boot fail like 58813-bisect
test-amd64-i386-qemuu-rhel6hvm-intel 6 xen-boot fail like 58814-bisect
test-amd64-i386-xl-qemut-debianhvm-amd64 6 xen-boot fail like 58815-bisect
Tests which did not succeed, but are not blocking:
test-amd64-amd64-xl-pvh-amd 11 guest-start fail never pass
test-amd64-amd64-xl-pvh-intel 11 guest-start fail never pass
test-amd64-i386-libvirt 12 migrate-support-check fail never pass
test-amd64-amd64-libvirt-xsm 12 migrate-support-check fail never pass
test-amd64-amd64-libvirt 12 migrate-support-check fail never pass
test-amd64-i386-xl-qemuu-win7-amd64 16 guest-stop fail never pass
version targeted for testing:
linux cf1b3dad6c5699b977273276bada8597636ef3e2
baseline version:
linux bb4a05a0400ed6d2f1e13d1f82f289ff74300a70
------------------------------------------------------------
500 people touched revisions under test,
not listing them all
------------------------------------------------------------
jobs:
build-amd64-xsm pass
build-i386-xsm pass
build-amd64 pass
build-i386 pass
build-amd64-libvirt pass
build-i386-libvirt pass
build-amd64-pvops pass
build-i386-pvops pass
build-amd64-rumpuserxen pass
build-i386-rumpuserxen pass
test-amd64-amd64-xl pass
test-amd64-i386-xl pass
test-amd64-amd64-xl-qemut-debianhvm-amd64-xsm fail
test-amd64-i386-xl-qemut-debianhvm-amd64-xsm fail
test-amd64-amd64-xl-qemuu-debianhvm-amd64-xsm fail
test-amd64-i386-xl-qemuu-debianhvm-amd64-xsm fail
test-amd64-amd64-xl-qemut-stubdom-debianhvm-amd64-xsm pass
test-amd64-i386-xl-qemut-stubdom-debianhvm-amd64-xsm pass
test-amd64-amd64-libvirt-xsm pass
test-amd64-i386-libvirt-xsm fail
test-amd64-amd64-xl-xsm pass
test-amd64-i386-xl-xsm pass
test-amd64-amd64-xl-pvh-amd fail
test-amd64-i386-qemut-rhel6hvm-amd pass
test-amd64-i386-qemuu-rhel6hvm-amd pass
test-amd64-amd64-xl-qemut-debianhvm-amd64 fail
test-amd64-i386-xl-qemut-debianhvm-amd64 fail
test-amd64-amd64-xl-qemuu-debianhvm-amd64 fail
test-amd64-i386-xl-qemuu-debianhvm-amd64 fail
test-amd64-i386-freebsd10-amd64 fail
test-amd64-amd64-xl-qemuu-ovmf-amd64 fail
test-amd64-i386-xl-qemuu-ovmf-amd64 fail
test-amd64-amd64-rumpuserxen-amd64 fail
test-amd64-amd64-xl-qemut-win7-amd64 fail
test-amd64-i386-xl-qemut-win7-amd64 fail
test-amd64-amd64-xl-qemuu-win7-amd64 fail
test-amd64-i386-xl-qemuu-win7-amd64 fail
test-amd64-amd64-xl-credit2 pass
test-amd64-i386-freebsd10-i386 fail
test-amd64-i386-rumpuserxen-i386 fail
test-amd64-amd64-xl-pvh-intel fail
test-amd64-i386-qemut-rhel6hvm-intel fail
test-amd64-i386-qemuu-rhel6hvm-intel fail
test-amd64-amd64-libvirt pass
test-amd64-i386-libvirt pass
test-amd64-amd64-xl-multivcpu fail
test-amd64-amd64-pair fail
test-amd64-i386-pair pass
test-amd64-amd64-xl-sedf-pin fail
test-amd64-amd64-xl-sedf pass
test-amd64-i386-xl-qemut-winxpsp3-vcpus1 fail
test-amd64-i386-xl-qemuu-winxpsp3-vcpus1 fail
test-amd64-amd64-xl-qemut-winxpsp3 fail
test-amd64-i386-xl-qemut-winxpsp3 fail
test-amd64-amd64-xl-qemuu-winxpsp3 fail
test-amd64-i386-xl-qemuu-winxpsp3 fail
------------------------------------------------------------
sg-report-flight on osstest.test-lab.xenproject.org
logs: /home/logs/logs
images: /home/logs/images
Logs, config files, etc. are available at
http://logs.test-lab.xenproject.org/osstest/logs
Test harness code can be found at
http://xenbits.xen.org/gitweb?p=osstest.git;a=summary
Not pushing.
(No revision log; it would be 17783 lines long.)
^ permalink raw reply [flat|nested] only message in thread
only message in thread, other threads:[~2015-06-22 13:10 UTC | newest]
Thread overview: (only message) (download: mbox.gz / follow: Atom feed)
-- links below jump to the message on this page --
2015-06-22 13:10 [linux-3.4 test] 58820: regressions - FAIL osstest service user
This is a public inbox, see mirroring instructions
for how to clone and mirror all data and code used for this inbox;
as well as URLs for NNTP newsgroup(s).