* [qemu-mainline test] 59810: regressions - FAIL
@ 2015-07-22 19:05 osstest service owner
0 siblings, 0 replies; only message in thread
From: osstest service owner @ 2015-07-22 19:05 UTC (permalink / raw)
To: xen-devel, osstest-admin
[-- Warning: decoded text below may be mangled, UTF-8 assumed --]
[-- Attachment #1: Type: text/plain, Size: 10916 bytes --]
flight 59810 qemu-mainline real [real]
http://logs.test-lab.xenproject.org/osstest/logs/59810/
Regressions :-(
Tests which did not succeed and are blocking,
including tests which could not be run:
test-amd64-i386-freebsd10-i386 12 guest-saverestore fail REGR. vs. 59059
test-amd64-i386-xl-qemuu-ovmf-amd64 11 guest-saverestore fail REGR. vs. 59059
test-amd64-i386-xl-qemuu-debianhvm-amd64 11 guest-saverestore fail REGR. vs. 59059
test-amd64-i386-xl-qemuu-debianhvm-amd64-xsm 11 guest-saverestore fail REGR. vs. 59059
test-amd64-i386-xl-qemuu-winxpsp3-vcpus1 11 guest-saverestore fail REGR. vs. 59059
test-amd64-amd64-xl-qemuu-debianhvm-amd64 11 guest-saverestore fail REGR. vs. 59059
test-amd64-amd64-xl-qemuu-ovmf-amd64 11 guest-saverestore fail REGR. vs. 59059
test-amd64-amd64-xl-qemuu-winxpsp3 11 guest-saverestore fail REGR. vs. 59059
test-amd64-i386-freebsd10-amd64 12 guest-saverestore fail REGR. vs. 59059
test-amd64-i386-xl-qemuu-winxpsp3 11 guest-saverestore fail REGR. vs. 59059
test-amd64-amd64-xl-qemuu-debianhvm-amd64-xsm 11 guest-saverestore fail REGR. vs. 59059
test-amd64-amd64-xl-qemuu-win7-amd64 11 guest-saverestore fail REGR. vs. 59059
test-amd64-i386-xl-qemuu-win7-amd64 11 guest-saverestore fail REGR. vs. 59059
Regressions which are regarded as allowable (not blocking):
test-armhf-armhf-xl-rtds 11 guest-start fail REGR. vs. 59059
Tests which did not succeed, but are not blocking:
test-amd64-i386-libvirt 12 migrate-support-check fail never pass
test-amd64-amd64-xl-pvh-intel 11 guest-start fail never pass
test-amd64-amd64-libvirt 12 migrate-support-check fail never pass
test-armhf-armhf-xl-multivcpu 12 migrate-support-check fail never pass
test-amd64-i386-libvirt-xsm 12 migrate-support-check fail never pass
test-amd64-amd64-libvirt-xsm 12 migrate-support-check fail never pass
test-armhf-armhf-xl-cubietruck 12 migrate-support-check fail never pass
test-armhf-armhf-xl-arndale 12 migrate-support-check fail never pass
test-amd64-amd64-xl-pvh-amd 11 guest-start fail never pass
test-armhf-armhf-libvirt-xsm 12 migrate-support-check fail never pass
test-armhf-armhf-libvirt 12 migrate-support-check fail never pass
test-armhf-armhf-xl-xsm 12 migrate-support-check fail never pass
test-armhf-armhf-xl 12 migrate-support-check fail never pass
test-armhf-armhf-xl-credit2 12 migrate-support-check fail never pass
version targeted for testing:
qemuu 774ee4772b6838b78741ea52d4bf26b8922244c5
baseline version:
qemuu 35360642d043c2a5366e8a04a10e5545e7353bd5
Last test of basis 59059 2015-07-05 10:39:20 Z 17 days
Failing since 59109 2015-07-06 14:58:21 Z 16 days 23 attempts
Testing same since 59810 2015-07-22 00:12:57 Z 0 days 1 attempts
------------------------------------------------------------
People who touched revisions under test:
Alberto Garcia <berto@igalia.com>
Alex Williamson <alex.williamson@redhat.com>
Alexander Graf <agraf@suse.de>
Alexey Kardashevskiy <aik@ozlabs.ru>
Alvise Rigo <a.rigo@virtualopensystems.com>
Amit Shah <amit.shah@redhat.com>
Andreas Färber <afaerber@suse.de>
Andrew Bennett <andrew.bennett@imgtec.com>
Andrew Jones <drjones@redhat.com>
Artyom Tarasenko <atar4qemu@gmail.com>
Aurelien Jarno <aurelien@aurel32.net>
Benjamin Herrenschmidt <benh@kernel.crashing.org>
Bharata B Rao <bharata@linux.vnet.com>
Bharata B Rao <bharata@linux.vnet.ibm.com>
Brian Kress <kressb@moose.net>
Chen Hanxiao <chenhanxiao@cn.fujitsu.com>
Christian Borntraeger <borntraeger@de.ibm.com>
Christoffer Dall <christoffer.dall@linaro.org>
Christoph Hellwig <hch@lst.de>
Claudio Fontana <claudio.fontana@huawei.com>
Cormac O'Brien <i.am.cormac.obrien@gmail.com>
Cornelia Huck <cornelia.huck@de.ibm.com>
Dana Rubin <dana.rubin@ravellosystems.com>
Daniel P. Berrange <berrange@redhat.com>
David Gibson <david@gibson.dropbear.id.au>
Denis V. Lunev <den@openvz.org>
Dmitry Osipenko <digetx@gmail.com>
Dr. David Alan Gilbert <dgilbert@redhat.com>
Eduardo Habkost <ehabkost@redhat.com>
Eric Auger <eric.auger@linaro.org>
Fam Zheng <famz@redhat.com>
Frediano Ziglio <fziglio@redhat.com>
Gabriel Laupre <glaupre@chelsio.com>
Gavin Shan <gwshan@linux.vnet.ibm.com>
Gerd Hoffmann <kraxel@redhat.com>
Gonglei <arei.gonglei@huawei.com>
Greg Kurz <gkurz@linux.vnet.ibm.com>
Hannes Reinecke <hare@suse.de>
Hervé Poussineau <hpoussin@reactos.org>
Igor Mammedov <imammedo@redhat.com>
James Hogan <james.hogan@imgtec.com>
Jan Kiszka <jan.kiszka@siemens.com>
Jason Wang <jasowang@redhat.com>
Jeff Cody <jcody@redhat.com>
Johannes Schlatow <schlatow@ida.ing.tu-bs.de>
John Snow <jsnow@redhat.com>
Josh Durgin <jdurgin@redhat.com>
Juan Quintela <quintela@redhat.com>
Justin Ossevoort <justin@quarantainenet.nl>
Keith Busch <keith.busch@intel.com>
Kevin Wolf <kwolf@redhat.com>
Kirk Allan <kallan@suse.com>
Laszlo Ersek <lersek@redhat.com>
Laurent Vivier <laurent@vivier.eu>
Laurent Vivier <lvivier@redhat.com>
Leon Alrae <leon.alrae@imgtec.com>
Li Zhijian <lizhijian@cn.fujitsu.com>
Liang Li <liang.z.li@intel.com>
Lin Ma <lma@suse.com>
Marc-André Lureau <marcandre.lureau@redhat.com>
Markus Armbruster <armbru@redhat.com>
Max Filippov <jcmvbkbc@gmail.com>
Michael Roth <mdroth@linux.vnet.ibm.com>
Michael S. Tsirkin <mst@redhat.com>
Nikunj A Dadhania <nikunj@linux.vnet.ibm.com>
Olga Krishtal <okrishtal@virtuozzo.com>
Pankaj Gupta <pagupta@redhat.com>
Paolo Bonzini <pbonzini@redhat.com>
Paul Durrant <paul.durrant@citrix.com>
Paulo Alcantara <pcacjr@gmail.com>
Paulo Alcantara <pcacjr@zytor.com>
Peter Crosthwaite <crosthwaite.peter@gmail.com>
Peter Crosthwaite <crosthwaitepeter@gmail.com>
Peter Maydell <peter.maydell@linaro.org>
Radim Krčmář <rkrcmar@redhat.com>
Richard W.M. Jones <rjones@redhat.com>
Scott Feldman <sfeldma@gmail.com>
Sergey Fedorov <serge.fdrv@gmail.com>
Shmulik Ladkani <shmulik.ladkani@ravellosystems.com>
Stefan Fritsch <sf@sfritsch.de>
Stefan Hajnoczi <stefanha@redhat.com>
Stefan Weil <sw@weilnetz.de>
Ting Wang <kathy.wangting@huawei.com>
Vikram Sethi <vikrams@codeaurora.org>
Wen Congyang <wency@cn.fujitsu.com>
Wenshuang Ma <kevinnma@tencent.com>
Wolfgang Bumiller <w.bumiller@proxmox.com>
Xu Wang <gesaint@linux.vnet.ibm.com>
Yongbok Kim <yongbok.kim@imgtec.com>
马文霜 <kevinnma@tencent.com>
jobs:
build-amd64-xsm pass
build-armhf-xsm pass
build-i386-xsm pass
build-amd64 pass
build-armhf pass
build-i386 pass
build-amd64-libvirt pass
build-armhf-libvirt pass
build-i386-libvirt pass
build-amd64-pvops pass
build-armhf-pvops pass
build-i386-pvops pass
test-amd64-amd64-xl pass
test-armhf-armhf-xl pass
test-amd64-i386-xl pass
test-amd64-amd64-xl-qemuu-debianhvm-amd64-xsm fail
test-amd64-i386-xl-qemuu-debianhvm-amd64-xsm fail
test-amd64-amd64-libvirt-xsm pass
test-armhf-armhf-libvirt-xsm pass
test-amd64-i386-libvirt-xsm pass
test-amd64-amd64-xl-xsm pass
test-armhf-armhf-xl-xsm pass
test-amd64-i386-xl-xsm pass
test-amd64-amd64-xl-pvh-amd fail
test-amd64-i386-qemuu-rhel6hvm-amd pass
test-amd64-amd64-xl-qemuu-debianhvm-amd64 fail
test-amd64-i386-xl-qemuu-debianhvm-amd64 fail
test-amd64-i386-freebsd10-amd64 fail
test-amd64-amd64-xl-qemuu-ovmf-amd64 fail
test-amd64-i386-xl-qemuu-ovmf-amd64 fail
test-amd64-amd64-xl-qemuu-win7-amd64 fail
test-amd64-i386-xl-qemuu-win7-amd64 fail
test-armhf-armhf-xl-arndale pass
test-amd64-amd64-xl-credit2 pass
test-armhf-armhf-xl-credit2 pass
test-armhf-armhf-xl-cubietruck pass
test-amd64-i386-freebsd10-i386 fail
test-amd64-amd64-xl-pvh-intel fail
test-amd64-i386-qemuu-rhel6hvm-intel pass
test-amd64-amd64-libvirt pass
test-armhf-armhf-libvirt pass
test-amd64-i386-libvirt pass
test-amd64-amd64-xl-multivcpu pass
test-armhf-armhf-xl-multivcpu pass
test-amd64-amd64-pair pass
test-amd64-i386-pair pass
test-amd64-amd64-xl-rtds pass
test-armhf-armhf-xl-rtds fail
test-amd64-i386-xl-qemuu-winxpsp3-vcpus1 fail
test-amd64-amd64-xl-qemuu-winxpsp3 fail
test-amd64-i386-xl-qemuu-winxpsp3 fail
------------------------------------------------------------
sg-report-flight on osstest.test-lab.xenproject.org
logs: /home/logs/logs
images: /home/logs/images
Logs, config files, etc. are available at
http://logs.test-lab.xenproject.org/osstest/logs
Explanation of these reports, and of osstest in general, is at
http://xenbits.xen.org/gitweb/?p=osstest.git;a=blob;f=README.email;hb=master
http://xenbits.xen.org/gitweb/?p=osstest.git;a=blob;f=README;hb=master
Test harness code can be found at
http://xenbits.xen.org/gitweb?p=osstest.git;a=summary
Not pushing.
(No revision log; it would be 6788 lines long.)
[-- Attachment #2: Type: text/plain, Size: 126 bytes --]
_______________________________________________
Xen-devel mailing list
Xen-devel@lists.xen.org
http://lists.xen.org/xen-devel
^ permalink raw reply [flat|nested] only message in thread
only message in thread, other threads:[~2015-07-22 19:05 UTC | newest]
Thread overview: (only message) (download: mbox.gz / follow: Atom feed)
-- links below jump to the message on this page --
2015-07-22 19:05 [qemu-mainline test] 59810: regressions - FAIL osstest service owner
This is a public inbox, see mirroring instructions
for how to clone and mirror all data and code used for this inbox;
as well as URLs for NNTP newsgroup(s).