* [linux-4.1 test] 59909: regressions - FAIL
@ 2015-07-26 14:04 osstest service owner
0 siblings, 0 replies; only message in thread
From: osstest service owner @ 2015-07-26 14:04 UTC (permalink / raw)
To: xen-devel, osstest-admin
[-- Warning: decoded text below may be mangled, UTF-8 assumed --]
[-- Attachment #1: Type: text/plain, Size: 11333 bytes --]
flight 59909 linux-4.1 real [real]
http://logs.test-lab.xenproject.org/osstest/logs/59909/
Regressions :-(
Tests which did not succeed and are blocking,
including tests which could not be run:
test-amd64-i386-pair 21 guest-migrate/src_host/dst_host fail REGR. vs. 59393
test-amd64-i386-xl 13 guest-saverestore fail REGR. vs. 59393
Regressions which are regarded as allowable (not blocking):
test-amd64-amd64-xl-qemuu-win7-amd64 16 guest-stop fail REGR. vs. 59393
test-amd64-amd64-xl-qemut-win7-amd64 16 guest-stop fail like 59393
test-amd64-i386-xl-qemut-stubdom-debianhvm-amd64-xsm 9 debian-hvm-install fail like 59863-bisect
test-amd64-i386-xl-xsm 13 guest-saverestore fail like 59936-bisect
Tests which did not succeed, but are not blocking:
test-amd64-amd64-xl-pvh-intel 13 guest-saverestore fail never pass
test-amd64-amd64-libvirt-xsm 12 migrate-support-check fail never pass
test-amd64-amd64-libvirt 12 migrate-support-check fail never pass
test-armhf-armhf-xl-arndale 12 migrate-support-check fail never pass
test-armhf-armhf-xl-xsm 12 migrate-support-check fail never pass
test-armhf-armhf-xl-multivcpu 12 migrate-support-check fail never pass
test-armhf-armhf-xl-rtds 11 guest-start fail never pass
test-armhf-armhf-libvirt-xsm 12 migrate-support-check fail never pass
test-armhf-armhf-xl 12 migrate-support-check fail never pass
test-amd64-amd64-xl-pvh-amd 11 guest-start fail never pass
test-amd64-i386-libvirt-xsm 12 migrate-support-check fail never pass
test-armhf-armhf-xl-cubietruck 12 migrate-support-check fail never pass
test-armhf-armhf-xl-credit2 12 migrate-support-check fail never pass
test-amd64-i386-libvirt 12 migrate-support-check fail never pass
test-armhf-armhf-libvirt 12 migrate-support-check fail never pass
test-amd64-i386-xl-qemut-win7-amd64 16 guest-stop fail never pass
test-amd64-i386-xl-qemuu-win7-amd64 16 guest-stop fail never pass
version targeted for testing:
linux c8bde72f9af412de57f0ceae218d648640118b0b
baseline version:
linux 5cf9896dc5c72a6c68c36140568b755f697f7760
Last test of basis 59393 2015-07-10 17:14:15 Z 15 days
Testing same since 59811 2015-07-22 00:43:01 Z 4 days 3 attempts
------------------------------------------------------------
People who touched revisions under test:
"Eric W. Biederman" <ebiederm@xmission.com>
Aaron Lu <aaron.lu@intel.com>
Alex Deucher <alexander.deucher@amd.com>
Alex Williamson <alex.williamson@redhat.com>
Alexander Sverdlin <alexander.sverdlin@nokia.com>
Alexander Usyskin <alexander.usyskin@intel.com>
Andrew Morton <akpm@linux-foundation.org>
Antonio Ospite <ao2@ao2.it>
Arnaldo Carvalho de Melo <acme@kernel.org>
Arnaldo Carvalho de Melo <acme@redhat.com>
Arun Chandran <achandran@mvista.com>
Axel Lin <axel.lin@ingics.com>
Barak Yoresh <barak.yoresh@intel.com>
Bart Van Assche <bart.vanassche@sandisk.com>
Bjorn Helgaas <bhelgaas@google.com>
Brian King <brking@linux.vnet.ibm.com>
Brian Norris <computersforpeace@gmail.com>
Catalin Marinas <catalin.marinas@arm.com>
Dave Martin <Dave.Martin@arm.com>
Dave P Martin <Dave.Martin@arm.com>
David Ahern <david.ahern@oracle.com>
David Henningsson <david.henningsson@canonical.com>
David Rientjes <rientjes@google.com>
David S. Miller <davem@davemloft.net>
Dmitry Torokhov <dmitry.torokhov@gmail.com>
Dominik Brodowski <linux@dominikbrodowski.net>
Doug Ledford <dledford@redhat.com>
Dr. H. Nikolaus Schaller <hns@goldelico.com>
Eric W. Biederman <ebiederm@xmission.com>
Ezequiel Garcia <ezequiel@vanguardiasur.com.ar>
Frodo Lai <frodo.lai@gmail.com>
Frodo Lai <frodo_lai@bcmcom.com>
Gabriele Mazzotta <gabriele.mzt@gmail.com>
Geert Uytterhoeven <geert+renesas@glider.be>
Giuseppe Cantavenera <giuseppe.cantavenera.ext@nokia.com>
Greg Kroah-Hartman <gregkh@linuxfoundation.org>
Gregory CLEMENT <gregory.clement@free-electrons.com>
Grygorii Strashko <Grygorii.Strashko@linaro.org>
Hui Wang <hui.wang@canonical.com>
Jacek Anaszewski <j.anaszewski@samsung.com>
James Bottomley <JBottomley@Odin.com>
Jiri Kosina <jkosina@suse.cz>
Joe Perches <joe@perches.com>
Jonathan Cameron <jic23@kernel.org>
Josh Poimboeuf <jpoimboe@redhat.com>
Krzysztof Kozlowski <k.kozlowski@samsung.com>
Larry Finger <Larry.Finger@lwfinger.net>
Linus Torvalds <torvalds@linux-foundation.org>
Linus Walleij <linus.walleij@linaro.org>
Liu Ying <Ying.Liu@freescale.com>
Liviu Dudau <Liviu.Dudau@arm.com>
Mark Brown <broonie@kernel.org>
Mark Rutland <mark.rutland@arm.com>
Martin KaFai Lau <kafai@fb.com>
Martin Sperl <kernel@martin.sperl.org>
Max Filippov <jcmvbkbc@gmail.com>
Maxime Coquelin <maxime.coquelin@st.com>
Miroslav Benes <mbenes@suse.cz>
Noralf Trønnes <noralf@tronnes.org>
Paul E. McKenney <paulmck@linux.vnet.ibm.com>
Peter Chen <peter.chen@freescale.com>
Peter Zijlstra (Intel) <peterz@infradead.org>
Rafael J. Wysocki <rafael.j.wysocki@intel.com>
Ryan C. Underwood <nemesis@icequake.net>
Ryan Underwood <nemesis@icequake.net>
Sebastian Reichel <sre@kernel.org>
Shuah Khan <shuahkh@osg.samsung.com>
Stefan Wahren <stefan.wahren@i2se.com>
Takashi Iwai <tiwai@suse.de>
Thomas Gleixner <tglx@linutronix.de>
Tomas Winkler <tomas.winkler@intel.com>
Tomi Valkeinen <tomi.valkeinen@ti.com>
Toshi Kani <toshi.kani@hp.com>
Uwe Kleine-König <u.kleine-koenig@pengutronix.de>
Vignesh Radhakrishnan <vigneshr@codeaurora.org>
Vineet Gupta <vgupta@synopsys.com>
Vlastimil Babka <vbabka@suse.cz>
Will Deacon <will.deacon@arm.com>
Yinghai Lu <yinghai@kernel.org>
Zhichang Yuan <yuanzhichang@hisilicon.com>
jobs:
build-amd64-xsm pass
build-armhf-xsm pass
build-i386-xsm pass
build-amd64 pass
build-armhf pass
build-i386 pass
build-amd64-libvirt pass
build-armhf-libvirt pass
build-i386-libvirt pass
build-amd64-pvops pass
build-armhf-pvops pass
build-i386-pvops pass
build-amd64-rumpuserxen pass
build-i386-rumpuserxen pass
test-amd64-amd64-xl pass
test-armhf-armhf-xl pass
test-amd64-i386-xl fail
test-amd64-amd64-xl-qemut-debianhvm-amd64-xsm pass
test-amd64-i386-xl-qemut-debianhvm-amd64-xsm pass
test-amd64-amd64-xl-qemuu-debianhvm-amd64-xsm pass
test-amd64-i386-xl-qemuu-debianhvm-amd64-xsm pass
test-amd64-amd64-xl-qemut-stubdom-debianhvm-amd64-xsm pass
test-amd64-i386-xl-qemut-stubdom-debianhvm-amd64-xsm fail
test-amd64-amd64-libvirt-xsm pass
test-armhf-armhf-libvirt-xsm pass
test-amd64-i386-libvirt-xsm pass
test-amd64-amd64-xl-xsm pass
test-armhf-armhf-xl-xsm pass
test-amd64-i386-xl-xsm fail
test-amd64-amd64-xl-pvh-amd fail
test-amd64-i386-qemut-rhel6hvm-amd pass
test-amd64-i386-qemuu-rhel6hvm-amd pass
test-amd64-amd64-xl-qemut-debianhvm-amd64 pass
test-amd64-i386-xl-qemut-debianhvm-amd64 pass
test-amd64-amd64-xl-qemuu-debianhvm-amd64 pass
test-amd64-i386-xl-qemuu-debianhvm-amd64 pass
test-amd64-i386-freebsd10-amd64 pass
test-amd64-amd64-xl-qemuu-ovmf-amd64 pass
test-amd64-i386-xl-qemuu-ovmf-amd64 pass
test-amd64-amd64-rumpuserxen-amd64 pass
test-amd64-amd64-xl-qemut-win7-amd64 fail
test-amd64-i386-xl-qemut-win7-amd64 fail
test-amd64-amd64-xl-qemuu-win7-amd64 fail
test-amd64-i386-xl-qemuu-win7-amd64 fail
test-armhf-armhf-xl-arndale pass
test-amd64-amd64-xl-credit2 pass
test-armhf-armhf-xl-credit2 pass
test-armhf-armhf-xl-cubietruck pass
test-amd64-i386-freebsd10-i386 pass
test-amd64-i386-rumpuserxen-i386 pass
test-amd64-amd64-xl-pvh-intel fail
test-amd64-i386-qemut-rhel6hvm-intel pass
test-amd64-i386-qemuu-rhel6hvm-intel pass
test-amd64-amd64-libvirt pass
test-armhf-armhf-libvirt pass
test-amd64-i386-libvirt pass
test-amd64-amd64-xl-multivcpu pass
test-armhf-armhf-xl-multivcpu pass
test-amd64-amd64-pair pass
test-amd64-i386-pair fail
test-amd64-amd64-xl-rtds pass
test-armhf-armhf-xl-rtds fail
test-amd64-i386-xl-qemut-winxpsp3-vcpus1 pass
test-amd64-i386-xl-qemuu-winxpsp3-vcpus1 pass
test-amd64-amd64-xl-qemut-winxpsp3 pass
test-amd64-i386-xl-qemut-winxpsp3 pass
test-amd64-amd64-xl-qemuu-winxpsp3 pass
test-amd64-i386-xl-qemuu-winxpsp3 pass
------------------------------------------------------------
sg-report-flight on osstest.test-lab.xenproject.org
logs: /home/logs/logs
images: /home/logs/images
Logs, config files, etc. are available at
http://logs.test-lab.xenproject.org/osstest/logs
Explanation of these reports, and of osstest in general, is at
http://xenbits.xen.org/gitweb/?p=osstest.git;a=blob;f=README.email;hb=master
http://xenbits.xen.org/gitweb/?p=osstest.git;a=blob;f=README;hb=master
Test harness code can be found at
http://xenbits.xen.org/gitweb?p=osstest.git;a=summary
Not pushing.
(No revision log; it would be 1762 lines long.)
[-- Attachment #2: Type: text/plain, Size: 126 bytes --]
_______________________________________________
Xen-devel mailing list
Xen-devel@lists.xen.org
http://lists.xen.org/xen-devel
^ permalink raw reply [flat|nested] only message in thread
only message in thread, other threads:[~2015-07-26 14:04 UTC | newest]
Thread overview: (only message) (download: mbox.gz / follow: Atom feed)
-- links below jump to the message on this page --
2015-07-26 14:04 [linux-4.1 test] 59909: regressions - FAIL osstest service owner
This is a public inbox, see mirroring instructions
for how to clone and mirror all data and code used for this inbox;
as well as URLs for NNTP newsgroup(s).