* [ovmf test] 59995: regressions - FAIL
@ 2015-07-27 13:29 osstest service owner
0 siblings, 0 replies; only message in thread
From: osstest service owner @ 2015-07-27 13:29 UTC (permalink / raw)
To: xen-devel, osstest-admin
flight 59995 ovmf real [real]
http://logs.test-lab.xenproject.org/osstest/logs/59995/
Regressions :-(
Tests which did not succeed and are blocking,
including tests which could not be run:
test-amd64-i386-xl-qemuu-ovmf-amd64 11 guest-saverestore fail REGR. vs. 59964
version targeted for testing:
ovmf cdc83ccf7195c66c77b869ee62155108e39a0246
baseline version:
ovmf 88656abf1b3a690969851880ba2b134e0d144625
Last test of basis 59964 2015-07-26 15:23:09 Z 0 days
Testing same since 59995 2015-07-27 01:12:08 Z 0 days 1 attempts
------------------------------------------------------------
People who touched revisions under test:
Star Zeng <star.zeng@intel.com>
jobs:
build-amd64-xsm pass
build-i386-xsm pass
build-amd64 pass
build-i386 pass
build-amd64-libvirt pass
build-i386-libvirt pass
build-amd64-pvops pass
build-i386-pvops pass
test-amd64-amd64-xl-qemuu-ovmf-amd64 pass
test-amd64-i386-xl-qemuu-ovmf-amd64 fail
------------------------------------------------------------
sg-report-flight on osstest.test-lab.xenproject.org
logs: /home/logs/logs
images: /home/logs/images
Logs, config files, etc. are available at
http://logs.test-lab.xenproject.org/osstest/logs
Explanation of these reports, and of osstest in general, is at
http://xenbits.xen.org/gitweb/?p=osstest.git;a=blob;f=README.email;hb=master
http://xenbits.xen.org/gitweb/?p=osstest.git;a=blob;f=README;hb=master
Test harness code can be found at
http://xenbits.xen.org/gitweb?p=osstest.git;a=summary
Not pushing.
------------------------------------------------------------
commit cdc83ccf7195c66c77b869ee62155108e39a0246
Author: Star Zeng <star.zeng@intel.com>
Date: Mon Jul 27 00:49:00 2015 +0000
MdeModulePkg Variable: Read MonotonicCount by ReadUnaligned64()
As variable HEADER_ALIGNMENT = 4, the MonotonicCount in
AUTHENTICATED_VARIABLE_HEADER may be not UINT64 aligned,
so go to use ReadUnaligned64() to ensure read data correctly.
Contributed-under: TianoCore Contribution Agreement 1.0
Signed-off-by: Star Zeng <star.zeng@intel.com>
Reviewed-by: Jiewen Yao <jiewen.yao@intel.com>
git-svn-id: https://svn.code.sf.net/p/edk2/code/trunk/edk2@18064 6f19259b-4bc3-4df7-8a09-765794883524
^ permalink raw reply [flat|nested] only message in thread
only message in thread, other threads:[~2015-07-27 13:29 UTC | newest]
Thread overview: (only message) (download: mbox.gz / follow: Atom feed)
-- links below jump to the message on this page --
2015-07-27 13:29 [ovmf test] 59995: regressions - FAIL osstest service owner
This is a public inbox, see mirroring instructions
for how to clone and mirror all data and code used for this inbox;
as well as URLs for NNTP newsgroup(s).