* [linux-next test] 60668: regressions - trouble: blocked/broken/fail/pass
@ 2015-08-13 20:19 osstest service owner
0 siblings, 0 replies; only message in thread
From: osstest service owner @ 2015-08-13 20:19 UTC (permalink / raw)
To: xen-devel, osstest-admin
flight 60668 linux-next real [real]
http://logs.test-lab.xenproject.org/osstest/logs/60668/
Regressions :-(
Tests which did not succeed and are blocking,
including tests which could not be run:
build-armhf 4 host-build-prep fail REGR. vs. 60646
Regressions which are regarded as allowable (not blocking):
test-amd64-amd64-xl-qemuu-win7-amd64 17 guest-stop fail blocked in 60646
test-amd64-i386-xl 14 guest-saverestore fail like 60646
test-amd64-i386-xl-xsm 14 guest-saverestore fail like 60646
test-amd64-i386-xl-qemut-stubdom-debianhvm-amd64-xsm 9 debian-hvm-install fail like 60646
test-amd64-i386-pair 21 guest-migrate/src_host/dst_host fail like 60646
test-amd64-i386-xl-qemuu-win7-amd64 17 guest-stop fail like 60646
test-amd64-i386-xl-qemut-win7-amd64 17 guest-stop fail like 60646
Tests which did not succeed, but are not blocking:
test-armhf-armhf-libvirt-raw 1 build-check(1) blocked n/a
test-armhf-armhf-xl-qcow2 1 build-check(1) blocked n/a
test-armhf-armhf-libvirt-vhd 1 build-check(1) blocked n/a
test-armhf-armhf-xl-raw 1 build-check(1) blocked n/a
build-armhf-libvirt 1 build-check(1) blocked n/a
test-armhf-armhf-xl-vhd 1 build-check(1) blocked n/a
test-armhf-armhf-libvirt-qcow2 1 build-check(1) blocked n/a
test-armhf-armhf-xl-rtds 1 build-check(1) blocked n/a
test-armhf-armhf-xl-arndale 1 build-check(1) blocked n/a
test-armhf-armhf-libvirt-xsm 1 build-check(1) blocked n/a
test-armhf-armhf-xl 1 build-check(1) blocked n/a
test-armhf-armhf-xl-cubietruck 1 build-check(1) blocked n/a
test-armhf-armhf-xl-multivcpu 1 build-check(1) blocked n/a
test-armhf-armhf-libvirt 1 build-check(1) blocked n/a
test-armhf-armhf-xl-credit2 1 build-check(1) blocked n/a
test-amd64-amd64-xl-pvh-amd 11 guest-start fail never pass
test-amd64-amd64-xl-pvh-intel 14 guest-saverestore fail never pass
test-amd64-i386-libvirt-xsm 12 migrate-support-check fail never pass
test-amd64-i386-libvirt-xsm 14 guest-saverestore fail never pass
test-amd64-amd64-libvirt-pair 21 guest-migrate/src_host/dst_host fail never pass
test-amd64-i386-libvirt 14 guest-saverestore fail never pass
test-amd64-i386-libvirt 12 migrate-support-check fail never pass
test-amd64-amd64-libvirt-xsm 12 migrate-support-check fail never pass
test-amd64-i386-libvirt-pair 21 guest-migrate/src_host/dst_host fail never pass
test-amd64-amd64-libvirt 12 migrate-support-check fail never pass
test-amd64-amd64-libvirt-qcow2 11 migrate-support-check fail never pass
test-amd64-amd64-libvirt-raw 11 migrate-support-check fail never pass
test-amd64-amd64-libvirt-vhd 11 migrate-support-check fail never pass
test-amd64-amd64-libvirt-qemuu-debianhvm-amd64-xsm 10 migrate-support-check fail never pass
test-armhf-armhf-xl-xsm 13 saverestore-support-check fail never pass
test-armhf-armhf-xl-xsm 12 migrate-support-check fail never pass
test-amd64-i386-libvirt-vhd 11 migrate-support-check fail never pass
test-amd64-i386-libvirt-qemuu-debianhvm-amd64-xsm 10 migrate-support-check fail never pass
test-amd64-i386-libvirt-raw 11 migrate-support-check fail never pass
test-amd64-amd64-xl-qemut-win7-amd64 17 guest-stop fail never pass
test-amd64-i386-libvirt-qcow2 11 migrate-support-check fail never pass
version targeted for testing:
linux b195df50400676bdeaacdca27051e1a71ccd570f
baseline version:
linux f7644cbfcdf03528f0f450f3940c4985b2291f49
Last test of basis (not found)
Failing since 0 1970-01-01 00:00:00 Z 16660 days
Testing same since 60648 2015-08-10 09:20:46 Z 3 days 2 attempts
jobs:
build-amd64-xsm pass
build-armhf-xsm pass
build-i386-xsm pass
build-amd64 pass
build-armhf broken
build-i386 pass
build-amd64-libvirt pass
build-armhf-libvirt blocked
build-i386-libvirt pass
build-amd64-pvops pass
build-armhf-pvops pass
build-i386-pvops pass
build-amd64-rumpuserxen pass
build-i386-rumpuserxen pass
test-amd64-amd64-xl pass
test-armhf-armhf-xl blocked
test-amd64-i386-xl fail
test-amd64-amd64-xl-qemut-debianhvm-amd64-xsm pass
test-amd64-i386-xl-qemut-debianhvm-amd64-xsm pass
test-amd64-amd64-libvirt-qemuu-debianhvm-amd64-xsm pass
test-amd64-i386-libvirt-qemuu-debianhvm-amd64-xsm pass
test-amd64-amd64-xl-qemuu-debianhvm-amd64-xsm pass
test-amd64-i386-xl-qemuu-debianhvm-amd64-xsm pass
test-amd64-amd64-xl-qemut-stubdom-debianhvm-amd64-xsm pass
test-amd64-i386-xl-qemut-stubdom-debianhvm-amd64-xsm fail
test-amd64-amd64-libvirt-xsm pass
test-armhf-armhf-libvirt-xsm blocked
test-amd64-i386-libvirt-xsm fail
test-amd64-amd64-xl-xsm pass
test-armhf-armhf-xl-xsm pass
test-amd64-i386-xl-xsm fail
test-amd64-amd64-xl-pvh-amd fail
test-amd64-i386-qemut-rhel6hvm-amd pass
test-amd64-i386-qemuu-rhel6hvm-amd pass
test-amd64-amd64-xl-qemut-debianhvm-amd64 pass
test-amd64-i386-xl-qemut-debianhvm-amd64 pass
test-amd64-amd64-xl-qemuu-debianhvm-amd64 pass
test-amd64-i386-xl-qemuu-debianhvm-amd64 pass
test-amd64-i386-freebsd10-amd64 pass
test-amd64-amd64-xl-qemuu-ovmf-amd64 pass
test-amd64-i386-xl-qemuu-ovmf-amd64 pass
test-amd64-amd64-rumpuserxen-amd64 pass
test-amd64-amd64-xl-qemut-win7-amd64 fail
test-amd64-i386-xl-qemut-win7-amd64 fail
test-amd64-amd64-xl-qemuu-win7-amd64 fail
test-amd64-i386-xl-qemuu-win7-amd64 fail
test-armhf-armhf-xl-arndale blocked
test-amd64-amd64-xl-credit2 pass
test-armhf-armhf-xl-credit2 blocked
test-armhf-armhf-xl-cubietruck blocked
test-amd64-i386-freebsd10-i386 pass
test-amd64-i386-rumpuserxen-i386 pass
test-amd64-amd64-xl-pvh-intel fail
test-amd64-i386-qemut-rhel6hvm-intel pass
test-amd64-i386-qemuu-rhel6hvm-intel pass
test-amd64-amd64-libvirt pass
test-armhf-armhf-libvirt blocked
test-amd64-i386-libvirt fail
test-amd64-amd64-xl-multivcpu pass
test-armhf-armhf-xl-multivcpu blocked
test-amd64-amd64-pair pass
test-amd64-i386-pair fail
test-amd64-amd64-libvirt-pair fail
test-amd64-i386-libvirt-pair fail
test-amd64-amd64-amd64-pvgrub pass
test-amd64-amd64-i386-pvgrub pass
test-amd64-amd64-pygrub pass
test-amd64-amd64-libvirt-qcow2 pass
test-armhf-armhf-libvirt-qcow2 blocked
test-amd64-i386-libvirt-qcow2 pass
test-amd64-amd64-xl-qcow2 pass
test-armhf-armhf-xl-qcow2 blocked
test-amd64-i386-xl-qcow2 pass
test-amd64-amd64-libvirt-raw pass
test-armhf-armhf-libvirt-raw blocked
test-amd64-i386-libvirt-raw pass
test-amd64-amd64-xl-raw pass
test-armhf-armhf-xl-raw blocked
test-amd64-i386-xl-raw pass
test-amd64-amd64-xl-rtds pass
test-armhf-armhf-xl-rtds blocked
test-amd64-i386-xl-qemut-winxpsp3-vcpus1 pass
test-amd64-i386-xl-qemuu-winxpsp3-vcpus1 pass
test-amd64-amd64-libvirt-vhd pass
test-armhf-armhf-libvirt-vhd blocked
test-amd64-i386-libvirt-vhd pass
test-amd64-amd64-xl-vhd pass
test-armhf-armhf-xl-vhd blocked
test-amd64-i386-xl-vhd pass
test-amd64-amd64-xl-qemut-winxpsp3 pass
test-amd64-i386-xl-qemut-winxpsp3 pass
test-amd64-amd64-xl-qemuu-winxpsp3 pass
test-amd64-i386-xl-qemuu-winxpsp3 pass
------------------------------------------------------------
sg-report-flight on osstest.test-lab.xenproject.org
logs: /home/logs/logs
images: /home/logs/images
Logs, config files, etc. are available at
http://logs.test-lab.xenproject.org/osstest/logs
Explanation of these reports, and of osstest in general, is at
http://xenbits.xen.org/gitweb/?p=osstest.git;a=blob;f=README.email;hb=master
http://xenbits.xen.org/gitweb/?p=osstest.git;a=blob;f=README;hb=master
Test harness code can be found at
http://xenbits.xen.org/gitweb?p=osstest.git;a=summary
Push not applicable.
^ permalink raw reply [flat|nested] only message in thread
only message in thread, other threads:[~2015-08-13 20:19 UTC | newest]
Thread overview: (only message) (download: mbox.gz / follow: Atom feed)
-- links below jump to the message on this page --
2015-08-13 20:19 [linux-next test] 60668: regressions - trouble: blocked/broken/fail/pass osstest service owner
This is a public inbox, see mirroring instructions
for how to clone and mirror all data and code used for this inbox;
as well as URLs for NNTP newsgroup(s).