* [xen-unstable baseline-only test] 66529: trouble: blocked/broken/pass
@ 2016-07-07 17:11 Platform Team regression test user
0 siblings, 0 replies; only message in thread
From: Platform Team regression test user @ 2016-07-07 17:11 UTC (permalink / raw)
To: xen-devel, osstest-admin
This run is configured for baseline tests only.
flight 66529 xen-unstable running [real]
http://osstest.xs.citrite.net/~osstest/testlogs/logs/66529/
Failures and problems with tests :-(
Tests which did not succeed and are blocking,
including tests which could not be run:
test-amd64-amd64-rumpuserxen-amd64 <none executed> broken
build-amd64-libvirt <none executed> broken
test-amd64-amd64-xl-pvh-amd <none executed> broken
test-amd64-amd64-xl-pvh-intel <none executed> broken
build-amd64-rumpuserxen <none executed> broken
test-amd64-amd64-xl-credit2 <none executed> broken
test-amd64-amd64-migrupgrade <none executed> broken
test-amd64-amd64-xl-multivcpu <none executed> broken
test-amd64-amd64-libvirt-xsm <none executed> broken
test-amd64-amd64-xl-xsm <none executed> broken
test-amd64-amd64-libvirt <none executed> broken
test-amd64-amd64-pygrub <none executed> broken
test-amd64-amd64-xl-rtds <none executed> broken
test-amd64-amd64-xl-qemut-stubdom-debianhvm-amd64-xsm <none executed> broken
test-amd64-amd64-xl <none executed> broken
test-amd64-amd64-qemuu-nested-amd <none executed> broken
test-amd64-amd64-amd64-pvgrub <none executed> broken
test-amd64-amd64-xl-qemut-debianhvm-amd64 <none executed> broken
test-amd64-amd64-i386-pvgrub <none executed> broken
test-amd64-amd64-libvirt-pair <none executed> broken
test-amd64-amd64-xl-qcow2 <none executed> broken
test-amd64-amd64-xl-qemut-win7-amd64 <none executed> broken
test-amd64-amd64-xl-qemuu-win7-amd64 <none executed> broken
test-amd64-amd64-pair <none executed> broken
test-amd64-amd64-xl-qemuu-ovmf-amd64 <none executed> broken
test-amd64-amd64-libvirt-qemuu-debianhvm-amd64-xsm <none executed> broken
test-amd64-amd64-xl-qemuu-debianhvm-amd64-xsm <none executed> broken
test-amd64-amd64-qemuu-nested-intel <none executed> broken
test-amd64-amd64-xl-qemuu-debianhvm-amd64 <none executed> broken
test-amd64-amd64-xl-qemut-debianhvm-amd64-xsm <none executed> broken
test-amd64-amd64-libvirt-vhd <none executed> broken
test-amd64-amd64-xl-qemuu-winxpsp3 <none executed> broken
test-amd64-amd64-xl-qemut-winxpsp3 <none executed> broken
build-armhf 2 hosts-allocate running
build-armhf-xsm 2 hosts-allocate running
build-armhf-pvops 2 hosts-allocate running
build-i386-pvops 2 hosts-allocate running
build-i386 2 hosts-allocate running
Tests which did not succeed, but are not blocking:
test-armhf-armhf-libvirt-xsm 1 build-check(1) blocked n/a
build-armhf-libvirt 1 build-check(1) blocked n/a
test-amd64-i386-rumpuserxen-i386 1 build-check(1) blocked n/a
test-armhf-armhf-xl-xsm 1 build-check(1) blocked n/a
test-armhf-armhf-xl-midway 1 build-check(1) blocked n/a
test-armhf-armhf-libvirt 1 build-check(1) blocked n/a
test-armhf-armhf-libvirt-raw 1 build-check(1) blocked n/a
test-armhf-armhf-xl-multivcpu 1 build-check(1) blocked n/a
test-armhf-armhf-libvirt-qcow2 1 build-check(1) blocked n/a
test-armhf-armhf-xl 1 build-check(1) blocked n/a
test-armhf-armhf-xl-vhd 1 build-check(1) blocked n/a
test-armhf-armhf-xl-rtds 1 build-check(1) blocked n/a
test-armhf-armhf-xl-credit2 1 build-check(1) blocked n/a
build-i386-libvirt 1 build-check(1) blocked n/a
build-i386-rumpuserxen 1 build-check(1) blocked n/a
test-amd64-i386-qemut-rhel6hvm-intel 1 build-check(1) blocked n/a
test-amd64-i386-libvirt-xsm 1 build-check(1) blocked n/a
test-amd64-i386-pair 1 build-check(1) blocked n/a
test-amd64-i386-libvirt 1 build-check(1) blocked n/a
test-amd64-i386-xl-xsm 1 build-check(1) blocked n/a
test-amd64-i386-qemut-rhel6hvm-amd 1 build-check(1) blocked n/a
test-amd64-i386-qemuu-rhel6hvm-amd 1 build-check(1) blocked n/a
test-amd64-i386-freebsd10-i386 1 build-check(1) blocked n/a
test-amd64-i386-freebsd10-amd64 1 build-check(1) blocked n/a
test-amd64-i386-qemuu-rhel6hvm-intel 1 build-check(1) blocked n/a
test-amd64-i386-libvirt-pair 1 build-check(1) blocked n/a
test-amd64-i386-xl-qemuu-debianhvm-amd64-xsm 1 build-check(1) blocked n/a
test-amd64-i386-libvirt-qemuu-debianhvm-amd64-xsm 1 build-check(1) blocked n/a
test-amd64-i386-xl-qemut-debianhvm-amd64 1 build-check(1) blocked n/a
test-amd64-i386-xl-raw 1 build-check(1) blocked n/a
test-amd64-i386-xl-qemut-debianhvm-amd64-xsm 1 build-check(1) blocked n/a
test-amd64-i386-xl-qemuu-win7-amd64 1 build-check(1) blocked n/a
test-amd64-i386-xl-qemut-win7-amd64 1 build-check(1) blocked n/a
test-amd64-i386-xl-qemut-winxpsp3-vcpus1 1 build-check(1) blocked n/a
test-amd64-i386-xl-qemuu-debianhvm-amd64 1 build-check(1) blocked n/a
test-amd64-i386-migrupgrade 1 build-check(1) blocked n/a
test-amd64-i386-xl-qemuu-ovmf-amd64 1 build-check(1) blocked n/a
test-amd64-i386-xl-qemut-stubdom-debianhvm-amd64-xsm 1 build-check(1) blocked n/a
test-amd64-i386-xl 1 build-check(1) blocked n/a
test-amd64-i386-xl-qemuu-winxpsp3-vcpus1 1 build-check(1) blocked n/a
test-amd64-i386-xl-qemuu-winxpsp3 1 build-check(1) blocked n/a
test-amd64-i386-xl-qemut-winxpsp3 1 build-check(1) blocked n/a
version targeted for testing:
xen fea586d801f75317cb8cf593e8beba842391da62
baseline version:
xen bb4f41b3dff831faaf5a3248e0ecd123024d7f8f
Last test of basis 66513 2016-07-02 15:20:56 Z 5 days
Testing same since 0 1970-01-01 00:00:00 Z 16989 days 0 attempts
------------------------------------------------------------
People who touched revisions under test:
Andrew Cooper <andrew.cooper3@citrix.com>
Corneliu ZUZU <czuzu@bitdefender.com>
Jan Beulich <jbeulich@suse.com>
Kevin Tian <kevin.tian@intel.com>
Razvan Cojocaru <rcojocaru@bitdefender.com>
Tamas K Lengyel <tamas@tklengyel.com>
Wei Liu <wei.liu2@citrix.com>
jobs:
build-amd64-xsm pass
build-armhf-xsm broken
build-i386-xsm pass
build-amd64 pass
build-armhf broken
build-i386 broken
build-amd64-libvirt broken
build-armhf-libvirt blocked
build-i386-libvirt blocked
build-amd64-oldkern pass
build-i386-oldkern pass
build-amd64-prev pass
build-i386-prev pass
build-amd64-pvops pass
build-armhf-pvops broken
build-i386-pvops broken
build-amd64-rumpuserxen broken
build-i386-rumpuserxen blocked
test-amd64-amd64-xl broken
test-armhf-armhf-xl blocked
test-amd64-i386-xl blocked
test-amd64-amd64-xl-qemut-debianhvm-amd64-xsm broken
test-amd64-i386-xl-qemut-debianhvm-amd64-xsm blocked
test-amd64-amd64-libvirt-qemuu-debianhvm-amd64-xsm broken
test-amd64-i386-libvirt-qemuu-debianhvm-amd64-xsm blocked
test-amd64-amd64-xl-qemuu-debianhvm-amd64-xsm broken
test-amd64-i386-xl-qemuu-debianhvm-amd64-xsm blocked
test-amd64-amd64-xl-qemut-stubdom-debianhvm-amd64-xsm broken
test-amd64-i386-xl-qemut-stubdom-debianhvm-amd64-xsm blocked
test-amd64-amd64-libvirt-xsm broken
test-armhf-armhf-libvirt-xsm blocked
test-amd64-i386-libvirt-xsm blocked
test-amd64-amd64-xl-xsm broken
test-armhf-armhf-xl-xsm blocked
test-amd64-i386-xl-xsm blocked
test-amd64-amd64-qemuu-nested-amd broken
test-amd64-amd64-xl-pvh-amd broken
test-amd64-i386-qemut-rhel6hvm-amd blocked
test-amd64-i386-qemuu-rhel6hvm-amd blocked
test-amd64-amd64-xl-qemut-debianhvm-amd64 broken
test-amd64-i386-xl-qemut-debianhvm-amd64 blocked
test-amd64-amd64-xl-qemuu-debianhvm-amd64 broken
test-amd64-i386-xl-qemuu-debianhvm-amd64 blocked
test-amd64-i386-freebsd10-amd64 blocked
test-amd64-amd64-xl-qemuu-ovmf-amd64 broken
test-amd64-i386-xl-qemuu-ovmf-amd64 blocked
test-amd64-amd64-rumpuserxen-amd64 broken
test-amd64-amd64-xl-qemut-win7-amd64 broken
test-amd64-i386-xl-qemut-win7-amd64 blocked
test-amd64-amd64-xl-qemuu-win7-amd64 broken
test-amd64-i386-xl-qemuu-win7-amd64 blocked
test-amd64-amd64-xl-credit2 broken
test-armhf-armhf-xl-credit2 blocked
test-amd64-i386-freebsd10-i386 blocked
test-amd64-i386-rumpuserxen-i386 blocked
test-amd64-amd64-qemuu-nested-intel broken
test-amd64-amd64-xl-pvh-intel broken
test-amd64-i386-qemut-rhel6hvm-intel blocked
test-amd64-i386-qemuu-rhel6hvm-intel blocked
test-amd64-amd64-libvirt broken
test-armhf-armhf-libvirt blocked
test-amd64-i386-libvirt blocked
test-armhf-armhf-xl-midway blocked
test-amd64-amd64-migrupgrade broken
test-amd64-i386-migrupgrade blocked
test-amd64-amd64-xl-multivcpu broken
test-armhf-armhf-xl-multivcpu blocked
test-amd64-amd64-pair broken
test-amd64-i386-pair blocked
test-amd64-amd64-libvirt-pair broken
test-amd64-i386-libvirt-pair blocked
test-amd64-amd64-amd64-pvgrub broken
test-amd64-amd64-i386-pvgrub broken
test-amd64-amd64-pygrub broken
test-armhf-armhf-libvirt-qcow2 blocked
test-amd64-amd64-xl-qcow2 broken
test-armhf-armhf-libvirt-raw blocked
test-amd64-i386-xl-raw blocked
test-amd64-amd64-xl-rtds broken
test-armhf-armhf-xl-rtds blocked
test-amd64-i386-xl-qemut-winxpsp3-vcpus1 blocked
test-amd64-i386-xl-qemuu-winxpsp3-vcpus1 blocked
test-amd64-amd64-libvirt-vhd broken
test-armhf-armhf-xl-vhd blocked
test-amd64-amd64-xl-qemut-winxpsp3 broken
test-amd64-i386-xl-qemut-winxpsp3 blocked
test-amd64-amd64-xl-qemuu-winxpsp3 broken
test-amd64-i386-xl-qemuu-winxpsp3 blocked
------------------------------------------------------------
sg-report-flight on osstest.xs.citrite.net
logs: /home/osstest/logs
images: /home/osstest/images
Logs, config files, etc. are available at
http://osstest.xs.citrite.net/~osstest/testlogs/logs
Test harness code can be found at
http://xenbits.xensource.com/gitweb?p=osstest.git;a=summary
broken-job test-amd64-amd64-rumpuserxen-amd64 broken
broken-job build-amd64-libvirt broken
broken-job test-amd64-amd64-xl-pvh-amd broken
broken-job test-amd64-amd64-xl-pvh-intel broken
broken-job build-amd64-rumpuserxen broken
broken-job test-amd64-amd64-xl-credit2 broken
broken-job test-amd64-amd64-migrupgrade broken
broken-job test-amd64-amd64-xl-multivcpu broken
broken-job test-amd64-amd64-libvirt-xsm broken
broken-job test-amd64-amd64-xl-xsm broken
broken-job test-amd64-amd64-libvirt broken
broken-job test-amd64-amd64-pygrub broken
broken-job test-amd64-amd64-xl-rtds broken
broken-job test-amd64-amd64-xl-qemut-stubdom-debianhvm-amd64-xsm broken
broken-job test-amd64-amd64-xl broken
broken-job test-amd64-amd64-qemuu-nested-amd broken
broken-job test-amd64-amd64-amd64-pvgrub broken
broken-job test-amd64-amd64-xl-qemut-debianhvm-amd64 broken
broken-job test-amd64-amd64-i386-pvgrub broken
broken-job test-amd64-amd64-libvirt-pair broken
broken-job test-amd64-amd64-xl-qcow2 broken
broken-job test-amd64-amd64-xl-qemut-win7-amd64 broken
broken-job test-amd64-amd64-xl-qemuu-win7-amd64 broken
broken-job test-amd64-amd64-pair broken
broken-job test-amd64-amd64-xl-qemuu-ovmf-amd64 broken
broken-job test-amd64-amd64-libvirt-qemuu-debianhvm-amd64-xsm broken
broken-job test-amd64-amd64-xl-qemuu-debianhvm-amd64-xsm broken
broken-job test-amd64-amd64-qemuu-nested-intel broken
broken-job test-amd64-amd64-xl-qemuu-debianhvm-amd64 broken
broken-job test-amd64-amd64-xl-qemut-debianhvm-amd64-xsm broken
broken-job test-amd64-amd64-libvirt-vhd broken
broken-job test-amd64-amd64-xl-qemuu-winxpsp3 broken
broken-job test-amd64-amd64-xl-qemut-winxpsp3 broken
Push not applicable.
------------------------------------------------------------
commit fea586d801f75317cb8cf593e8beba842391da62
Author: Jan Beulich <jbeulich@suse.com>
Date: Tue Jul 5 11:17:53 2016 +0200
x86emul: fold local variables
Declare some variables to they can be used by multiple pieces of code,
allowing some figure braces to be dropped (which don't align nicely
when used inside of case labeled statements).
Signed-off-by: Jan Beulich <jbeulich@suse.com>
Reviewed-by: Andrew Cooper <andrew.cooper3@citrix.com>
commit a800e4f6111842183f2476cd1d82a159fb5c92cb
Author: Jan Beulich <jbeulich@suse.com>
Date: Tue Jul 5 11:17:25 2016 +0200
x86emul: drop pointless and add useful default cases
There's no point in having default cases when all possible values have
respective case statements, or when there's just a "break" statement.
Otoh the two main switch() statements better get default cases added,
just to cover the case of someone altering one of the two lookup arrays
without suitably changing these switch statements.
Signed-off-by: Jan Beulich <jbeulich@suse.com>
Reviewed-by: Andrew Cooper <andrew.cooper3@citrix.com>
commit f86eabea5d0fe1815b58f21259edf317ff91a65a
Author: Jan Beulich <jbeulich@suse.com>
Date: Tue Jul 5 11:16:55 2016 +0200
x86emul: use consistent exit mechanism
Similar code should use similar exit mechanisms (return vs goto).
Signed-off-by: Jan Beulich <jbeulich@suse.com>
Reviewed-by: Andrew Cooper <andrew.cooper3@citrix.com>
commit 4481335590f9b585b8dd168f0269e064e7ecbf43
Author: Corneliu ZUZU <czuzu@bitdefender.com>
Date: Mon Jul 4 12:11:44 2016 +0200
vm-event: proper vCPU-paused checks at resume
A VM_EVENT_FLAG_VCPU_PAUSED flag in a vm-event response should only be treated
as informative that the toolstack user wants the vm-event subsystem to unpause
the target vCPU, but not be relied upon to decide if the target vCPU is actually
paused.
That being said, this patch does the following:
* Fixes (replaces) the old behavior in vm_event_resume, which relied on
VM_EVENT_FLAG_VCPU_PAUSED to determine if the target vCPU is paused, by
actually checking the vCPU vm-event pause-count.
* ASSERTs that the vCPU is paused in vm_event_set_registers and
vm_event_toggle_singlestep.
* Ignores VM_EVENT_FLAG_DENY @ vm_event_register_write_resume if the target vCPU
is not paused. Also adjusts comment in public/vm_event.h to reflect that.
Signed-off-by: Corneliu ZUZU <czuzu@bitdefender.com>
Acked-by: Razvan Cojocaru <rcojocaru@bitdefender.com>
Acked-by: Tamas K Lengyel <tamas@tklengyel.com>
commit 2e0dd2f9a56c3fd01ec7557346580ab0b01ab7ac
Author: Corneliu ZUZU <czuzu@bitdefender.com>
Date: Mon Jul 4 12:11:30 2016 +0200
vm-event: MAINTAINERS fix
Fix vm-event section of MAINTAINERS file: add back files x86/hvm/monitor.c,
asm-x86/hvm/monitor.h, x86/monitor.c, x86/vm_event.c and sort entries
alphabetically.
Culprits which got MAINTAINERS out-of-sync:
c/s ca63cee: "monitor: Rename hvm/event to hvm/monitor":
- added x86/hvm/monitor.c & asm-x86/hvm/monitor.h w/o MAINTAINERS update
c/s ec89da2: "MAINTAINERS: update monitor/vm_event covered code":
- (mistakenly?) removed both x86/monitor.c & x86/vm_event.c
Signed-off-by: Corneliu ZUZU <czuzu@bitdefender.com>
Acked-by: Razvan Cojocaru <rcojocaru@bitdefender.com>
Acked-by: Tamas K Lengyel <tamas@tklengyel.com>
commit b7d4cffbf2b17ec8a5c233f84395f4f85ad1a91d
Author: Tamas K Lengyel <tamas@tklengyel.com>
Date: Mon Jul 4 12:11:03 2016 +0200
x86/vmx: clean up TRAP_int3 handling
Clean up the handling of TRAP_int3 VMEXITs to conform to the handling
of TRAP_debug.
Signed-off-by: Tamas K Lengyel <tamas@tklengyel.com>
Acked-by: Kevin Tian <kevin.tian@intel.com>
commit 94db5dbb6c5f331dac35a8723a5d982ad17536d6
Author: Tamas K Lengyel <tamas@tklengyel.com>
Date: Mon Jul 4 12:10:00 2016 +0200
x86/vm_event: add HVM debug exception vm_events
Since in-guest debug exceptions are now unconditionally trapped to Xen, adding
a hook for vm_event subscribers to tap into this new always-on guest event. We
rename along the way hvm_event_breakpoint_type to hvm_event_type to better
match the various events that can be passed with it. We also introduce the
necessary monitor_op domctl's to enable subscribing to the events.
This patch also provides monitor subscribers to int3 events proper access
to the instruction length necessary for accurate event-reinjection. Without
this subscribers manually have to evaluate if the int3 instruction has any
prefix attached which would change the instruction length.
Signed-off-by: Tamas K Lengyel <tamas@tklengyel.com>
Acked-by: Razvan Cojocaru <rcojocaru@bitdefender.com>
Acked-by: Jan Beulich <jbeulich@suse.com>
Acked-by: Kevin Tian <kevin.tian@intel.com>
Acked-by: Wei Liu <wei.liu2@citrix.com>
commit d0fd9ae54491328b10dee4003656c14b3bf3d3e9
Author: Andrew Cooper <andrew.cooper3@citrix.com>
Date: Thu Jun 30 21:00:01 2016 +0100
x86/VT-x: Dump VMCS on VMLAUNCH/VMRESUME failure
If a VMLAUNCH/VMRESUME fails due to invalid control or host state, dump the
VMCS before crashing the domain.
Signed-off-by: Andrew Cooper <andrew.cooper3@citrix.com>
Acked-by: Kevin Tian <kevin.tian@intel.com>
Reviewed-by: Jan Beulich <jbeulich@suse.com>
(qemu changes not included)
_______________________________________________
Xen-devel mailing list
Xen-devel@lists.xen.org
https://lists.xen.org/xen-devel
^ permalink raw reply [flat|nested] only message in thread
only message in thread, other threads:[~2016-07-07 17:11 UTC | newest]
Thread overview: (only message) (download: mbox.gz / follow: Atom feed)
-- links below jump to the message on this page --
2016-07-07 17:11 [xen-unstable baseline-only test] 66529: trouble: blocked/broken/pass Platform Team regression test user
This is a public inbox, see mirroring instructions
for how to clone and mirror all data and code used for this inbox;
as well as URLs for NNTP newsgroup(s).