* [xen-unstable baseline-only test] 66611: regressions - FAIL
@ 2016-07-17 2:19 Platform Team regression test user
0 siblings, 0 replies; only message in thread
From: Platform Team regression test user @ 2016-07-17 2:19 UTC (permalink / raw)
To: xen-devel, osstest-admin
This run is configured for baseline tests only.
flight 66611 xen-unstable real [real]
http://osstest.xs.citrite.net/~osstest/testlogs/logs/66611/
Regressions :-(
Tests which did not succeed and are blocking,
including tests which could not be run:
test-amd64-amd64-xl-qemut-winxpsp3 20 leak-check/check fail REGR. vs. 66565
Regressions which are regarded as allowable (not blocking):
build-amd64-rumpuserxen 6 xen-build fail like 66565
build-i386-rumpuserxen 6 xen-build fail like 66565
test-amd64-i386-xl-qemuu-win7-amd64 16 guest-stop fail like 66565
test-amd64-amd64-i386-pvgrub 10 guest-start fail like 66565
test-amd64-amd64-qemuu-nested-intel 16 debian-hvm-install/l1/l2 fail like 66565
Tests which did not succeed, but are not blocking:
test-amd64-amd64-rumpuserxen-amd64 1 build-check(1) blocked n/a
test-amd64-i386-rumpuserxen-i386 1 build-check(1) blocked n/a
test-armhf-armhf-libvirt-xsm 12 migrate-support-check fail never pass
test-armhf-armhf-libvirt-xsm 14 guest-saverestore fail never pass
test-armhf-armhf-libvirt 14 guest-saverestore fail never pass
test-armhf-armhf-libvirt 12 migrate-support-check fail never pass
test-amd64-amd64-xl-pvh-amd 11 guest-start fail never pass
test-amd64-amd64-xl-pvh-intel 11 guest-start fail never pass
test-armhf-armhf-libvirt-qcow2 11 migrate-support-check fail never pass
test-armhf-armhf-libvirt-qcow2 13 guest-saverestore fail never pass
test-armhf-armhf-xl 12 migrate-support-check fail never pass
test-armhf-armhf-xl 13 saverestore-support-check fail never pass
test-armhf-armhf-xl-midway 13 saverestore-support-check fail never pass
test-armhf-armhf-xl-multivcpu 13 saverestore-support-check fail never pass
test-armhf-armhf-xl-midway 12 migrate-support-check fail never pass
test-armhf-armhf-xl-multivcpu 12 migrate-support-check fail never pass
test-armhf-armhf-xl-xsm 13 saverestore-support-check fail never pass
test-armhf-armhf-xl-xsm 12 migrate-support-check fail never pass
test-armhf-armhf-libvirt-raw 13 guest-saverestore fail never pass
test-armhf-armhf-libvirt-raw 11 migrate-support-check fail never pass
test-armhf-armhf-xl-credit2 13 saverestore-support-check fail never pass
test-armhf-armhf-xl-credit2 12 migrate-support-check fail never pass
test-armhf-armhf-xl-rtds 13 saverestore-support-check fail never pass
test-armhf-armhf-xl-rtds 12 migrate-support-check fail never pass
test-amd64-amd64-libvirt-xsm 12 migrate-support-check fail never pass
test-amd64-amd64-libvirt 12 migrate-support-check fail never pass
test-amd64-i386-libvirt-xsm 12 migrate-support-check fail never pass
test-amd64-i386-libvirt 12 migrate-support-check fail never pass
test-armhf-armhf-xl-vhd 11 migrate-support-check fail never pass
test-armhf-armhf-xl-vhd 12 saverestore-support-check fail never pass
test-amd64-amd64-qemuu-nested-amd 16 debian-hvm-install/l1/l2 fail never pass
test-amd64-amd64-xl-qemut-win7-amd64 16 guest-stop fail never pass
test-amd64-amd64-xl-qemuu-win7-amd64 16 guest-stop fail never pass
test-amd64-i386-xl-qemut-win7-amd64 16 guest-stop fail never pass
test-amd64-amd64-libvirt-qemuu-debianhvm-amd64-xsm 10 migrate-support-check fail never pass
test-amd64-i386-libvirt-qemuu-debianhvm-amd64-xsm 10 migrate-support-check fail never pass
test-amd64-amd64-libvirt-vhd 11 migrate-support-check fail never pass
version targeted for testing:
xen b48be35ac86cd6369124cf06ca3006d086095297
baseline version:
xen ea210c52abb6458e39f5365f7f2c3abb9c191c47
Last test of basis 66565 2016-07-14 03:19:07 Z 2 days
Testing same since 66611 2016-07-16 17:19:41 Z 0 days 1 attempts
------------------------------------------------------------
People who touched revisions under test:
Andrew Cooper <andrew.cooper3@citrix.com>
Anshul Makkar <anshul.makkar@citrix.com>
Corneliu ZUZU <czuzu@bitdefender.com>
Daniel De Graaf <dgdegra@tycho.nsa.gov>
Doug Goldstein <cardoe@cardoe.com>
Jan Beulich <jbeulich@suse.com>
Julien Grall <julien.grall@arm.com>
Kevin Tian <kevin.tian@intel.com>
Quan Xu <quan.xu@intel.com>
Shanker Donthineni <shankerd@codeaurora.org>
Stefano Stabellini <sstabellini@kernel.org>
Tim Deegan <tim@xen.org>
jobs:
build-amd64-xsm pass
build-armhf-xsm pass
build-i386-xsm pass
build-amd64 pass
build-armhf pass
build-i386 pass
build-amd64-libvirt pass
build-armhf-libvirt pass
build-i386-libvirt pass
build-amd64-oldkern pass
build-i386-oldkern pass
build-amd64-prev pass
build-i386-prev pass
build-amd64-pvops pass
build-armhf-pvops pass
build-i386-pvops pass
build-amd64-rumpuserxen fail
build-i386-rumpuserxen fail
test-amd64-amd64-xl pass
test-armhf-armhf-xl pass
test-amd64-i386-xl pass
test-amd64-amd64-xl-qemut-debianhvm-amd64-xsm pass
test-amd64-i386-xl-qemut-debianhvm-amd64-xsm pass
test-amd64-amd64-libvirt-qemuu-debianhvm-amd64-xsm pass
test-amd64-i386-libvirt-qemuu-debianhvm-amd64-xsm pass
test-amd64-amd64-xl-qemuu-debianhvm-amd64-xsm pass
test-amd64-i386-xl-qemuu-debianhvm-amd64-xsm pass
test-amd64-amd64-xl-qemut-stubdom-debianhvm-amd64-xsm pass
test-amd64-i386-xl-qemut-stubdom-debianhvm-amd64-xsm pass
test-amd64-amd64-libvirt-xsm pass
test-armhf-armhf-libvirt-xsm fail
test-amd64-i386-libvirt-xsm pass
test-amd64-amd64-xl-xsm pass
test-armhf-armhf-xl-xsm pass
test-amd64-i386-xl-xsm pass
test-amd64-amd64-qemuu-nested-amd fail
test-amd64-amd64-xl-pvh-amd fail
test-amd64-i386-qemut-rhel6hvm-amd pass
test-amd64-i386-qemuu-rhel6hvm-amd pass
test-amd64-amd64-xl-qemut-debianhvm-amd64 pass
test-amd64-i386-xl-qemut-debianhvm-amd64 pass
test-amd64-amd64-xl-qemuu-debianhvm-amd64 pass
test-amd64-i386-xl-qemuu-debianhvm-amd64 pass
test-amd64-i386-freebsd10-amd64 pass
test-amd64-amd64-xl-qemuu-ovmf-amd64 pass
test-amd64-i386-xl-qemuu-ovmf-amd64 pass
test-amd64-amd64-rumpuserxen-amd64 blocked
test-amd64-amd64-xl-qemut-win7-amd64 fail
test-amd64-i386-xl-qemut-win7-amd64 fail
test-amd64-amd64-xl-qemuu-win7-amd64 fail
test-amd64-i386-xl-qemuu-win7-amd64 fail
test-amd64-amd64-xl-credit2 pass
test-armhf-armhf-xl-credit2 pass
test-amd64-i386-freebsd10-i386 pass
test-amd64-i386-rumpuserxen-i386 blocked
test-amd64-amd64-qemuu-nested-intel fail
test-amd64-amd64-xl-pvh-intel fail
test-amd64-i386-qemut-rhel6hvm-intel pass
test-amd64-i386-qemuu-rhel6hvm-intel pass
test-amd64-amd64-libvirt pass
test-armhf-armhf-libvirt fail
test-amd64-i386-libvirt pass
test-armhf-armhf-xl-midway pass
test-amd64-amd64-migrupgrade pass
test-amd64-i386-migrupgrade pass
test-amd64-amd64-xl-multivcpu pass
test-armhf-armhf-xl-multivcpu pass
test-amd64-amd64-pair pass
test-amd64-i386-pair pass
test-amd64-amd64-libvirt-pair pass
test-amd64-i386-libvirt-pair pass
test-amd64-amd64-amd64-pvgrub pass
test-amd64-amd64-i386-pvgrub fail
test-amd64-amd64-pygrub pass
test-armhf-armhf-libvirt-qcow2 fail
test-amd64-amd64-xl-qcow2 pass
test-armhf-armhf-libvirt-raw fail
test-amd64-i386-xl-raw pass
test-amd64-amd64-xl-rtds pass
test-armhf-armhf-xl-rtds pass
test-amd64-i386-xl-qemut-winxpsp3-vcpus1 pass
test-amd64-i386-xl-qemuu-winxpsp3-vcpus1 pass
test-amd64-amd64-libvirt-vhd pass
test-armhf-armhf-xl-vhd pass
test-amd64-amd64-xl-qemut-winxpsp3 fail
test-amd64-i386-xl-qemut-winxpsp3 pass
test-amd64-amd64-xl-qemuu-winxpsp3 pass
test-amd64-i386-xl-qemuu-winxpsp3 pass
------------------------------------------------------------
sg-report-flight on osstest.xs.citrite.net
logs: /home/osstest/logs
images: /home/osstest/images
Logs, config files, etc. are available at
http://osstest.xs.citrite.net/~osstest/testlogs/logs
Test harness code can be found at
http://xenbits.xensource.com/gitweb?p=osstest.git;a=summary
Push not applicable.
(No revision log; it would be 671 lines long.)
_______________________________________________
Xen-devel mailing list
Xen-devel@lists.xen.org
https://lists.xen.org/xen-devel
^ permalink raw reply [flat|nested] only message in thread
only message in thread, other threads:[~2016-07-17 2:19 UTC | newest]
Thread overview: (only message) (download: mbox.gz / follow: Atom feed)
-- links below jump to the message on this page --
2016-07-17 2:19 [xen-unstable baseline-only test] 66611: regressions - FAIL Platform Team regression test user
This is a public inbox, see mirroring instructions
for how to clone and mirror all data and code used for this inbox;
as well as URLs for NNTP newsgroup(s).