* [ovmf baseline-only test] 67856: all pass
@ 2016-10-10 17:08 Platform Team regression test user
0 siblings, 0 replies; only message in thread
From: Platform Team regression test user @ 2016-10-10 17:08 UTC (permalink / raw)
To: xen-devel, osstest-admin
This run is configured for baseline tests only.
flight 67856 ovmf real [real]
http://osstest.xs.citrite.net/~osstest/testlogs/logs/67856/
Perfect :-)
All tests in this flight passed as required
version targeted for testing:
ovmf 87c04781d5a7d13ba3cae87daedd52fe71280f3f
baseline version:
ovmf cf8140930ab23497f729b1750b5962fe18dbc685
Last test of basis 67855 2016-10-10 07:48:15 Z 0 days
Testing same since 67856 2016-10-10 14:16:11 Z 0 days 1 attempts
------------------------------------------------------------
People who touched revisions under test:
Chao Zhang <chao.b.zhang@intel.com>
Zhang, Chao B <chao.b.zhang@intel.com>
jobs:
build-amd64-xsm pass
build-i386-xsm pass
build-amd64 pass
build-i386 pass
build-amd64-libvirt pass
build-i386-libvirt pass
build-amd64-pvops pass
build-i386-pvops pass
test-amd64-amd64-xl-qemuu-ovmf-amd64 pass
test-amd64-i386-xl-qemuu-ovmf-amd64 pass
------------------------------------------------------------
sg-report-flight on osstest.xs.citrite.net
logs: /home/osstest/logs
images: /home/osstest/images
Logs, config files, etc. are available at
http://osstest.xs.citrite.net/~osstest/testlogs/logs
Test harness code can be found at
http://xenbits.xensource.com/gitweb?p=osstest.git;a=summary
Push not applicable.
------------------------------------------------------------
commit 87c04781d5a7d13ba3cae87daedd52fe71280f3f
Author: Zhang, Chao B <chao.b.zhang@intel.com>
Date: Mon Oct 10 16:42:01 2016 +0800
SecurityPkg: SmmTcg2PhysicalPresenceLib: Fix GCC build failure
GCC is case sensitive. Also add BaseMemoryLib in INF.
Contributed-under: TianoCore Contribution Agreement 1.0
Signed-off-by: Chao Zhang <chao.b.zhang@intel.com>
Reviewed-by: Gao Liming <liming.gao@intel.com>
Reviewed-by: Long Qin <qin.long@intel.com>
_______________________________________________
Xen-devel mailing list
Xen-devel@lists.xen.org
https://lists.xen.org/xen-devel
^ permalink raw reply [flat|nested] only message in thread
only message in thread, other threads:[~2016-10-10 17:08 UTC | newest]
Thread overview: (only message) (download: mbox.gz / follow: Atom feed)
-- links below jump to the message on this page --
2016-10-10 17:08 [ovmf baseline-only test] 67856: all pass Platform Team regression test user
This is a public inbox, see mirroring instructions
for how to clone and mirror all data and code used for this inbox;
as well as URLs for NNTP newsgroup(s).