* [libvirt test] 92230: regressions - FAIL
@ 2016-04-21 20:19 osstest service owner
0 siblings, 0 replies; only message in thread
From: osstest service owner @ 2016-04-21 20:19 UTC (permalink / raw)
To: xen-devel, osstest-admin
[-- Attachment #1: Type: text/plain, Size: 5290 bytes --]
flight 92230 libvirt real [real]
http://logs.test-lab.xenproject.org/osstest/logs/92230/
Regressions :-(
Tests which did not succeed and are blocking,
including tests which could not be run:
build-amd64-libvirt 5 libvirt-build fail REGR. vs. 91479
build-i386-libvirt 5 libvirt-build fail REGR. vs. 91479
build-armhf-libvirt 5 libvirt-build fail REGR. vs. 91479
Tests which did not succeed, but are not blocking:
test-armhf-armhf-libvirt-xsm 1 build-check(1) blocked n/a
test-armhf-armhf-libvirt 1 build-check(1) blocked n/a
test-amd64-i386-libvirt 1 build-check(1) blocked n/a
test-amd64-amd64-libvirt-xsm 1 build-check(1) blocked n/a
test-amd64-i386-libvirt-xsm 1 build-check(1) blocked n/a
test-amd64-i386-libvirt-pair 1 build-check(1) blocked n/a
test-amd64-amd64-libvirt 1 build-check(1) blocked n/a
test-amd64-amd64-libvirt-pair 1 build-check(1) blocked n/a
test-amd64-amd64-libvirt-qemuu-debianhvm-amd64-xsm 1 build-check(1) blocked n/a
test-amd64-i386-libvirt-qemuu-debianhvm-amd64-xsm 1 build-check(1) blocked n/a
test-amd64-amd64-libvirt-vhd 1 build-check(1) blocked n/a
test-armhf-armhf-libvirt-qcow2 1 build-check(1) blocked n/a
test-armhf-armhf-libvirt-raw 1 build-check(1) blocked n/a
version targeted for testing:
libvirt 003fa6d676b44bca3f5d3d0c71f475d37cf3285d
baseline version:
libvirt 8b62c65d24bdb20121d3147b4f4dc98bac4f024b
Last test of basis 91479 2016-04-15 05:33:51 Z 6 days
Failing since 91597 2016-04-16 04:20:46 Z 5 days 6 attempts
Testing same since 92230 2016-04-21 04:28:05 Z 0 days 1 attempts
------------------------------------------------------------
People who touched revisions under test:
Andrea Bolognani <abologna@redhat.com>
Cole Robinson <crobinso@redhat.com>
Dmitry Andreev <dandreev@virtuozzo.com>
Erik Skultety <eskultet@redhat.com>
Jason J. Herne <jjherne@linux.vnet.ibm.com>
Jim Fehlig <jfehlig@suse.com>
Jiri Denemark <jdenemar@redhat.com>
John Ferlan <jferlan@redhat.com>
Ján Tomko <jtomko@redhat.com>
Laine Stump <laine@laine.org>
Martin Kletzander <mkletzan@redhat.com>
Maxim Nestratov <mnestratov@virtuozzo.com>
Michal Privoznik <mprivozn@redhat.com>
Mikhail Feoktistov <mfeoktistov@virtuozzo.com>
Nikolay Shirokovskiy <nshirokovskiy@virtuozzo.com>
Nitesh Konkar <niteshkonkar.libvirt@gmail.com>
Nitesh Konkar <nitkon12@linux.vnet.ibm.com>
Olga Krishtal <okrishtal@virtuozzo.com>
Peter Krempa <pkrempa@redhat.com>
Richard Laager <rlaager@wiktel.com>
Richard W.M. Jones <rjones@redhat.com>
Simon Arlott <bugzilla.redhat.simon@arlott.org>
jobs:
build-amd64-xsm pass
build-armhf-xsm pass
build-i386-xsm pass
build-amd64 pass
build-armhf pass
build-i386 pass
build-amd64-libvirt fail
build-armhf-libvirt fail
build-i386-libvirt fail
build-amd64-pvops pass
build-armhf-pvops pass
build-i386-pvops pass
test-amd64-amd64-libvirt-qemuu-debianhvm-amd64-xsm blocked
test-amd64-i386-libvirt-qemuu-debianhvm-amd64-xsm blocked
test-amd64-amd64-libvirt-xsm blocked
test-armhf-armhf-libvirt-xsm blocked
test-amd64-i386-libvirt-xsm blocked
test-amd64-amd64-libvirt blocked
test-armhf-armhf-libvirt blocked
test-amd64-i386-libvirt blocked
test-amd64-amd64-libvirt-pair blocked
test-amd64-i386-libvirt-pair blocked
test-armhf-armhf-libvirt-qcow2 blocked
test-armhf-armhf-libvirt-raw blocked
test-amd64-amd64-libvirt-vhd blocked
------------------------------------------------------------
sg-report-flight on osstest.test-lab.xenproject.org
logs: /home/logs/logs
images: /home/logs/images
Logs, config files, etc. are available at
http://logs.test-lab.xenproject.org/osstest/logs
Explanation of these reports, and of osstest in general, is at
http://xenbits.xen.org/gitweb/?p=osstest.git;a=blob;f=README.email;hb=master
http://xenbits.xen.org/gitweb/?p=osstest.git;a=blob;f=README;hb=master
Test harness code can be found at
http://xenbits.xen.org/gitweb?p=osstest.git;a=summary
Not pushing.
(No revision log; it would be 1245 lines long.)
[-- Attachment #2: Type: text/plain, Size: 126 bytes --]
_______________________________________________
Xen-devel mailing list
Xen-devel@lists.xen.org
http://lists.xen.org/xen-devel
^ permalink raw reply [flat|nested] only message in thread
only message in thread, other threads:[~2016-04-21 20:19 UTC | newest]
Thread overview: (only message) (download: mbox.gz / follow: Atom feed)
-- links below jump to the message on this page --
2016-04-21 20:19 [libvirt test] 92230: regressions - FAIL osstest service owner
This is a public inbox, see mirroring instructions
for how to clone and mirror all data and code used for this inbox;
as well as URLs for NNTP newsgroup(s).