* [xen-4.3-testing test] 92615: trouble: blocked/broken/fail/pass
@ 2016-04-25 1:04 osstest service owner
0 siblings, 0 replies; only message in thread
From: osstest service owner @ 2016-04-25 1:04 UTC (permalink / raw)
To: xen-devel, osstest-admin
flight 92615 xen-4.3-testing real [real]
http://logs.test-lab.xenproject.org/osstest/logs/92615/
Failures and problems with tests :-(
Tests which did not succeed and are blocking,
including tests which could not be run:
build-i386-pvops 3 host-install(3) broken REGR. vs. 87893
build-i386 3 host-install(3) broken REGR. vs. 87893
build-amd64 3 host-install(3) broken REGR. vs. 87893
build-amd64-pvops 3 host-install(3) broken REGR. vs. 87893
Tests which did not succeed, but are not blocking:
test-amd64-amd64-libvirt-vhd 1 build-check(1) blocked n/a
test-amd64-amd64-amd64-pvgrub 1 build-check(1) blocked n/a
test-amd64-amd64-libvirt 1 build-check(1) blocked n/a
build-amd64-libvirt 1 build-check(1) blocked n/a
build-i386-rumpuserxen 1 build-check(1) blocked n/a
build-i386-libvirt 1 build-check(1) blocked n/a
test-amd64-amd64-pv 1 build-check(1) blocked n/a
build-amd64-rumpuserxen 1 build-check(1) blocked n/a
test-amd64-i386-freebsd10-amd64 1 build-check(1) blocked n/a
test-amd64-amd64-pair 1 build-check(1) blocked n/a
test-amd64-i386-rumpuserxen-i386 1 build-check(1) blocked n/a
test-amd64-i386-libvirt 1 build-check(1) blocked n/a
test-amd64-amd64-pygrub 1 build-check(1) blocked n/a
test-amd64-amd64-i386-pvgrub 1 build-check(1) blocked n/a
test-amd64-i386-qemuu-rhel6hvm-amd 1 build-check(1) blocked n/a
test-amd64-i386-freebsd10-i386 1 build-check(1) blocked n/a
test-amd64-i386-pair 1 build-check(1) blocked n/a
test-amd64-i386-xend-qemut-winxpsp3 1 build-check(1) blocked n/a
test-amd64-i386-xl 1 build-check(1) blocked n/a
test-amd64-i386-qemuu-rhel6hvm-intel 1 build-check(1) blocked n/a
test-amd64-i386-qemut-rhel6hvm-amd 1 build-check(1) blocked n/a
test-amd64-i386-pv 1 build-check(1) blocked n/a
test-amd64-i386-xl-qemuu-ovmf-amd64 1 build-check(1) blocked n/a
test-amd64-i386-xl-raw 1 build-check(1) blocked n/a
test-amd64-i386-xl-qemuu-winxpsp3-vcpus1 1 build-check(1) blocked n/a
test-amd64-i386-xl-qemut-debianhvm-amd64 1 build-check(1) blocked n/a
test-amd64-i386-xl-qemut-win7-amd64 1 build-check(1) blocked n/a
test-amd64-i386-xl-qemuu-debianhvm-amd64 1 build-check(1) blocked n/a
test-amd64-i386-xl-qemut-winxpsp3-vcpus1 1 build-check(1) blocked n/a
test-amd64-i386-qemut-rhel6hvm-intel 1 build-check(1) blocked n/a
test-amd64-amd64-xl-qemut-winxpsp3 1 build-check(1) blocked n/a
test-amd64-amd64-xl 1 build-check(1) blocked n/a
test-amd64-amd64-xl-qemuu-win7-amd64 1 build-check(1) blocked n/a
test-amd64-amd64-xl-qemuu-winxpsp3 1 build-check(1) blocked n/a
test-amd64-amd64-xl-qcow2 1 build-check(1) blocked n/a
test-amd64-amd64-xl-qemut-win7-amd64 1 build-check(1) blocked n/a
test-amd64-amd64-xl-credit2 1 build-check(1) blocked n/a
test-amd64-i386-xl-qemuu-win7-amd64 1 build-check(1) blocked n/a
test-amd64-amd64-xl-qemuu-ovmf-amd64 1 build-check(1) blocked n/a
test-amd64-amd64-xl-qemuu-debianhvm-amd64 1 build-check(1) blocked n/a
test-amd64-amd64-xl-multivcpu 1 build-check(1) blocked n/a
test-amd64-amd64-rumpuserxen-amd64 1 build-check(1) blocked n/a
test-amd64-amd64-xl-qemut-debianhvm-amd64 1 build-check(1) blocked n/a
test-armhf-armhf-libvirt-qcow2 6 xen-boot fail never pass
test-armhf-armhf-xl 6 xen-boot fail never pass
test-armhf-armhf-libvirt 6 xen-boot fail never pass
test-armhf-armhf-xl-cubietruck 6 xen-boot fail never pass
test-armhf-armhf-xl-vhd 6 xen-boot fail never pass
test-armhf-armhf-xl-credit2 6 xen-boot fail never pass
test-armhf-armhf-libvirt-raw 6 xen-boot fail never pass
test-armhf-armhf-xl-multivcpu 6 xen-boot fail never pass
test-armhf-armhf-xl-arndale 6 xen-boot fail never pass
version targeted for testing:
xen c04846eeb3d96cf670dc5894b66f3f6e61c2531d
baseline version:
xen 8fa31952e2d08ef63897c43b5e8b33475ebf5d93
Last test of basis 87893 2016-03-29 13:49:52 Z 26 days
Testing same since 92180 2016-04-20 17:49:21 Z 4 days 9 attempts
------------------------------------------------------------
People who touched revisions under test:
Jan Beulich <jbeulich@suse.com>
Tim Deegan <tim@xen.org>
jobs:
build-amd64 broken
build-armhf pass
build-i386 broken
build-amd64-libvirt blocked
build-armhf-libvirt pass
build-i386-libvirt blocked
build-amd64-pvops broken
build-armhf-pvops pass
build-i386-pvops broken
build-amd64-rumpuserxen blocked
build-i386-rumpuserxen blocked
test-amd64-amd64-xl blocked
test-armhf-armhf-xl fail
test-amd64-i386-xl blocked
test-amd64-i386-qemut-rhel6hvm-amd blocked
test-amd64-i386-qemuu-rhel6hvm-amd blocked
test-amd64-amd64-xl-qemut-debianhvm-amd64 blocked
test-amd64-i386-xl-qemut-debianhvm-amd64 blocked
test-amd64-amd64-xl-qemuu-debianhvm-amd64 blocked
test-amd64-i386-xl-qemuu-debianhvm-amd64 blocked
test-amd64-i386-freebsd10-amd64 blocked
test-amd64-amd64-xl-qemuu-ovmf-amd64 blocked
test-amd64-i386-xl-qemuu-ovmf-amd64 blocked
test-amd64-amd64-rumpuserxen-amd64 blocked
test-amd64-amd64-xl-qemut-win7-amd64 blocked
test-amd64-i386-xl-qemut-win7-amd64 blocked
test-amd64-amd64-xl-qemuu-win7-amd64 blocked
test-amd64-i386-xl-qemuu-win7-amd64 blocked
test-armhf-armhf-xl-arndale fail
test-amd64-amd64-xl-credit2 blocked
test-armhf-armhf-xl-credit2 fail
test-armhf-armhf-xl-cubietruck fail
test-amd64-i386-freebsd10-i386 blocked
test-amd64-i386-rumpuserxen-i386 blocked
test-amd64-i386-qemut-rhel6hvm-intel blocked
test-amd64-i386-qemuu-rhel6hvm-intel blocked
test-amd64-amd64-libvirt blocked
test-armhf-armhf-libvirt fail
test-amd64-i386-libvirt blocked
test-amd64-amd64-xl-multivcpu blocked
test-armhf-armhf-xl-multivcpu fail
test-amd64-amd64-pair blocked
test-amd64-i386-pair blocked
test-amd64-amd64-pv blocked
test-amd64-i386-pv blocked
test-amd64-amd64-amd64-pvgrub blocked
test-amd64-amd64-i386-pvgrub blocked
test-amd64-amd64-pygrub blocked
test-armhf-armhf-libvirt-qcow2 fail
test-amd64-amd64-xl-qcow2 blocked
test-armhf-armhf-libvirt-raw fail
test-amd64-i386-xl-raw blocked
test-amd64-i386-xl-qemut-winxpsp3-vcpus1 blocked
test-amd64-i386-xl-qemuu-winxpsp3-vcpus1 blocked
test-amd64-amd64-libvirt-vhd blocked
test-armhf-armhf-xl-vhd fail
test-amd64-i386-xend-qemut-winxpsp3 blocked
test-amd64-amd64-xl-qemut-winxpsp3 blocked
test-amd64-amd64-xl-qemuu-winxpsp3 blocked
------------------------------------------------------------
sg-report-flight on osstest.test-lab.xenproject.org
logs: /home/logs/logs
images: /home/logs/images
Logs, config files, etc. are available at
http://logs.test-lab.xenproject.org/osstest/logs
Explanation of these reports, and of osstest in general, is at
http://xenbits.xen.org/gitweb/?p=osstest.git;a=blob;f=README.email;hb=master
http://xenbits.xen.org/gitweb/?p=osstest.git;a=blob;f=README;hb=master
Test harness code can be found at
http://xenbits.xen.org/gitweb?p=osstest.git;a=summary
broken-step build-i386-pvops host-install(3)
broken-step build-i386 host-install(3)
broken-step build-amd64 host-install(3)
broken-step build-amd64-pvops host-install(3)
Not pushing.
------------------------------------------------------------
commit c04846eeb3d96cf670dc5894b66f3f6e61c2531d
Author: Tim Deegan <tim@xen.org>
Date: Wed Mar 16 17:07:18 2016 +0000
x86: limit GFNs to 32 bits for shadowed superpages.
Superpage shadows store the shadowed GFN in the backpointer field,
which for non-BIGMEM builds is 32 bits wide. Shadowing a superpage
mapping of a guest-physical address above 2^44 would lead to the GFN
being truncated there, and a crash when we come to remove the shadow
from the hash table.
Track the valid width of a GFN for each guest, including reporting it
through CPUID, and enforce it in the shadow pagetables. Set the
maximum witth to 32 for guests where this truncation could occur.
This is XSA-173.
Reported-by: Ling Liu <liuling-it@360.cn>
Signed-off-by: Tim Deegan <tim@xen.org>
Signed-off-by: Jan Beulich <jbeulich@suse.com>
========================================
_______________________________________________
Xen-devel mailing list
Xen-devel@lists.xen.org
http://lists.xen.org/xen-devel
^ permalink raw reply [flat|nested] only message in thread
only message in thread, other threads:[~2016-04-25 1:04 UTC | newest]
Thread overview: (only message) (download: mbox.gz / follow: Atom feed)
-- links below jump to the message on this page --
2016-04-25 1:04 [xen-4.3-testing test] 92615: trouble: blocked/broken/fail/pass osstest service owner
This is a public inbox, see mirroring instructions
for how to clone and mirror all data and code used for this inbox;
as well as URLs for NNTP newsgroup(s).