* [libvirt test] 93343: regressions - FAIL
@ 2016-05-02 11:32 osstest service owner
0 siblings, 0 replies; only message in thread
From: osstest service owner @ 2016-05-02 11:32 UTC (permalink / raw)
To: xen-devel, osstest-admin
[-- Attachment #1: Type: text/plain, Size: 6120 bytes --]
flight 93343 libvirt real [real]
http://logs.test-lab.xenproject.org/osstest/logs/93343/
Regressions :-(
Tests which did not succeed and are blocking,
including tests which could not be run:
test-amd64-i386-libvirt 14 guest-saverestore fail REGR. vs. 91479
test-amd64-amd64-libvirt-xsm 9 debian-install fail REGR. vs. 91479
test-amd64-amd64-libvirt-qemuu-debianhvm-amd64-xsm 12 guest-saverestore fail REGR. vs. 91479
test-amd64-amd64-libvirt-vhd 13 guest-saverestore fail REGR. vs. 91479
test-amd64-amd64-libvirt-pair 21 guest-migrate/src_host/dst_host fail REGR. vs. 91479
test-amd64-i386-libvirt-pair 21 guest-migrate/src_host/dst_host fail REGR. vs. 91479
test-amd64-i386-libvirt-xsm 14 guest-saverestore fail REGR. vs. 91479
test-amd64-i386-libvirt-qemuu-debianhvm-amd64-xsm 12 guest-saverestore fail REGR. vs. 91479
test-amd64-amd64-libvirt 14 guest-saverestore fail REGR. vs. 91479
Tests which did not succeed, but are not blocking:
test-amd64-i386-libvirt 12 migrate-support-check fail never pass
test-amd64-amd64-libvirt-qemuu-debianhvm-amd64-xsm 10 migrate-support-check fail never pass
test-amd64-amd64-libvirt-vhd 11 migrate-support-check fail never pass
test-armhf-armhf-libvirt 14 guest-saverestore fail never pass
test-armhf-armhf-libvirt 12 migrate-support-check fail never pass
test-amd64-i386-libvirt-xsm 12 migrate-support-check fail never pass
test-armhf-armhf-libvirt-xsm 12 migrate-support-check fail never pass
test-armhf-armhf-libvirt-xsm 14 guest-saverestore fail never pass
test-amd64-i386-libvirt-qemuu-debianhvm-amd64-xsm 10 migrate-support-check fail never pass
test-amd64-amd64-libvirt 12 migrate-support-check fail never pass
test-armhf-armhf-libvirt-qcow2 11 migrate-support-check fail never pass
test-armhf-armhf-libvirt-qcow2 13 guest-saverestore fail never pass
test-armhf-armhf-libvirt-raw 13 guest-saverestore fail never pass
test-armhf-armhf-libvirt-raw 11 migrate-support-check fail never pass
version targeted for testing:
libvirt c0730e4d1277f70d591c465ce8bcaf5a3b310830
baseline version:
libvirt 8b62c65d24bdb20121d3147b4f4dc98bac4f024b
Last test of basis 91479 2016-04-15 05:33:51 Z 17 days
Failing since 91597 2016-04-16 04:20:46 Z 16 days 16 attempts
Testing same since 93343 2016-05-02 04:22:50 Z 0 days 1 attempts
------------------------------------------------------------
People who touched revisions under test:
Andrea Bolognani <abologna@redhat.com>
Ben Gray <ben.r.gray@gmail.com>
Cole Robinson <crobinso@redhat.com>
Daniel Veillard <veillard@redhat.com>
Dmitry Andreev <dandreev@virtuozzo.com>
Erik Skultety <eskultet@redhat.com>
Jason J. Herne <jjherne@linux.vnet.ibm.com>
Jim Fehlig <jfehlig@suse.com>
Jiri Denemark <jdenemar@redhat.com>
John Ferlan <jferlan@redhat.com>
Ján Tomko <jtomko@redhat.com>
Laine Stump <laine@laine.org>
Martin Kletzander <mkletzan@redhat.com>
Maxim Nestratov <mnestratov@virtuozzo.com>
Michal Privoznik <mprivozn@redhat.com>
Mikhail Feoktistov <mfeoktistov@virtuozzo.com>
Nikolay Shirokovskiy <nshirokovskiy@virtuozzo.com>
Nitesh Konkar <niteshkonkar.libvirt@gmail.com>
Nitesh Konkar <nitkon12@linux.vnet.ibm.com>
Olga Krishtal <okrishtal@virtuozzo.com>
Peter Krempa <pkrempa@redhat.com>
Richard Laager <rlaager@wiktel.com>
Richard W.M. Jones <rjones@redhat.com>
Roman Bogorodskiy <bogorodskiy@gmail.com>
Simon Arlott <bugzilla.redhat.simon@arlott.org>
Yuri Chornoivan <yurchor@ukr.net>
jobs:
build-amd64-xsm pass
build-armhf-xsm pass
build-i386-xsm pass
build-amd64 pass
build-armhf pass
build-i386 pass
build-amd64-libvirt pass
build-armhf-libvirt pass
build-i386-libvirt pass
build-amd64-pvops pass
build-armhf-pvops pass
build-i386-pvops pass
test-amd64-amd64-libvirt-qemuu-debianhvm-amd64-xsm fail
test-amd64-i386-libvirt-qemuu-debianhvm-amd64-xsm fail
test-amd64-amd64-libvirt-xsm fail
test-armhf-armhf-libvirt-xsm fail
test-amd64-i386-libvirt-xsm fail
test-amd64-amd64-libvirt fail
test-armhf-armhf-libvirt fail
test-amd64-i386-libvirt fail
test-amd64-amd64-libvirt-pair fail
test-amd64-i386-libvirt-pair fail
test-armhf-armhf-libvirt-qcow2 fail
test-armhf-armhf-libvirt-raw fail
test-amd64-amd64-libvirt-vhd fail
------------------------------------------------------------
sg-report-flight on osstest.test-lab.xenproject.org
logs: /home/logs/logs
images: /home/logs/images
Logs, config files, etc. are available at
http://logs.test-lab.xenproject.org/osstest/logs
Explanation of these reports, and of osstest in general, is at
http://xenbits.xen.org/gitweb/?p=osstest.git;a=blob;f=README.email;hb=master
http://xenbits.xen.org/gitweb/?p=osstest.git;a=blob;f=README;hb=master
Test harness code can be found at
http://xenbits.xen.org/gitweb?p=osstest.git;a=summary
Not pushing.
(No revision log; it would be 2636 lines long.)
[-- Attachment #2: Type: text/plain, Size: 126 bytes --]
_______________________________________________
Xen-devel mailing list
Xen-devel@lists.xen.org
http://lists.xen.org/xen-devel
^ permalink raw reply [flat|nested] only message in thread
only message in thread, other threads:[~2016-05-02 11:32 UTC | newest]
Thread overview: (only message) (download: mbox.gz / follow: Atom feed)
-- links below jump to the message on this page --
2016-05-02 11:32 [libvirt test] 93343: regressions - FAIL osstest service owner
This is a public inbox, see mirroring instructions
for how to clone and mirror all data and code used for this inbox;
as well as URLs for NNTP newsgroup(s).