* [xen-4.5-testing test] 94079: regressions - FAIL
@ 2016-05-14 2:16 osstest service owner
0 siblings, 0 replies; only message in thread
From: osstest service owner @ 2016-05-14 2:16 UTC (permalink / raw)
To: xen-devel, osstest-admin
flight 94079 xen-4.5-testing real [real]
http://logs.test-lab.xenproject.org/osstest/logs/94079/
Regressions :-(
Tests which did not succeed and are blocking,
including tests which could not be run:
build-i386-libvirt 5 libvirt-build fail REGR. vs. 93989
build-amd64-libvirt 5 libvirt-build fail REGR. vs. 93989
build-armhf 5 xen-build fail REGR. vs. 93989
test-amd64-amd64-libvirt-vhd 13 guest-saverestore fail in 94030 REGR. vs. 93989
test-armhf-armhf-xl-arndale 15 guest-start/debian.repeat fail in 94055 REGR. vs. 93989
build-armhf-libvirt 5 libvirt-build fail in 94055 REGR. vs. 93989
Tests which are failing intermittently (not blocking):
test-amd64-amd64-xl-qcow2 3 host-install(3) broken in 94055 pass in 94079
test-amd64-amd64-pygrub 3 host-install(3) broken in 94055 pass in 94079
test-armhf-armhf-xl-arndale 6 xen-boot fail in 94030 pass in 94055
test-amd64-amd64-rumpuserxen-amd64 15 rumpuserxen-demo-xenstorels/xenstorels.repeat fail in 94030 pass in 94079
test-amd64-i386-xl-qemuu-winxpsp3 15 guest-localmigrate/x10 fail pass in 94030
test-amd64-amd64-xl-qemuu-ovmf-amd64 15 guest-localmigrate/x10 fail pass in 94055
Regressions which are regarded as allowable (not blocking):
test-armhf-armhf-xl-rtds 15 guest-start/debian.repeat fail in 94055 like 93989
test-amd64-amd64-xl-rtds 6 xen-boot fail like 93989
test-amd64-i386-xl-qemut-win7-amd64 16 guest-stop fail like 93989
test-amd64-amd64-xl-qemut-win7-amd64 16 guest-stop fail like 93989
test-amd64-i386-xl-qemuu-win7-amd64 16 guest-stop fail like 93989
Tests which did not succeed, but are not blocking:
test-amd64-i386-libvirt 1 build-check(1) blocked n/a
test-amd64-amd64-libvirt-pair 1 build-check(1) blocked n/a
test-amd64-i386-libvirt-pair 1 build-check(1) blocked n/a
test-armhf-armhf-xl-arndale 1 build-check(1) blocked n/a
test-armhf-armhf-xl 1 build-check(1) blocked n/a
test-armhf-armhf-libvirt 1 build-check(1) blocked n/a
test-amd64-amd64-libvirt 1 build-check(1) blocked n/a
test-amd64-amd64-libvirt-vhd 1 build-check(1) blocked n/a
test-armhf-armhf-xl-credit2 1 build-check(1) blocked n/a
test-armhf-armhf-xl-vhd 1 build-check(1) blocked n/a
test-armhf-armhf-libvirt-qcow2 1 build-check(1) blocked n/a
test-armhf-armhf-libvirt-raw 1 build-check(1) blocked n/a
test-armhf-armhf-xl-cubietruck 1 build-check(1) blocked n/a
test-armhf-armhf-xl-multivcpu 1 build-check(1) blocked n/a
build-armhf-libvirt 1 build-check(1) blocked n/a
test-armhf-armhf-xl-rtds 1 build-check(1) blocked n/a
test-amd64-i386-libvirt 12 migrate-support-check fail in 94030 never pass
test-armhf-armhf-libvirt 14 guest-saverestore fail in 94030 never pass
test-armhf-armhf-libvirt 12 migrate-support-check fail in 94030 never pass
test-amd64-amd64-libvirt 12 migrate-support-check fail in 94030 never pass
test-amd64-amd64-libvirt-vhd 11 migrate-support-check fail in 94030 never pass
test-armhf-armhf-libvirt-qcow2 10 guest-start fail in 94030 never pass
test-armhf-armhf-libvirt-raw 10 guest-start fail in 94030 never pass
test-armhf-armhf-xl-arndale 12 migrate-support-check fail in 94055 never pass
test-armhf-armhf-xl-arndale 13 saverestore-support-check fail in 94055 never pass
test-armhf-armhf-xl 12 migrate-support-check fail in 94055 never pass
test-armhf-armhf-xl 13 saverestore-support-check fail in 94055 never pass
test-armhf-armhf-xl-credit2 13 saverestore-support-check fail in 94055 never pass
test-armhf-armhf-xl-credit2 12 migrate-support-check fail in 94055 never pass
test-armhf-armhf-xl-vhd 10 guest-start fail in 94055 never pass
test-armhf-armhf-xl-cubietruck 12 migrate-support-check fail in 94055 never pass
test-armhf-armhf-xl-cubietruck 13 saverestore-support-check fail in 94055 never pass
test-armhf-armhf-xl-multivcpu 13 saverestore-support-check fail in 94055 never pass
test-armhf-armhf-xl-multivcpu 12 migrate-support-check fail in 94055 never pass
test-armhf-armhf-xl-rtds 13 saverestore-support-check fail in 94055 never pass
test-armhf-armhf-xl-rtds 12 migrate-support-check fail in 94055 never pass
test-amd64-amd64-xl-pvh-intel 11 guest-start fail never pass
test-amd64-amd64-xl-pvh-amd 11 guest-start fail never pass
test-amd64-amd64-qemuu-nested-amd 16 debian-hvm-install/l1/l2 fail never pass
version targeted for testing:
xen 1334fa937ad269e9f476fc6a69fd895f5fc99864
baseline version:
xen 2bc9bd9483b254a80b7f83408f45aa1c6ef17ef3
Last test of basis 93989 2016-05-10 14:43:18 Z 3 days
Testing same since 94030 2016-05-11 13:08:55 Z 2 days 3 attempts
------------------------------------------------------------
People who touched revisions under test:
Ian Jackson <ian.jackson@eu.citrix.com>
jobs:
build-amd64 pass
build-armhf fail
build-i386 pass
build-amd64-libvirt fail
build-armhf-libvirt blocked
build-i386-libvirt fail
build-amd64-prev pass
build-i386-prev pass
build-amd64-pvops pass
build-armhf-pvops pass
build-i386-pvops pass
build-amd64-rumpuserxen pass
build-i386-rumpuserxen pass
test-amd64-amd64-xl pass
test-armhf-armhf-xl blocked
test-amd64-i386-xl pass
test-amd64-amd64-qemuu-nested-amd fail
test-amd64-amd64-xl-pvh-amd fail
test-amd64-i386-qemut-rhel6hvm-amd pass
test-amd64-i386-qemuu-rhel6hvm-amd pass
test-amd64-amd64-xl-qemut-debianhvm-amd64 pass
test-amd64-i386-xl-qemut-debianhvm-amd64 pass
test-amd64-amd64-xl-qemuu-debianhvm-amd64 pass
test-amd64-i386-xl-qemuu-debianhvm-amd64 pass
test-amd64-i386-freebsd10-amd64 pass
test-amd64-amd64-xl-qemuu-ovmf-amd64 fail
test-amd64-i386-xl-qemuu-ovmf-amd64 pass
test-amd64-amd64-rumpuserxen-amd64 pass
test-amd64-amd64-xl-qemut-win7-amd64 fail
test-amd64-i386-xl-qemut-win7-amd64 fail
test-amd64-amd64-xl-qemuu-win7-amd64 pass
test-amd64-i386-xl-qemuu-win7-amd64 fail
test-armhf-armhf-xl-arndale blocked
test-amd64-amd64-xl-credit2 pass
test-armhf-armhf-xl-credit2 blocked
test-armhf-armhf-xl-cubietruck blocked
test-amd64-i386-freebsd10-i386 pass
test-amd64-i386-rumpuserxen-i386 pass
test-amd64-amd64-qemuu-nested-intel pass
test-amd64-amd64-xl-pvh-intel fail
test-amd64-i386-qemut-rhel6hvm-intel pass
test-amd64-i386-qemuu-rhel6hvm-intel pass
test-amd64-amd64-libvirt blocked
test-armhf-armhf-libvirt blocked
test-amd64-i386-libvirt blocked
test-amd64-amd64-migrupgrade pass
test-amd64-i386-migrupgrade pass
test-amd64-amd64-xl-multivcpu pass
test-armhf-armhf-xl-multivcpu blocked
test-amd64-amd64-pair pass
test-amd64-i386-pair pass
test-amd64-amd64-libvirt-pair blocked
test-amd64-i386-libvirt-pair blocked
test-amd64-amd64-amd64-pvgrub pass
test-amd64-amd64-i386-pvgrub pass
test-amd64-amd64-pygrub pass
test-armhf-armhf-libvirt-qcow2 blocked
test-amd64-amd64-xl-qcow2 pass
test-armhf-armhf-libvirt-raw blocked
test-amd64-i386-xl-raw pass
test-amd64-amd64-xl-rtds fail
test-armhf-armhf-xl-rtds blocked
test-amd64-i386-xl-qemut-winxpsp3-vcpus1 pass
test-amd64-i386-xl-qemuu-winxpsp3-vcpus1 pass
test-amd64-amd64-libvirt-vhd blocked
test-armhf-armhf-xl-vhd blocked
test-amd64-amd64-xl-qemut-winxpsp3 pass
test-amd64-i386-xl-qemut-winxpsp3 pass
test-amd64-amd64-xl-qemuu-winxpsp3 pass
test-amd64-i386-xl-qemuu-winxpsp3 fail
------------------------------------------------------------
sg-report-flight on osstest.test-lab.xenproject.org
logs: /home/logs/logs
images: /home/logs/images
Logs, config files, etc. are available at
http://logs.test-lab.xenproject.org/osstest/logs
Explanation of these reports, and of osstest in general, is at
http://xenbits.xen.org/gitweb/?p=osstest.git;a=blob;f=README.email;hb=master
http://xenbits.xen.org/gitweb/?p=osstest.git;a=blob;f=README;hb=master
Test harness code can be found at
http://xenbits.xen.org/gitweb?p=osstest.git;a=summary
Not pushing.
------------------------------------------------------------
commit 1334fa937ad269e9f476fc6a69fd895f5fc99864
Author: Ian Jackson <ian.jackson@eu.citrix.com>
Date: Tue May 10 19:20:16 2016 +0100
Update QEMU_UPSTREAM_REVISION
commit 478ad3fddeeaf57b883f21e506e65e8393668d23
Author: Ian Jackson <ian.jackson@eu.citrix.com>
Date: Tue May 10 19:16:08 2016 +0100
QEMU_TAG update
commit 2c438f811f8c9fb615f1f05bc11ab1de5aaab857
Author: Ian Jackson <ian.jackson@eu.citrix.com>
Date: Tue May 10 19:07:29 2016 +0100
QEMU_TAG update
(qemu changes not included)
_______________________________________________
Xen-devel mailing list
Xen-devel@lists.xen.org
http://lists.xen.org/xen-devel
^ permalink raw reply [flat|nested] only message in thread
only message in thread, other threads:[~2016-05-14 2:16 UTC | newest]
Thread overview: (only message) (download: mbox.gz / follow: Atom feed)
-- links below jump to the message on this page --
2016-05-14 2:16 [xen-4.5-testing test] 94079: regressions - FAIL osstest service owner
This is a public inbox, see mirroring instructions
for how to clone and mirror all data and code used for this inbox;
as well as URLs for NNTP newsgroup(s).