* [libvirt test] 95185: trouble: broken/fail/pass
@ 2016-06-02 14:59 osstest service owner
0 siblings, 0 replies; only message in thread
From: osstest service owner @ 2016-06-02 14:59 UTC (permalink / raw)
To: xen-devel, osstest-admin
flight 95185 libvirt real [real]
http://logs.test-lab.xenproject.org/osstest/logs/95185/
Failures and problems with tests :-(
Tests which did not succeed and are blocking,
including tests which could not be run:
test-amd64-amd64-libvirt-qemuu-debianhvm-amd64-xsm 3 host-install(3) broken REGR. vs. 94970
Tests which did not succeed, but are not blocking:
test-armhf-armhf-libvirt-xsm 12 migrate-support-check fail never pass
test-armhf-armhf-libvirt-xsm 14 guest-saverestore fail never pass
test-armhf-armhf-libvirt 14 guest-saverestore fail never pass
test-armhf-armhf-libvirt 12 migrate-support-check fail never pass
test-amd64-i386-libvirt 12 migrate-support-check fail never pass
test-amd64-amd64-libvirt-xsm 12 migrate-support-check fail never pass
test-amd64-i386-libvirt-xsm 12 migrate-support-check fail never pass
test-armhf-armhf-libvirt-raw 13 guest-saverestore fail never pass
test-armhf-armhf-libvirt-raw 11 migrate-support-check fail never pass
test-amd64-amd64-libvirt 12 migrate-support-check fail never pass
test-amd64-i386-libvirt-qemuu-debianhvm-amd64-xsm 10 migrate-support-check fail never pass
test-amd64-amd64-libvirt-vhd 11 migrate-support-check fail never pass
test-armhf-armhf-libvirt-qcow2 11 migrate-support-check fail never pass
test-armhf-armhf-libvirt-qcow2 13 guest-saverestore fail never pass
version targeted for testing:
libvirt 93b59fcff60ee3e2ac3e67164b992d1335e9d0a2
baseline version:
libvirt 2bd61c84489918c0648aee317c18b5a03f5949a4
Last test of basis 94970 2016-05-31 04:21:41 Z 2 days
Failing since 95095 2016-06-01 04:19:51 Z 1 days 2 attempts
Testing same since 95185 2016-06-02 04:24:47 Z 0 days 1 attempts
------------------------------------------------------------
People who touched revisions under test:
Laine Stump <laine@laine.org>
Michal Privoznik <mprivozn@redhat.com>
Pavel Hrdina <phrdina@redhat.com>
jobs:
build-amd64-xsm pass
build-armhf-xsm pass
build-i386-xsm pass
build-amd64 pass
build-armhf pass
build-i386 pass
build-amd64-libvirt pass
build-armhf-libvirt pass
build-i386-libvirt pass
build-amd64-pvops pass
build-armhf-pvops pass
build-i386-pvops pass
test-amd64-amd64-libvirt-qemuu-debianhvm-amd64-xsm broken
test-amd64-i386-libvirt-qemuu-debianhvm-amd64-xsm pass
test-amd64-amd64-libvirt-xsm pass
test-armhf-armhf-libvirt-xsm fail
test-amd64-i386-libvirt-xsm pass
test-amd64-amd64-libvirt pass
test-armhf-armhf-libvirt fail
test-amd64-i386-libvirt pass
test-amd64-amd64-libvirt-pair pass
test-amd64-i386-libvirt-pair pass
test-armhf-armhf-libvirt-qcow2 fail
test-armhf-armhf-libvirt-raw fail
test-amd64-amd64-libvirt-vhd pass
------------------------------------------------------------
sg-report-flight on osstest.test-lab.xenproject.org
logs: /home/logs/logs
images: /home/logs/images
Logs, config files, etc. are available at
http://logs.test-lab.xenproject.org/osstest/logs
Explanation of these reports, and of osstest in general, is at
http://xenbits.xen.org/gitweb/?p=osstest.git;a=blob;f=README.email;hb=master
http://xenbits.xen.org/gitweb/?p=osstest.git;a=blob;f=README;hb=master
Test harness code can be found at
http://xenbits.xen.org/gitweb?p=osstest.git;a=summary
broken-step test-amd64-amd64-libvirt-qemuu-debianhvm-amd64-xsm host-install(3)
Not pushing.
------------------------------------------------------------
commit 93b59fcff60ee3e2ac3e67164b992d1335e9d0a2
Author: Laine Stump <laine@laine.org>
Date: Tue May 31 11:51:29 2016 -0400
network: restart dnsmasq after adding/removing txt and srv records
Although dns host records are stored in a separate configuration file
that is reread by dnsmasq when it receives a SIGHUP, the txt and srv
records are directly in the dnsmasq .conf file which can't be reread
after initial dnsmasq startup. This means that if an srv or txt record
is modified in a network config, libvirt needs to restart the dnsmasq
process rather than just sending a SIGHUP.
This was pointed out in a question in
https://bugzilla.redhat.com/show_bug.cgi?id=988718 , but no separate
BZ was filed.
commit de0b091ae08a38b13ea62b806e28666c51da198e
Author: Pavel Hrdina <phrdina@redhat.com>
Date: Wed Apr 13 10:13:16 2016 +0200
QXL: fix reloading of vram64 attribute
Commit b4a5fd95 introduced vram64 attribute for QXL video device but
there were two issues. Only function
qemuMonitorJSONUpdateVideoVram64Size should update the vram64 attribute
and also the value is in MiB, not in B.
Signed-off-by: Pavel Hrdina <phrdina@redhat.com>
commit 99809fd482474475b0104d5479293f9f1069450a
Author: Michal Privoznik <mprivozn@redhat.com>
Date: Tue May 31 12:12:13 2016 +0200
esxStorageVolGetXMLDesc: Lookup SCSI lun properly
So the idea is as follows: firstly we obtain a list of all the
luns, then iterate over it trying to find the one we want to work
with and after all the iterations we detect whether we have found
something. Now, the last check is broken, because it compares a
value form previous iteration, not the one we've just been
through.
Then, when computing md5 sum of lun's UUID, we use wrong variable
again. Well, @hostScsiDisk which is type of esxVI_HostScsiDisk
extends esxVI_ScsiLun type so they both have the uuid member, but
it just doesn't feel right to access the data via two different
variables in one function call.
Signed-off-by: Michal Privoznik <mprivozn@redhat.com>
commit c94720f86ad203a5ca6e669c8423f715946d4f5d
Author: Michal Privoznik <mprivozn@redhat.com>
Date: Tue May 31 12:23:24 2016 +0200
qemuMonitorTextGetAllBlockStatsInfo: Fix line validation
There's a bug in the function. We expect the following format for
the data we are parsing here:
key: value
So we use strchr() to find ':' and then see if it is followed by
space. But the check that does just that is slightly incorrect.
Signed-off-by: Michal Privoznik <mprivozn@redhat.com>
_______________________________________________
Xen-devel mailing list
Xen-devel@lists.xen.org
http://lists.xen.org/xen-devel
^ permalink raw reply [flat|nested] only message in thread
only message in thread, other threads:[~2016-06-02 14:59 UTC | newest]
Thread overview: (only message) (download: mbox.gz / follow: Atom feed)
-- links below jump to the message on this page --
2016-06-02 14:59 [libvirt test] 95185: trouble: broken/fail/pass osstest service owner
This is a public inbox, see mirroring instructions
for how to clone and mirror all data and code used for this inbox;
as well as URLs for NNTP newsgroup(s).