* [xen-4.5-testing test] 95368: regressions - FAIL
@ 2016-06-08 11:13 osstest service owner
0 siblings, 0 replies; only message in thread
From: osstest service owner @ 2016-06-08 11:13 UTC (permalink / raw)
To: xen-devel, osstest-admin
flight 95368 xen-4.5-testing real [real]
http://logs.test-lab.xenproject.org/osstest/logs/95368/
Regressions :-(
Tests which did not succeed and are blocking,
including tests which could not be run:
test-amd64-i386-qemut-rhel6hvm-intel 11 guest-start/redhat.repeat fail REGR. vs. 95290
test-amd64-i386-qemut-rhel6hvm-amd 11 guest-start/redhat.repeat fail REGR. vs. 95290
test-amd64-i386-qemuu-rhel6hvm-intel 11 guest-start/redhat.repeat fail REGR. vs. 95290
test-amd64-i386-qemuu-rhel6hvm-amd 11 guest-start/redhat.repeat fail REGR. vs. 95290
test-amd64-amd64-xl-qemut-debianhvm-amd64 17 guest-start/debianhvm.repeat fail REGR. vs. 95290
test-amd64-i386-xl-qemut-debianhvm-amd64 17 guest-start/debianhvm.repeat fail REGR. vs. 95290
test-amd64-amd64-xl-qemuu-debianhvm-amd64 17 guest-start/debianhvm.repeat fail REGR. vs. 95290
test-amd64-i386-xl-qemuu-debianhvm-amd64 17 guest-start/debianhvm.repeat fail REGR. vs. 95290
test-amd64-amd64-qemuu-nested-amd 13 xen-boot/l1 fail REGR. vs. 95290
test-amd64-amd64-xl-qemuu-ovmf-amd64 17 guest-start/debianhvm.repeat fail REGR. vs. 95290
test-amd64-amd64-qemuu-nested-intel 13 xen-boot/l1 fail REGR. vs. 95290
test-amd64-i386-xl-qemuu-ovmf-amd64 17 guest-start/debianhvm.repeat fail REGR. vs. 95290
test-amd64-i386-xl-qemut-winxpsp3-vcpus1 9 windows-install fail REGR. vs. 95290
test-amd64-amd64-xl-qemut-winxpsp3 9 windows-install fail REGR. vs. 95290
test-amd64-i386-xl-qemut-win7-amd64 9 windows-install fail REGR. vs. 95290
test-amd64-i386-xl-qemut-winxpsp3 9 windows-install fail REGR. vs. 95290
test-amd64-amd64-xl-qemuu-win7-amd64 9 windows-install fail REGR. vs. 95290
test-amd64-i386-xl-qemuu-winxpsp3-vcpus1 9 windows-install fail REGR. vs. 95290
test-amd64-i386-xl-qemuu-win7-amd64 9 windows-install fail REGR. vs. 95290
test-amd64-amd64-xl-qemuu-winxpsp3 9 windows-install fail REGR. vs. 95290
test-amd64-amd64-xl-qemut-win7-amd64 9 windows-install fail REGR. vs. 95290
test-amd64-i386-xl-qemuu-winxpsp3 9 windows-install fail REGR. vs. 95290
Regressions which are regarded as allowable (not blocking):
test-amd64-amd64-qemuu-nested-amd 14 capture-logs/l1(14) fail blocked in 95290
test-armhf-armhf-xl-rtds 11 guest-start fail like 95250
test-amd64-amd64-xl-rtds 6 xen-boot fail like 95290
Tests which did not succeed, but are not blocking:
test-amd64-amd64-xl-pvh-intel 11 guest-start fail never pass
test-amd64-amd64-xl-pvh-amd 11 guest-start fail never pass
test-amd64-amd64-libvirt 12 migrate-support-check fail never pass
test-amd64-i386-libvirt 12 migrate-support-check fail never pass
test-armhf-armhf-libvirt 14 guest-saverestore fail never pass
test-armhf-armhf-libvirt 12 migrate-support-check fail never pass
test-armhf-armhf-xl-vhd 10 guest-start fail never pass
test-armhf-armhf-xl-arndale 12 migrate-support-check fail never pass
test-armhf-armhf-xl-arndale 13 saverestore-support-check fail never pass
test-armhf-armhf-libvirt-qcow2 10 guest-start fail never pass
test-armhf-armhf-libvirt-raw 10 guest-start fail never pass
test-amd64-amd64-qemuu-nested-intel 14 capture-logs/l1(14) fail never pass
test-amd64-amd64-libvirt-vhd 11 migrate-support-check fail never pass
test-armhf-armhf-xl-cubietruck 12 migrate-support-check fail never pass
test-armhf-armhf-xl-cubietruck 13 saverestore-support-check fail never pass
test-armhf-armhf-xl 12 migrate-support-check fail never pass
test-armhf-armhf-xl 13 saverestore-support-check fail never pass
test-armhf-armhf-xl-credit2 13 saverestore-support-check fail never pass
test-armhf-armhf-xl-credit2 12 migrate-support-check fail never pass
test-armhf-armhf-xl-multivcpu 13 saverestore-support-check fail never pass
test-armhf-armhf-xl-multivcpu 12 migrate-support-check fail never pass
version targeted for testing:
xen d8ac67eff778ae0c6b3286ab46328be5c6c90163
baseline version:
xen 8c4b40337b66679bbb776b157c747a946ed06de5
Last test of basis 95290 2016-06-05 09:32:15 Z 3 days
Testing same since 95333 2016-06-06 15:12:07 Z 1 days 2 attempts
------------------------------------------------------------
People who touched revisions under test:
Ian Jackson <Ian.Jackson@eu.citrix.com>
jobs:
build-amd64 pass
build-armhf pass
build-i386 pass
build-amd64-libvirt pass
build-armhf-libvirt pass
build-i386-libvirt pass
build-amd64-prev pass
build-i386-prev pass
build-amd64-pvops pass
build-armhf-pvops pass
build-i386-pvops pass
build-amd64-rumpuserxen pass
build-i386-rumpuserxen pass
test-amd64-amd64-xl pass
test-armhf-armhf-xl pass
test-amd64-i386-xl pass
test-amd64-amd64-qemuu-nested-amd fail
test-amd64-amd64-xl-pvh-amd fail
test-amd64-i386-qemut-rhel6hvm-amd fail
test-amd64-i386-qemuu-rhel6hvm-amd fail
test-amd64-amd64-xl-qemut-debianhvm-amd64 fail
test-amd64-i386-xl-qemut-debianhvm-amd64 fail
test-amd64-amd64-xl-qemuu-debianhvm-amd64 fail
test-amd64-i386-xl-qemuu-debianhvm-amd64 fail
test-amd64-i386-freebsd10-amd64 pass
test-amd64-amd64-xl-qemuu-ovmf-amd64 fail
test-amd64-i386-xl-qemuu-ovmf-amd64 fail
test-amd64-amd64-rumpuserxen-amd64 pass
test-amd64-amd64-xl-qemut-win7-amd64 fail
test-amd64-i386-xl-qemut-win7-amd64 fail
test-amd64-amd64-xl-qemuu-win7-amd64 fail
test-amd64-i386-xl-qemuu-win7-amd64 fail
test-armhf-armhf-xl-arndale pass
test-amd64-amd64-xl-credit2 pass
test-armhf-armhf-xl-credit2 pass
test-armhf-armhf-xl-cubietruck pass
test-amd64-i386-freebsd10-i386 pass
test-amd64-i386-rumpuserxen-i386 pass
test-amd64-amd64-qemuu-nested-intel fail
test-amd64-amd64-xl-pvh-intel fail
test-amd64-i386-qemut-rhel6hvm-intel fail
test-amd64-i386-qemuu-rhel6hvm-intel fail
test-amd64-amd64-libvirt pass
test-armhf-armhf-libvirt fail
test-amd64-i386-libvirt pass
test-amd64-amd64-migrupgrade pass
test-amd64-i386-migrupgrade pass
test-amd64-amd64-xl-multivcpu pass
test-armhf-armhf-xl-multivcpu pass
test-amd64-amd64-pair pass
test-amd64-i386-pair pass
test-amd64-amd64-libvirt-pair pass
test-amd64-i386-libvirt-pair pass
test-amd64-amd64-amd64-pvgrub pass
test-amd64-amd64-i386-pvgrub pass
test-amd64-amd64-pygrub pass
test-armhf-armhf-libvirt-qcow2 fail
test-amd64-amd64-xl-qcow2 pass
test-armhf-armhf-libvirt-raw fail
test-amd64-i386-xl-raw pass
test-amd64-amd64-xl-rtds fail
test-armhf-armhf-xl-rtds fail
test-amd64-i386-xl-qemut-winxpsp3-vcpus1 fail
test-amd64-i386-xl-qemuu-winxpsp3-vcpus1 fail
test-amd64-amd64-libvirt-vhd pass
test-armhf-armhf-xl-vhd fail
test-amd64-amd64-xl-qemut-winxpsp3 fail
test-amd64-i386-xl-qemut-winxpsp3 fail
test-amd64-amd64-xl-qemuu-winxpsp3 fail
test-amd64-i386-xl-qemuu-winxpsp3 fail
------------------------------------------------------------
sg-report-flight on osstest.test-lab.xenproject.org
logs: /home/logs/logs
images: /home/logs/images
Logs, config files, etc. are available at
http://logs.test-lab.xenproject.org/osstest/logs
Explanation of these reports, and of osstest in general, is at
http://xenbits.xen.org/gitweb/?p=osstest.git;a=blob;f=README.email;hb=master
http://xenbits.xen.org/gitweb/?p=osstest.git;a=blob;f=README;hb=master
Test harness code can be found at
http://xenbits.xen.org/gitweb?p=osstest.git;a=summary
Not pushing.
(No revision log; it would be 691 lines long.)
_______________________________________________
Xen-devel mailing list
Xen-devel@lists.xen.org
http://lists.xen.org/xen-devel
^ permalink raw reply [flat|nested] only message in thread
only message in thread, other threads:[~2016-06-08 11:13 UTC | newest]
Thread overview: (only message) (download: mbox.gz / follow: Atom feed)
-- links below jump to the message on this page --
2016-06-08 11:13 [xen-4.5-testing test] 95368: regressions - FAIL osstest service owner
This is a public inbox, see mirroring instructions
for how to clone and mirror all data and code used for this inbox;
as well as URLs for NNTP newsgroup(s).