* [linux-3.10 test] 95804: regressions - trouble: blocked/broken/fail/pass
@ 2016-06-16 21:25 osstest service owner
0 siblings, 0 replies; only message in thread
From: osstest service owner @ 2016-06-16 21:25 UTC (permalink / raw)
To: xen-devel, osstest-admin
[-- Attachment #1: Type: text/plain, Size: 15647 bytes --]
flight 95804 linux-3.10 real [real]
http://logs.test-lab.xenproject.org/osstest/logs/95804/
Regressions :-(
Tests which did not succeed and are blocking,
including tests which could not be run:
test-amd64-i386-qemut-rhel6hvm-amd 3 host-install(3) broken REGR. vs. 86412
test-amd64-amd64-qemuu-nested-intel 13 xen-boot/l1 fail REGR. vs. 86412
test-amd64-amd64-qemuu-nested-amd 13 xen-boot/l1 fail REGR. vs. 86412
Tests which are failing intermittently (not blocking):
test-amd64-i386-libvirt-pair 3 host-install/src_host(3) broken in 95747 pass in 95804
test-amd64-i386-pair 3 host-install/src_host(3) broken in 95747 pass in 95804
test-amd64-amd64-amd64-pvgrub 3 host-install(3) broken in 95747 pass in 95804
test-amd64-i386-qemuu-rhel6hvm-amd 3 host-install(3) broken in 95747 pass in 95804
test-amd64-amd64-xl-qemuu-debianhvm-amd64 3 host-install(3) broken in 95747 pass in 95804
test-amd64-i386-xl-qemuu-winxpsp3 3 host-install(3) broken in 95747 pass in 95804
test-amd64-amd64-i386-pvgrub 3 host-install(3) broken pass in 95747
Regressions which are regarded as allowable (not blocking):
test-amd64-amd64-xl-qemut-win7-amd64 16 guest-stop fail in 95747 like 86412
build-amd64-rumpuserxen 6 xen-build fail like 86412
build-i386-rumpuserxen 6 xen-build fail like 86412
test-amd64-i386-xl-qemuu-win7-amd64 16 guest-stop fail like 86412
test-amd64-amd64-xl-qemuu-win7-amd64 16 guest-stop fail like 86412
test-amd64-i386-xl-qemut-win7-amd64 16 guest-stop fail like 86412
Tests which did not succeed, but are not blocking:
test-amd64-i386-rumpuserxen-i386 1 build-check(1) blocked n/a
test-amd64-amd64-rumpuserxen-amd64 1 build-check(1) blocked n/a
test-amd64-amd64-xl-pvh-intel 11 guest-start fail never pass
test-amd64-amd64-xl-pvh-amd 11 guest-start fail never pass
test-amd64-amd64-libvirt-xsm 12 migrate-support-check fail never pass
test-amd64-i386-libvirt-xsm 12 migrate-support-check fail never pass
test-amd64-amd64-libvirt 12 migrate-support-check fail never pass
test-amd64-i386-libvirt 12 migrate-support-check fail never pass
test-amd64-i386-libvirt-qemuu-debianhvm-amd64-xsm 10 migrate-support-check fail never pass
test-amd64-amd64-libvirt-qemuu-debianhvm-amd64-xsm 10 migrate-support-check fail never pass
test-amd64-amd64-libvirt-vhd 11 migrate-support-check fail never pass
version targeted for testing:
linux ca1199fccf14540e86f6da955333e31d6fec5f3e
baseline version:
linux 326a1b2d50cbe1f890e56ab60b9215cd30053f5a
Last test of basis 86412 2016-03-16 16:24:33 Z 92 days
Testing same since 95665 2016-06-13 14:51:45 Z 3 days 3 attempts
------------------------------------------------------------
People who touched revisions under test:
Aaro Koskinen <aaro.koskinen@iki.fi>
Adrian Hunter <adrian.hunter@intel.com>
Al Viro <viro@zeniv.linux.org.uk>
Alan Stern <stern@rowland.harvard.edu>
Alex Deucher <alexander.deucher@amd.com>
Alexandre Belloni <alexandre.belloni@free-electrons.com>
Alexandre Bounine <alexandre.bounine@idt.com>
Alexey Khoroshilov <khoroshilov@ispras.ru>
Allain Legacy <allain.legacy@windriver.com>
Andi Kleen <ak@linux.intel.com>
Andrew Morton <akpm@linux-foundation.org>
Andrey Gelman <andrey.gelman@compulab.co.il>
Andy Lutomirski <luto@kernel.org>
Andy Lutomirski <luto@kernel.org> # On a Dell XPS 13 9350
Anton Blanchard <anton@samba.org>
Antonio Quartulli <a@unstable.cc>
Aristeu Rozanski <aris@redhat.com>
Arnaldo Carvalho de Melo <acme@redhat.com>
Arnd Bergmann <arnd@arndb.de>
Artem Bityutskiy <artem.bityutskiy@linux.intel.com>
Aurelien Jacquiot <a-jacquiot@ti.com>
Behan Webster <behanw@converseincode.com>
Ben Hutchings <ben@decadent.org.uk>
Bill Sommerfeld <wsommerfeld@google.com>
Bjorn Helgaas <bhelgaas@google.com>
Bjørn Mork <bjorn@mork.no>
Bob Moore <robert.moore@intel.com>
Borislav Petkov <bp@suse.de>
Brian King <brking@linux.vnet.ibm.com>
Brian Norris <computersforpeace@gmail.com>
Chanwoo Choi <cw00.choi@samsung.com>
Chas Williams <3chas3@gmail.com>
Chris Friesen <chris.friesen@windriver.com>
Dan Carpenter <dan.carpenter@oracle.com>
Dan Streetman <dan.streetman@canonical.com>
Daniel Fraga <fragabr@gmail.com>
Daniel Lezcano <daniel.lezcano@linaro.org>
David S. Miller <davem@davemloft.net>
Diego Viola <diego.viola@gmail.com>
Dinh Nguyen <dinguyen@opensource.altera.com>
Dmitry Ivanov <dima@ubnt.com>
Dmitry Ivanov <dmitrijs.ivanovs@ubnt.com>
Dmitry Torokhov <dmitry.torokhov@gmail.com>
Douglas Gilbert <dgilbert@interlog.com>
Eric Wheeler <bcache@linux.ewheeler.net>
Eric Wheeler <git@linux.ewheeler.net>
Eryu Guan <guaneryu@gmail.com>
Felipe Balbi <felipe.balbi@linux.intel.com>
Florian Westphal <fw@strlen.de>
Gabriel Krisman Bertazi <krisman@linux.vnet.ibm.com>
Geert Uytterhoeven <geert@linux-m68k.org>
Greg Kroah-Hartman <gregkh@linuxfoundation.org>
Guenter Roeck <linux@roeck-us.net>
Guillaume Nault <g.nault@alphalink.fr>
H. Nikolaus Schaller <hns@goldelico.com>
H. Peter Anvin <hpa@linux.intel.com>
Haibo Chen <haibo.chen@freescale.com>
Haishuang Yan <yanhaishuang@cmss.chinamobile.com>
Hans de Goede <hdegoede@redhat.com>
Hans Verkuil <hans.verkuil@cisco.com>
Hans-Christoph Schemmel <hans-christoph.schemmel@gemalto.com>
Helge Deller <deller@gmx.de>
Herbert Xu <herbert@gondor.apana.org.au>
Ian Campbell <ian.campbell@docker.com>
Ignat Korchagin <ignat.korchagin@gmail.com>
Igor Grinberg <grinberg@compulab.co.il>
Ingo Molnar <mingo@kernel.org>
Insu Yun <wuninsu@gmail.com>
Jan-Simon Möller <dl9pf@gmx.de>
Jasem Mutlaq <mutlaqja@ikarustech.com>
Jes Sorensen <Jes.Sorensen@redhat.com>
Jiri Kosina <jkosina@suse.cz>
Jiri Slaby <jslaby@suse.cz>
Joe Perches <joe@perches.com>
Johan Hovold <johan@kernel.org>
Johannes Berg <johannes.berg@intel.com>
Joseph Qi <joseph.qi@huawei.com>
Josh Boyer <jwboyer@fedoraproject.org>
Julia Lawall <Julia.Lawall@lip6.fr>
Julian Anastasov <ja@ssi.bg>
K. Y. Srinivasan <kys@microsoft.com>
Kamal Mostafa <kamal@canonical.com>
Kangjie Lu <kangjielu@gmail.com>
Kangjie Lu <kjlu@gatech.edu>
Kevin Hilman <khilman@baylibre.com>
Kevin Hilman <khilman@linaro.org>
Krzysztof Kozlowski <k.kozlowski@samsung.com>
Laszlo Ersek <lersek@redhat.com>
Lee Jones <lee.jones@linaro.org>
Linus Lüssing <linus.luessing@c0d3.blue>
Linus Torvalds <torvalds@linux-foundation.org>
Linus Walleij <linus.walleij@linaro.org>
Lu Baolu <baolu.lu@linux.intel.com>
Lutz Euler <lutz.euler@freenet.de>
Lv Zheng <lv.zheng@intel.com>
Manish Chopra <manish.chopra@qlogic.com>
Marcel Holtmann <marcel@holtmann.org>
Marco Angaroni <marcoangaroni@gmail.com>
Marek Lindner <mareklindner@neomailbox.ch>
Marek Szyprowski <m.szyprowski@samsung.com>
Mario Kleiner <mario.kleiner.de@gmail.com>
Mark Brown <broonie@kernel.org>
Markus Pargmann <mpa@pengutronix.de>
Martin K. Petersen <martin.petersen@oracle.com>
Martyn Welch <martyn.welch@collabora.co.uk>
Mathias Krause <minipli@googlemail.com>
Mathias Nyman <mathias.nyman@linux.intel.com>
Matt Fleming <matt@codeblueprint.co.uk>
Matt Gumbel <matthew.k.gumbel@intel.com>
Maurizio Lombardi <mlombard@redhat.com>
Mauro Carvalho Chehab <mchehab@osg.samsung.com>
Mauro Carvalho Chehab <mchehab@redhat.com>
Max Filippov <jcmvbkbc@gmail.com>
Michael Ellerman <mpe@ellerman.id.au>
Michael Hennerich <michael.hennerich@analog.com>
Michael S. Tsirkin <mst@redhat.com>
Michal Marek <mmarek@suse.com>
Mike Manning <michael@bsch.com.au>
Nicolai Hähnle <nicolai.haehnle@amd.com>
Nicolas Dichtel <nicolas.dichtel@6wind.com>
Nikolay Aleksandrov <nikolay@cumulusnetworks.com>
Nishanth Menon <nm@ti.com>
OGAWA Hirofumi <hirofumi@mail.parknet.co.jp>
Oliver Neukum <oneukum@suse.com>
Pali Rohár <pali.rohar@gmail.com>
Paolo Bonzini <pbonzini@redhat.com>
Paul Gortmaker <paul.gortmaker@windriver.com>
Pavel Emelyanov <xemul@virtuozzo.com>
Peter Hurley <peter@hurleysoftware.com>
Peter Zijlstra (Intel) <peterz@infradead.org>
Philip Müller <philm@manjaro.org>
philm@manjaro.org
Prarit Bhargava <prarit@redhat.com>
Rabin Vincent <rabin@rab.in>
Radim KrÃÂmáÃ
 <rkrcmar@redhat.com>
Rafael J. Wysocki <rafael.j.wysocki@intel.com>
Raghava Aditya Renukunta <raghavaaditya.renukunta@pmcs.com>
Rik van Riel <riel@redhat.com>
Robert Dobrowolski <robert.dobrowolski@linux.intel.com>
Roger Quadros <rogerq@ti.com>
Roman Pen <roman.penyaev@profitbricks.com>
Sascha Hauer <s.hauer@pengutronix.de>
Schemmel Hans-Christoph <Hans-Christoph.Schemmel@gemalto.com>
Sebastian Frias <sf84@laposte.net>
Sergei Shtylyov <sergei.shtylyov@cogentembedded.com>
Shaohua Li <shli@fb.com>
Simon Horman <horms@verge.net.au>
Sony Chacko <sony.chacko@qlogic.com>
Stefan Metzmacher <metze@samba.org>
Stephen Boyd <sboyd@codeaurora.org>
Steve French <smfrench@gmail.com>
Steven Rostedt (Red Hat) <rostedt@goodmis.org>
Steven Rostedt <rostedt@goodmis.org>
Sushaanth Srirangapathi <sushaanth.s@ti.com>
Sven Eckelmann <sven@narfation.org>
Takashi Iwai <tiwai@suse.de>
Tejun Heo <tj@kernel.org>
Thadeu Lima de Souza Cascardo <cascardo@redhat.com>
Theodore Ts'o <tytso@mit.edu>
Thomas Gleixner <tglx@linutronix.de>
Tiffany Lin <tiffany.lin@mediatek.com>
Tomi Valkeinen <tomi.valkeinen@ti.com>
Tony Lindgren <tony@atomide.com>
Tony Luck <tony.luck@intel.com>
Ulf Hansson <ulf.hansson@linaro.org>
Vasily Kulikov <segoon@openwall.com>
Vitaly Kuznetsov <vkuznets@redhat.com>
Vittorio Gambaletta (VittGam) <linuxbugs@vittgam.net>
Vittorio Gambaletta <linuxbugs@vittgam.net>
Vladis Dronov <vdronov@redhat.com>
Willy Tarreau <w@1wt.eu>
Wim Van Sebroeck <wim@iguana.be>
Wolfram Sang <wsa@the-dreams.de>
Xin Long <lucien.xin@gmail.com>
Yoshihiro Shimoda <yoshihiro.shimoda.uh@renesas.com>
jobs:
build-amd64-xsm pass
build-i386-xsm pass
build-amd64 pass
build-i386 pass
build-amd64-libvirt pass
build-i386-libvirt pass
build-amd64-pvops pass
build-i386-pvops pass
build-amd64-rumpuserxen fail
build-i386-rumpuserxen fail
test-amd64-amd64-xl pass
test-amd64-i386-xl pass
test-amd64-amd64-xl-qemut-debianhvm-amd64-xsm pass
test-amd64-i386-xl-qemut-debianhvm-amd64-xsm pass
test-amd64-amd64-libvirt-qemuu-debianhvm-amd64-xsm pass
test-amd64-i386-libvirt-qemuu-debianhvm-amd64-xsm pass
test-amd64-amd64-xl-qemuu-debianhvm-amd64-xsm pass
test-amd64-i386-xl-qemuu-debianhvm-amd64-xsm pass
test-amd64-amd64-xl-qemut-stubdom-debianhvm-amd64-xsm pass
test-amd64-i386-xl-qemut-stubdom-debianhvm-amd64-xsm pass
test-amd64-amd64-libvirt-xsm pass
test-amd64-i386-libvirt-xsm pass
test-amd64-amd64-xl-xsm pass
test-amd64-i386-xl-xsm pass
test-amd64-amd64-qemuu-nested-amd fail
test-amd64-amd64-xl-pvh-amd fail
test-amd64-i386-qemut-rhel6hvm-amd broken
test-amd64-i386-qemuu-rhel6hvm-amd pass
test-amd64-amd64-xl-qemut-debianhvm-amd64 pass
test-amd64-i386-xl-qemut-debianhvm-amd64 pass
test-amd64-amd64-xl-qemuu-debianhvm-amd64 pass
test-amd64-i386-xl-qemuu-debianhvm-amd64 pass
test-amd64-i386-freebsd10-amd64 pass
test-amd64-amd64-xl-qemuu-ovmf-amd64 pass
test-amd64-i386-xl-qemuu-ovmf-amd64 pass
test-amd64-amd64-rumpuserxen-amd64 blocked
test-amd64-amd64-xl-qemut-win7-amd64 pass
test-amd64-i386-xl-qemut-win7-amd64 fail
test-amd64-amd64-xl-qemuu-win7-amd64 fail
test-amd64-i386-xl-qemuu-win7-amd64 fail
test-amd64-amd64-xl-credit2 pass
test-amd64-i386-freebsd10-i386 pass
test-amd64-i386-rumpuserxen-i386 blocked
test-amd64-amd64-qemuu-nested-intel fail
test-amd64-amd64-xl-pvh-intel fail
test-amd64-i386-qemut-rhel6hvm-intel pass
test-amd64-i386-qemuu-rhel6hvm-intel pass
test-amd64-amd64-libvirt pass
test-amd64-i386-libvirt pass
test-amd64-amd64-xl-multivcpu pass
test-amd64-amd64-pair pass
test-amd64-i386-pair pass
test-amd64-amd64-libvirt-pair pass
test-amd64-i386-libvirt-pair pass
test-amd64-amd64-amd64-pvgrub pass
test-amd64-amd64-i386-pvgrub broken
test-amd64-amd64-pygrub pass
test-amd64-amd64-xl-qcow2 pass
test-amd64-i386-xl-raw pass
test-amd64-amd64-xl-rtds pass
test-amd64-i386-xl-qemut-winxpsp3-vcpus1 pass
test-amd64-i386-xl-qemuu-winxpsp3-vcpus1 pass
test-amd64-amd64-libvirt-vhd pass
test-amd64-amd64-xl-qemut-winxpsp3 pass
test-amd64-i386-xl-qemut-winxpsp3 pass
test-amd64-amd64-xl-qemuu-winxpsp3 pass
test-amd64-i386-xl-qemuu-winxpsp3 pass
------------------------------------------------------------
sg-report-flight on osstest.test-lab.xenproject.org
logs: /home/logs/logs
images: /home/logs/images
Logs, config files, etc. are available at
http://logs.test-lab.xenproject.org/osstest/logs
Explanation of these reports, and of osstest in general, is at
http://xenbits.xen.org/gitweb/?p=osstest.git;a=blob;f=README.email;hb=master
http://xenbits.xen.org/gitweb/?p=osstest.git;a=blob;f=README;hb=master
Test harness code can be found at
http://xenbits.xen.org/gitweb?p=osstest.git;a=summary
broken-step test-amd64-i386-qemut-rhel6hvm-amd host-install(3)
broken-step test-amd64-amd64-i386-pvgrub host-install(3)
Not pushing.
(No revision log; it would be 4169 lines long.)
[-- Attachment #2: Type: text/plain, Size: 126 bytes --]
_______________________________________________
Xen-devel mailing list
Xen-devel@lists.xen.org
http://lists.xen.org/xen-devel
^ permalink raw reply [flat|nested] only message in thread
only message in thread, other threads:[~2016-06-16 21:25 UTC | newest]
Thread overview: (only message) (download: mbox.gz / follow: Atom feed)
-- links below jump to the message on this page --
2016-06-16 21:25 [linux-3.10 test] 95804: regressions - trouble: blocked/broken/fail/pass osstest service owner
This is a public inbox, see mirroring instructions
for how to clone and mirror all data and code used for this inbox;
as well as URLs for NNTP newsgroup(s).