* [xen-unstable test] 96151: regressions - trouble: blocked/broken/fail/pass
@ 2016-06-23 13:23 osstest service owner
0 siblings, 0 replies; only message in thread
From: osstest service owner @ 2016-06-23 13:23 UTC (permalink / raw)
To: xen-devel, osstest-admin
flight 96151 xen-unstable real [real]
http://logs.test-lab.xenproject.org/osstest/logs/96151/
Regressions :-(
Tests which did not succeed and are blocking,
including tests which could not be run:
test-armhf-armhf-xl-credit2 3 host-install(3) broken REGR. vs. 96125
test-amd64-amd64-xl-qemut-stubdom-debianhvm-amd64-xsm 3 host-install(3) broken REGR. vs. 96125
test-armhf-armhf-xl 18 leak-check/check fail REGR. vs. 96125
Regressions which are regarded as allowable (not blocking):
build-amd64-rumpuserxen 6 xen-build fail like 96125
build-i386-rumpuserxen 6 xen-build fail like 96125
test-amd64-amd64-xl-rtds 9 debian-install fail like 96125
test-armhf-armhf-xl-rtds 15 guest-start/debian.repeat fail like 96125
test-amd64-i386-xl-qemut-win7-amd64 16 guest-stop fail like 96125
test-amd64-amd64-xl-qemut-win7-amd64 16 guest-stop fail like 96125
test-amd64-amd64-xl-qemuu-win7-amd64 16 guest-stop fail like 96125
test-amd64-i386-xl-qemuu-win7-amd64 16 guest-stop fail like 96125
Tests which did not succeed, but are not blocking:
test-amd64-i386-rumpuserxen-i386 1 build-check(1) blocked n/a
test-amd64-amd64-rumpuserxen-amd64 1 build-check(1) blocked n/a
test-amd64-amd64-xl-pvh-amd 11 guest-start fail never pass
test-amd64-amd64-xl-pvh-intel 11 guest-start fail never pass
test-armhf-armhf-libvirt-xsm 12 migrate-support-check fail never pass
test-armhf-armhf-libvirt-xsm 14 guest-saverestore fail never pass
test-amd64-amd64-libvirt 12 migrate-support-check fail never pass
test-armhf-armhf-libvirt-raw 13 guest-saverestore fail never pass
test-armhf-armhf-libvirt-raw 11 migrate-support-check fail never pass
test-amd64-amd64-qemuu-nested-amd 16 debian-hvm-install/l1/l2 fail never pass
test-amd64-i386-libvirt-xsm 12 migrate-support-check fail never pass
test-amd64-amd64-libvirt-vhd 11 migrate-support-check fail never pass
test-armhf-armhf-libvirt-qcow2 11 migrate-support-check fail never pass
test-armhf-armhf-libvirt-qcow2 13 guest-saverestore fail never pass
test-armhf-armhf-xl-multivcpu 13 saverestore-support-check fail never pass
test-armhf-armhf-xl-multivcpu 12 migrate-support-check fail never pass
test-amd64-amd64-libvirt-xsm 12 migrate-support-check fail never pass
test-amd64-i386-libvirt-qemuu-debianhvm-amd64-xsm 10 migrate-support-check fail never pass
test-armhf-armhf-xl-cubietruck 12 migrate-support-check fail never pass
test-armhf-armhf-xl-cubietruck 13 saverestore-support-check fail never pass
test-armhf-armhf-libvirt 14 guest-saverestore fail never pass
test-armhf-armhf-libvirt 12 migrate-support-check fail never pass
test-amd64-i386-libvirt 12 migrate-support-check fail never pass
test-armhf-armhf-xl 12 migrate-support-check fail never pass
test-armhf-armhf-xl 13 saverestore-support-check fail never pass
test-amd64-amd64-libvirt-qemuu-debianhvm-amd64-xsm 10 migrate-support-check fail never pass
test-armhf-armhf-xl-vhd 11 migrate-support-check fail never pass
test-armhf-armhf-xl-vhd 12 saverestore-support-check fail never pass
test-armhf-armhf-xl-xsm 13 saverestore-support-check fail never pass
test-armhf-armhf-xl-xsm 12 migrate-support-check fail never pass
test-armhf-armhf-xl-arndale 12 migrate-support-check fail never pass
test-armhf-armhf-xl-arndale 13 saverestore-support-check fail never pass
test-armhf-armhf-xl-rtds 13 saverestore-support-check fail never pass
test-armhf-armhf-xl-rtds 12 migrate-support-check fail never pass
version targeted for testing:
xen 91b26a35914176db4d19dc145bc6e2db62ee7a2c
baseline version:
xen c6f7d21747805b50123fc1b8d73518fea2aa9096
Last test of basis 96125 2016-06-22 12:58:07 Z 1 days
Testing same since 96151 2016-06-23 00:44:34 Z 0 days 1 attempts
------------------------------------------------------------
People who touched revisions under test:
Jan Beulich <jbeulich@suse.com>
Julien Grall <julien.grall@arm.com>
Kevin Tian <kevin.tian@intel.com>
Quan Xu <quan.xu@intel.com>
jobs:
build-amd64-xsm pass
build-armhf-xsm pass
build-i386-xsm pass
build-amd64 pass
build-armhf pass
build-i386 pass
build-amd64-libvirt pass
build-armhf-libvirt pass
build-i386-libvirt pass
build-amd64-oldkern pass
build-i386-oldkern pass
build-amd64-prev pass
build-i386-prev pass
build-amd64-pvops pass
build-armhf-pvops pass
build-i386-pvops pass
build-amd64-rumpuserxen fail
build-i386-rumpuserxen fail
test-amd64-amd64-xl pass
test-armhf-armhf-xl fail
test-amd64-i386-xl pass
test-amd64-amd64-xl-qemut-debianhvm-amd64-xsm pass
test-amd64-i386-xl-qemut-debianhvm-amd64-xsm pass
test-amd64-amd64-libvirt-qemuu-debianhvm-amd64-xsm pass
test-amd64-i386-libvirt-qemuu-debianhvm-amd64-xsm pass
test-amd64-amd64-xl-qemuu-debianhvm-amd64-xsm pass
test-amd64-i386-xl-qemuu-debianhvm-amd64-xsm pass
test-amd64-amd64-xl-qemut-stubdom-debianhvm-amd64-xsm broken
test-amd64-i386-xl-qemut-stubdom-debianhvm-amd64-xsm pass
test-amd64-amd64-libvirt-xsm pass
test-armhf-armhf-libvirt-xsm fail
test-amd64-i386-libvirt-xsm pass
test-amd64-amd64-xl-xsm pass
test-armhf-armhf-xl-xsm pass
test-amd64-i386-xl-xsm pass
test-amd64-amd64-qemuu-nested-amd fail
test-amd64-amd64-xl-pvh-amd fail
test-amd64-i386-qemut-rhel6hvm-amd pass
test-amd64-i386-qemuu-rhel6hvm-amd pass
test-amd64-amd64-xl-qemut-debianhvm-amd64 pass
test-amd64-i386-xl-qemut-debianhvm-amd64 pass
test-amd64-amd64-xl-qemuu-debianhvm-amd64 pass
test-amd64-i386-xl-qemuu-debianhvm-amd64 pass
test-amd64-i386-freebsd10-amd64 pass
test-amd64-amd64-xl-qemuu-ovmf-amd64 pass
test-amd64-i386-xl-qemuu-ovmf-amd64 pass
test-amd64-amd64-rumpuserxen-amd64 blocked
test-amd64-amd64-xl-qemut-win7-amd64 fail
test-amd64-i386-xl-qemut-win7-amd64 fail
test-amd64-amd64-xl-qemuu-win7-amd64 fail
test-amd64-i386-xl-qemuu-win7-amd64 fail
test-armhf-armhf-xl-arndale pass
test-amd64-amd64-xl-credit2 pass
test-armhf-armhf-xl-credit2 broken
test-armhf-armhf-xl-cubietruck pass
test-amd64-i386-freebsd10-i386 pass
test-amd64-i386-rumpuserxen-i386 blocked
test-amd64-amd64-qemuu-nested-intel pass
test-amd64-amd64-xl-pvh-intel fail
test-amd64-i386-qemut-rhel6hvm-intel pass
test-amd64-i386-qemuu-rhel6hvm-intel pass
test-amd64-amd64-libvirt pass
test-armhf-armhf-libvirt fail
test-amd64-i386-libvirt pass
test-amd64-amd64-migrupgrade pass
test-amd64-i386-migrupgrade pass
test-amd64-amd64-xl-multivcpu pass
test-armhf-armhf-xl-multivcpu pass
test-amd64-amd64-pair pass
test-amd64-i386-pair pass
test-amd64-amd64-libvirt-pair pass
test-amd64-i386-libvirt-pair pass
test-amd64-amd64-amd64-pvgrub pass
test-amd64-amd64-i386-pvgrub pass
test-amd64-amd64-pygrub pass
test-armhf-armhf-libvirt-qcow2 fail
test-amd64-amd64-xl-qcow2 pass
test-armhf-armhf-libvirt-raw fail
test-amd64-i386-xl-raw pass
test-amd64-amd64-xl-rtds fail
test-armhf-armhf-xl-rtds fail
test-amd64-i386-xl-qemut-winxpsp3-vcpus1 pass
test-amd64-i386-xl-qemuu-winxpsp3-vcpus1 pass
test-amd64-amd64-libvirt-vhd pass
test-armhf-armhf-xl-vhd pass
test-amd64-amd64-xl-qemut-winxpsp3 pass
test-amd64-i386-xl-qemut-winxpsp3 pass
test-amd64-amd64-xl-qemuu-winxpsp3 pass
test-amd64-i386-xl-qemuu-winxpsp3 pass
------------------------------------------------------------
sg-report-flight on osstest.test-lab.xenproject.org
logs: /home/logs/logs
images: /home/logs/images
Logs, config files, etc. are available at
http://logs.test-lab.xenproject.org/osstest/logs
Explanation of these reports, and of osstest in general, is at
http://xenbits.xen.org/gitweb/?p=osstest.git;a=blob;f=README.email;hb=master
http://xenbits.xen.org/gitweb/?p=osstest.git;a=blob;f=README;hb=master
Test harness code can be found at
http://xenbits.xen.org/gitweb?p=osstest.git;a=summary
broken-step test-armhf-armhf-xl-credit2 host-install(3)
broken-step test-amd64-amd64-xl-qemut-stubdom-debianhvm-amd64-xsm host-install(3)
Not pushing.
------------------------------------------------------------
commit 91b26a35914176db4d19dc145bc6e2db62ee7a2c
Author: Julien Grall <julien.grall@arm.com>
Date: Wed Jun 22 12:02:33 2016 +0200
mm: introduce a bunch of helpers for the typesafes mfn and gfn
Those helpers will be useful to do common operations without having to
unbox/box manually the GFNs/MFNs.
Signed-off-by: Julien Grall <julien.grall@arm.com>
Acked-by: Jan Beulich <jbeulich@suse.com>
commit afca6082bf9277735e3bd98734479d508c824a08
Author: Quan Xu <quan.xu@intel.com>
Date: Wed Jun 22 12:02:13 2016 +0200
vt-d: add __must_check annotation to IOMMU flush pointers and handlers
Signed-off-by: Quan Xu <quan.xu@intel.com>
Acked-by: Kevin Tian <kevin.tian@intel.com>
Reviewed-by: Jan Beulich <jbeulich@suse.com>
commit 45664bf6d2add797e9705c8fd3c2c951768e4018
Author: Quan Xu <quan.xu@intel.com>
Date: Wed Jun 22 12:01:52 2016 +0200
vt-d: propagate the IOMMU Device-TLB flush error up to ME phantom functions
Signed-off-by: Quan Xu <quan.xu@intel.com>
Acked-by: Kevin Tian <kevin.tian@intel.com>
Reviewed-by: Jan Beulich <jbeulich@suse.com>
commit 27bf95e8b9d1c87eb3bc3bdb39e7bec26eed4eb7
Author: Quan Xu <quan.xu@intel.com>
Date: Wed Jun 22 12:01:29 2016 +0200
vt-d: fix the IOMMU flush issue
The propagation value from IOMMU flush interfaces may be positive, which
indicates callers need to flush cache, not one of faliures.
when the propagation value is positive, this patch fixes this flush issue
as follows:
- call iommu_flush_write_buffer() to flush cache.
- return zero.
Signed-off-by: Quan Xu <quan.xu@intel.com>
Acked-by: Kevin Tian <kevin.tian@intel.com>
Reviewed-by: Jan Beulich <jbeulich@suse.com>
commit c3a52bc6316a8b6f9f320e4848061328c67d0ed2
Author: Jan Beulich <jbeulich@suse.com>
Date: Wed Jun 22 12:00:44 2016 +0200
x86/vMSI-X: use generic intercept handler in place of MMIO one
This allows us to see the full ioreq without having to peek into state
which is supposedly private to the emulation framework.
Suggested-by: Paul Durrant <Paul.Durrant@citrix.com>
Signed-off-by: Jan Beulich <jbeulich@suse.com>
Reviewed-by: Paul Durrant <paul.durrant@citrix.com>
Reviewed-by: Andrew Cooper <andrew.cooper3@citrix.com>
commit 23b9e9a992b3d4394bc7eb2636b61ed53266ef18
Author: Jan Beulich <jbeulich@suse.com>
Date: Wed Jun 22 12:00:09 2016 +0200
x86/vMSI-X: drop pci_msix_get_table_len()
We can calculate the needed value at the single use site more easily.
Signed-off-by: Jan Beulich <jbeulich@suse.com>
Reviewed-by: Andrew Cooper <andrew.cooper3@citrix.com>
commit 08844d189930da5b7846ed6078987fb2788d6173
Author: Jan Beulich <jbeulich@suse.com>
Date: Wed Jun 22 11:59:39 2016 +0200
x86/vMSI-X: drop list lock
msixtbl_pt_{,un}register() already run with both the PCI devices lock
and the domain event lock held, so there's no need for another lock.
Just to be on the safe side, acquire the domain event lock in the
cleanup function (albeit I don't think this is strictly necessary).
Signed-off-by: Jan Beulich <jbeulich@suse.com>
Reviewed-by: Andrew Cooper <andrew.cooper3@citrix.com>
commit 74c6dc2d0ac4dcab0c6243cdf6ed550c1532b798
Author: Jan Beulich <jbeulich@suse.com>
Date: Wed Jun 22 11:58:31 2016 +0200
x86/vMSI-X: defer intercept handler registration
There's no point in registering the internal MSI-X table intercept
functions on all domains - it is sufficient to do so once a domain gets
an MSI-X capable device assigned.
Signed-off-by: Jan Beulich <jbeulich@suse.com>
Reviewed-by: Andrew Cooper <andrew.cooper3@citrix.com>
(qemu changes not included)
_______________________________________________
Xen-devel mailing list
Xen-devel@lists.xen.org
http://lists.xen.org/xen-devel
^ permalink raw reply [flat|nested] only message in thread
only message in thread, other threads:[~2016-06-23 13:23 UTC | newest]
Thread overview: (only message) (download: mbox.gz / follow: Atom feed)
-- links below jump to the message on this page --
2016-06-23 13:23 [xen-unstable test] 96151: regressions - trouble: blocked/broken/fail/pass osstest service owner
This is a public inbox, see mirroring instructions
for how to clone and mirror all data and code used for this inbox;
as well as URLs for NNTP newsgroup(s).