* [linux-4.1 test] 96183: regressions - FAIL
@ 2016-06-24 9:54 osstest service owner
0 siblings, 0 replies; only message in thread
From: osstest service owner @ 2016-06-24 9:54 UTC (permalink / raw)
To: xen-devel, osstest-admin
[-- Attachment #1: Type: text/plain, Size: 13562 bytes --]
flight 96183 linux-4.1 real [real]
http://logs.test-lab.xenproject.org/osstest/logs/96183/
Regressions :-(
Tests which did not succeed and are blocking,
including tests which could not be run:
test-armhf-armhf-xl 11 guest-start fail REGR. vs. 95848
Tests which are failing intermittently (not blocking):
test-armhf-armhf-libvirt 11 guest-start fail pass in 96160
test-amd64-i386-libvirt-qemuu-debianhvm-amd64-xsm 9 debian-hvm-install fail pass in 96160
Regressions which are regarded as allowable (not blocking):
test-armhf-armhf-xl-rtds 11 guest-start fail REGR. vs. 95848
test-armhf-armhf-xl-credit2 11 guest-start fail in 96160 like 95591
test-armhf-armhf-xl-multivcpu 15 guest-start/debian.repeat fail in 96160 like 95848
test-armhf-armhf-xl-xsm 15 guest-start/debian.repeat fail like 95763
test-armhf-armhf-xl-credit2 15 guest-start/debian.repeat fail like 95818
build-amd64-rumpuserxen 6 xen-build fail like 95848
build-i386-rumpuserxen 6 xen-build fail like 95848
test-armhf-armhf-xl-cubietruck 15 guest-start/debian.repeat fail like 95848
test-amd64-amd64-xl-qemuu-win7-amd64 16 guest-stop fail like 95848
test-amd64-amd64-xl-qemut-win7-amd64 16 guest-stop fail like 95848
test-amd64-i386-xl-qemut-win7-amd64 16 guest-stop fail like 95848
test-amd64-i386-xl-qemuu-win7-amd64 16 guest-stop fail like 95848
test-armhf-armhf-xl-vhd 9 debian-di-install fail like 95848
Tests which did not succeed, but are not blocking:
test-amd64-i386-rumpuserxen-i386 1 build-check(1) blocked n/a
test-amd64-amd64-rumpuserxen-amd64 1 build-check(1) blocked n/a
test-armhf-armhf-libvirt 14 guest-saverestore fail in 96160 never pass
test-armhf-armhf-libvirt 12 migrate-support-check fail in 96160 never pass
test-amd64-i386-libvirt-qemuu-debianhvm-amd64-xsm 10 migrate-support-check fail in 96160 never pass
test-amd64-amd64-xl-pvh-intel 14 guest-saverestore fail never pass
test-amd64-i386-libvirt 12 migrate-support-check fail never pass
test-armhf-armhf-libvirt-qcow2 11 migrate-support-check fail never pass
test-armhf-armhf-libvirt-qcow2 13 guest-saverestore fail never pass
test-amd64-amd64-libvirt-xsm 12 migrate-support-check fail never pass
test-amd64-i386-libvirt-xsm 12 migrate-support-check fail never pass
test-amd64-amd64-qemuu-nested-amd 16 debian-hvm-install/l1/l2 fail never pass
test-armhf-armhf-xl-credit2 13 saverestore-support-check fail never pass
test-armhf-armhf-xl-credit2 12 migrate-support-check fail never pass
test-armhf-armhf-xl-xsm 13 saverestore-support-check fail never pass
test-armhf-armhf-xl-xsm 12 migrate-support-check fail never pass
test-armhf-armhf-xl-cubietruck 12 migrate-support-check fail never pass
test-armhf-armhf-xl-cubietruck 13 saverestore-support-check fail never pass
test-amd64-amd64-libvirt-vhd 11 migrate-support-check fail never pass
test-armhf-armhf-xl-multivcpu 13 saverestore-support-check fail never pass
test-armhf-armhf-xl-multivcpu 12 migrate-support-check fail never pass
test-amd64-amd64-xl-pvh-amd 11 guest-start fail never pass
test-amd64-amd64-libvirt-qemuu-debianhvm-amd64-xsm 10 migrate-support-check fail never pass
test-armhf-armhf-libvirt-xsm 12 migrate-support-check fail never pass
test-armhf-armhf-libvirt-xsm 14 guest-saverestore fail never pass
test-amd64-amd64-libvirt 12 migrate-support-check fail never pass
test-armhf-armhf-xl-arndale 12 migrate-support-check fail never pass
test-armhf-armhf-xl-arndale 13 saverestore-support-check fail never pass
test-armhf-armhf-libvirt-raw 9 debian-di-install fail never pass
version targeted for testing:
linux 95123c0b81d9478b8155fe15093b88f57ef7d0bd
baseline version:
linux 888172862fa78505c4e4674c205a06586443d83f
Last test of basis 95848 2016-06-17 05:58:53 Z 7 days
Testing same since 96160 2016-06-23 05:07:18 Z 1 days 2 attempts
------------------------------------------------------------
People who touched revisions under test:
"Eric W. Biederman" <ebiederm@xmission.com>
AceLan Kao <acelan.kao@canonical.com>
Al Viro <viro@zeniv.linux.org.uk>
Andy Lutomirski <luto@kernel.org>
Arnd Bergmann <arnd@arndb.de>
Ben Dooks <ben.dooks@codethink.co.uk>
Ben Skeggs <bskeggs@redhat.com>
Bob Copeland <me@bobcopeland.com>
Borislav Petkov <bp@suse.de>
Chris Wilson <chris@chris-wilson.co.uk>
Dibyajyoti Ghosh <dibyajyotig@gmail.com>
Eduardo Valentin <edubezval@gmail.com>
Eric W. Biederman <ebiederm@xmission.com>
Ewan D. Milne <emilne@redhat.com>
Fred Veldini <fred.veldini@gmail.com>
Gavin Shan <gwshan@linux.vnet.ibm.com>
H. Peter Anvin <hpa@zytor.com>
Helge Deller <deller@gmx.de>
Herbert Xu <herbert@gondor.apana.org.au>
Hongkun Cao <hongkun.cao@mediatek.com>
hongkun.cao <hongkun.cao@mediatek.com>
Ilia Mirkin <imirkin@alum.mit.edu>
Ingo Molnar <mingo@kernel.org>
Jack Wang <jinpu.wang@profitbricks.com>
James Bottomley <James.Bottomley@HansenPartnership.com>
James E.J. Bottomley <jejb@linux.vnet.ibm.com>
Jan Stancek <jstancek@redhat.com>
Jann Horn <jannh@google.com>
Javi Merino <javi.merino@arm.com>
Johannes Berg <johannes.berg@intel.com>
Kailang Yang <kailang@realtek.com>
Linus Torvalds <torvalds@linux-foundation.org>
Linus Walleij <linus.walleij@linaro.org>
Lukasz Luba <lukasz.luba@arm.com>
Marc Zyngier <marc.zyngier@arm.com>
Martin K. Petersen <martin.petersen@oracle.com>
Martin Willi <martin@strongswan.org>
Mathieu Malaterre <malat@debian.org>
Michael Ellerman <mpe@ellerman.id.au>
Paolo Bonzini <pbonzini@redhat.com>
Paul Mackerras <paulus@ozlabs.org>
Peter Zijlstra (Intel) <peterz@infradead.org>
Prasun Maiti <prasunmaiti87@gmail.com>
Radim KrÄmáŠ<rkrcmar@redhat.com>
Rafael J. Wysocki <rafael.j.wysocki@intel.com>
Ray Jui <ray.jui@broadcom.com>
Ricardo Ribalda Delgado <ricardo.ribalda@gmail.com>
Rob Herring <robh@kernel.org>
Russell Currey <ruscur@russell.cc>
Russell King <rmk+kernel@armlinux.org.uk>
Sasha Levin <sasha.levin@oracle.com>
Sergei Shtylyov <sergei.shtylyov@cogentembedded.com>
Simon Marchi <simon.marchi@ericsson.com>
Srinivas Pandruvada <srinivas.pandruvada@linux.intel.com>
Takashi Iwai <tiwai@suse.de>
Thomas Huth <thuth@redhat.com>
Tom Lendacky <thomas.lendacky@amd.com>
Tony Luck <tony.luck@intel.com>
Torsten Hilbrich <torsten.hilbrich@secunet.com>
Tyler Hicks <tyhicks@canonical.com>
Ujjal Roy <royujjal@gmail.com>
Viresh Kumar <viresh.kumar@linaro.org>
Will Deacon <will.deacon@arm.com>
Wolfram Sang <wsa@the-dreams.de>
Zhang Rui <rui.zhang@intel.com>
jobs:
build-amd64-xsm pass
build-armhf-xsm pass
build-i386-xsm pass
build-amd64 pass
build-armhf pass
build-i386 pass
build-amd64-libvirt pass
build-armhf-libvirt pass
build-i386-libvirt pass
build-amd64-pvops pass
build-armhf-pvops pass
build-i386-pvops pass
build-amd64-rumpuserxen fail
build-i386-rumpuserxen fail
test-amd64-amd64-xl pass
test-armhf-armhf-xl fail
test-amd64-i386-xl pass
test-amd64-amd64-xl-qemut-debianhvm-amd64-xsm pass
test-amd64-i386-xl-qemut-debianhvm-amd64-xsm pass
test-amd64-amd64-libvirt-qemuu-debianhvm-amd64-xsm pass
test-amd64-i386-libvirt-qemuu-debianhvm-amd64-xsm fail
test-amd64-amd64-xl-qemuu-debianhvm-amd64-xsm pass
test-amd64-i386-xl-qemuu-debianhvm-amd64-xsm pass
test-amd64-amd64-xl-qemut-stubdom-debianhvm-amd64-xsm pass
test-amd64-i386-xl-qemut-stubdom-debianhvm-amd64-xsm pass
test-amd64-amd64-libvirt-xsm pass
test-armhf-armhf-libvirt-xsm fail
test-amd64-i386-libvirt-xsm pass
test-amd64-amd64-xl-xsm pass
test-armhf-armhf-xl-xsm fail
test-amd64-i386-xl-xsm pass
test-amd64-amd64-qemuu-nested-amd fail
test-amd64-amd64-xl-pvh-amd fail
test-amd64-i386-qemut-rhel6hvm-amd pass
test-amd64-i386-qemuu-rhel6hvm-amd pass
test-amd64-amd64-xl-qemut-debianhvm-amd64 pass
test-amd64-i386-xl-qemut-debianhvm-amd64 pass
test-amd64-amd64-xl-qemuu-debianhvm-amd64 pass
test-amd64-i386-xl-qemuu-debianhvm-amd64 pass
test-amd64-i386-freebsd10-amd64 pass
test-amd64-amd64-xl-qemuu-ovmf-amd64 pass
test-amd64-i386-xl-qemuu-ovmf-amd64 pass
test-amd64-amd64-rumpuserxen-amd64 blocked
test-amd64-amd64-xl-qemut-win7-amd64 fail
test-amd64-i386-xl-qemut-win7-amd64 fail
test-amd64-amd64-xl-qemuu-win7-amd64 fail
test-amd64-i386-xl-qemuu-win7-amd64 fail
test-armhf-armhf-xl-arndale pass
test-amd64-amd64-xl-credit2 pass
test-armhf-armhf-xl-credit2 fail
test-armhf-armhf-xl-cubietruck fail
test-amd64-i386-freebsd10-i386 pass
test-amd64-i386-rumpuserxen-i386 blocked
test-amd64-amd64-qemuu-nested-intel pass
test-amd64-amd64-xl-pvh-intel fail
test-amd64-i386-qemut-rhel6hvm-intel pass
test-amd64-i386-qemuu-rhel6hvm-intel pass
test-amd64-amd64-libvirt pass
test-armhf-armhf-libvirt fail
test-amd64-i386-libvirt pass
test-amd64-amd64-xl-multivcpu pass
test-armhf-armhf-xl-multivcpu pass
test-amd64-amd64-pair pass
test-amd64-i386-pair pass
test-amd64-amd64-libvirt-pair pass
test-amd64-i386-libvirt-pair pass
test-amd64-amd64-amd64-pvgrub pass
test-amd64-amd64-i386-pvgrub pass
test-amd64-amd64-pygrub pass
test-armhf-armhf-libvirt-qcow2 fail
test-amd64-amd64-xl-qcow2 pass
test-armhf-armhf-libvirt-raw fail
test-amd64-i386-xl-raw pass
test-amd64-amd64-xl-rtds pass
test-armhf-armhf-xl-rtds fail
test-amd64-i386-xl-qemut-winxpsp3-vcpus1 pass
test-amd64-i386-xl-qemuu-winxpsp3-vcpus1 pass
test-amd64-amd64-libvirt-vhd pass
test-armhf-armhf-xl-vhd fail
test-amd64-amd64-xl-qemut-winxpsp3 pass
test-amd64-i386-xl-qemut-winxpsp3 pass
test-amd64-amd64-xl-qemuu-winxpsp3 pass
test-amd64-i386-xl-qemuu-winxpsp3 pass
------------------------------------------------------------
sg-report-flight on osstest.test-lab.xenproject.org
logs: /home/logs/logs
images: /home/logs/images
Logs, config files, etc. are available at
http://logs.test-lab.xenproject.org/osstest/logs
Explanation of these reports, and of osstest in general, is at
http://xenbits.xen.org/gitweb/?p=osstest.git;a=blob;f=README.email;hb=master
http://xenbits.xen.org/gitweb/?p=osstest.git;a=blob;f=README;hb=master
Test harness code can be found at
http://xenbits.xen.org/gitweb?p=osstest.git;a=summary
Not pushing.
(No revision log; it would be 1140 lines long.)
[-- Attachment #2: Type: text/plain, Size: 126 bytes --]
_______________________________________________
Xen-devel mailing list
Xen-devel@lists.xen.org
http://lists.xen.org/xen-devel
^ permalink raw reply [flat|nested] only message in thread
only message in thread, other threads:[~2016-06-24 9:54 UTC | newest]
Thread overview: (only message) (download: mbox.gz / follow: Atom feed)
-- links below jump to the message on this page --
2016-06-24 9:54 [linux-4.1 test] 96183: regressions - FAIL osstest service owner
This is a public inbox, see mirroring instructions
for how to clone and mirror all data and code used for this inbox;
as well as URLs for NNTP newsgroup(s).