* [xen-unstable test] 96688: regressions - FAIL
@ 2016-07-06 10:00 osstest service owner
0 siblings, 0 replies; only message in thread
From: osstest service owner @ 2016-07-06 10:00 UTC (permalink / raw)
To: xen-devel, osstest-admin
flight 96688 xen-unstable real [real]
http://logs.test-lab.xenproject.org/osstest/logs/96688/
Regressions :-(
Tests which did not succeed and are blocking,
including tests which could not be run:
test-armhf-armhf-xl-xsm 6 xen-boot fail REGR. vs. 96611
Regressions which are regarded as allowable (not blocking):
test-armhf-armhf-xl-credit2 15 guest-start/debian.repeat fail like 96558
build-i386-rumpuserxen 6 xen-build fail like 96611
build-amd64-rumpuserxen 6 xen-build fail like 96611
test-amd64-i386-xl-qemuu-win7-amd64 16 guest-stop fail like 96611
test-amd64-i386-xl-qemut-win7-amd64 16 guest-stop fail like 96611
test-amd64-amd64-xl-qemut-win7-amd64 16 guest-stop fail like 96611
test-amd64-amd64-xl-rtds 9 debian-install fail like 96611
test-amd64-amd64-xl-qemuu-win7-amd64 16 guest-stop fail like 96611
Tests which did not succeed, but are not blocking:
test-amd64-amd64-rumpuserxen-amd64 1 build-check(1) blocked n/a
test-amd64-i386-rumpuserxen-i386 1 build-check(1) blocked n/a
test-amd64-amd64-xl-pvh-amd 11 guest-start fail never pass
test-amd64-amd64-xl-pvh-intel 11 guest-start fail never pass
test-armhf-armhf-libvirt-xsm 12 migrate-support-check fail never pass
test-armhf-armhf-libvirt-xsm 14 guest-saverestore fail never pass
test-amd64-i386-libvirt 12 migrate-support-check fail never pass
test-amd64-amd64-libvirt 12 migrate-support-check fail never pass
test-amd64-amd64-libvirt-xsm 12 migrate-support-check fail never pass
test-amd64-amd64-qemuu-nested-amd 16 debian-hvm-install/l1/l2 fail never pass
test-amd64-i386-libvirt-xsm 12 migrate-support-check fail never pass
test-amd64-i386-libvirt-qemuu-debianhvm-amd64-xsm 10 migrate-support-check fail never pass
test-armhf-armhf-xl-arndale 12 migrate-support-check fail never pass
test-armhf-armhf-xl-arndale 13 saverestore-support-check fail never pass
test-amd64-amd64-libvirt-qemuu-debianhvm-amd64-xsm 10 migrate-support-check fail never pass
test-amd64-amd64-libvirt-vhd 11 migrate-support-check fail never pass
test-armhf-armhf-xl 12 migrate-support-check fail never pass
test-armhf-armhf-xl 13 saverestore-support-check fail never pass
test-armhf-armhf-xl-cubietruck 12 migrate-support-check fail never pass
test-armhf-armhf-xl-cubietruck 13 saverestore-support-check fail never pass
test-armhf-armhf-libvirt 14 guest-saverestore fail never pass
test-armhf-armhf-libvirt 12 migrate-support-check fail never pass
test-armhf-armhf-libvirt-qcow2 11 migrate-support-check fail never pass
test-armhf-armhf-libvirt-qcow2 13 guest-saverestore fail never pass
test-armhf-armhf-xl-rtds 13 saverestore-support-check fail never pass
test-armhf-armhf-xl-rtds 12 migrate-support-check fail never pass
test-armhf-armhf-xl-credit2 13 saverestore-support-check fail never pass
test-armhf-armhf-xl-credit2 12 migrate-support-check fail never pass
test-armhf-armhf-xl-multivcpu 13 saverestore-support-check fail never pass
test-armhf-armhf-xl-multivcpu 12 migrate-support-check fail never pass
test-armhf-armhf-libvirt-raw 13 guest-saverestore fail never pass
test-armhf-armhf-libvirt-raw 11 migrate-support-check fail never pass
test-armhf-armhf-xl-vhd 11 migrate-support-check fail never pass
test-armhf-armhf-xl-vhd 12 saverestore-support-check fail never pass
version targeted for testing:
xen fea586d801f75317cb8cf593e8beba842391da62
baseline version:
xen bb4f41b3dff831faaf5a3248e0ecd123024d7f8f
Last test of basis 96611 2016-07-04 01:58:03 Z 2 days
Failing since 96634 2016-07-04 12:50:54 Z 1 days 3 attempts
Testing same since 96688 2016-07-05 18:49:37 Z 0 days 1 attempts
------------------------------------------------------------
People who touched revisions under test:
Andrew Cooper <andrew.cooper3@citrix.com>
Corneliu ZUZU <czuzu@bitdefender.com>
Jan Beulich <jbeulich@suse.com>
Kevin Tian <kevin.tian@intel.com>
Razvan Cojocaru <rcojocaru@bitdefender.com>
Tamas K Lengyel <tamas@tklengyel.com>
Wei Liu <wei.liu2@citrix.com>
jobs:
build-amd64-xsm pass
build-armhf-xsm pass
build-i386-xsm pass
build-amd64 pass
build-armhf pass
build-i386 pass
build-amd64-libvirt pass
build-armhf-libvirt pass
build-i386-libvirt pass
build-amd64-oldkern pass
build-i386-oldkern pass
build-amd64-prev pass
build-i386-prev pass
build-amd64-pvops pass
build-armhf-pvops pass
build-i386-pvops pass
build-amd64-rumpuserxen fail
build-i386-rumpuserxen fail
test-amd64-amd64-xl pass
test-armhf-armhf-xl pass
test-amd64-i386-xl pass
test-amd64-amd64-xl-qemut-debianhvm-amd64-xsm pass
test-amd64-i386-xl-qemut-debianhvm-amd64-xsm pass
test-amd64-amd64-libvirt-qemuu-debianhvm-amd64-xsm pass
test-amd64-i386-libvirt-qemuu-debianhvm-amd64-xsm pass
test-amd64-amd64-xl-qemuu-debianhvm-amd64-xsm pass
test-amd64-i386-xl-qemuu-debianhvm-amd64-xsm pass
test-amd64-amd64-xl-qemut-stubdom-debianhvm-amd64-xsm pass
test-amd64-i386-xl-qemut-stubdom-debianhvm-amd64-xsm pass
test-amd64-amd64-libvirt-xsm pass
test-armhf-armhf-libvirt-xsm fail
test-amd64-i386-libvirt-xsm pass
test-amd64-amd64-xl-xsm pass
test-armhf-armhf-xl-xsm fail
test-amd64-i386-xl-xsm pass
test-amd64-amd64-qemuu-nested-amd fail
test-amd64-amd64-xl-pvh-amd fail
test-amd64-i386-qemut-rhel6hvm-amd pass
test-amd64-i386-qemuu-rhel6hvm-amd pass
test-amd64-amd64-xl-qemut-debianhvm-amd64 pass
test-amd64-i386-xl-qemut-debianhvm-amd64 pass
test-amd64-amd64-xl-qemuu-debianhvm-amd64 pass
test-amd64-i386-xl-qemuu-debianhvm-amd64 pass
test-amd64-i386-freebsd10-amd64 pass
test-amd64-amd64-xl-qemuu-ovmf-amd64 pass
test-amd64-i386-xl-qemuu-ovmf-amd64 pass
test-amd64-amd64-rumpuserxen-amd64 blocked
test-amd64-amd64-xl-qemut-win7-amd64 fail
test-amd64-i386-xl-qemut-win7-amd64 fail
test-amd64-amd64-xl-qemuu-win7-amd64 fail
test-amd64-i386-xl-qemuu-win7-amd64 fail
test-armhf-armhf-xl-arndale pass
test-amd64-amd64-xl-credit2 pass
test-armhf-armhf-xl-credit2 fail
test-armhf-armhf-xl-cubietruck pass
test-amd64-i386-freebsd10-i386 pass
test-amd64-i386-rumpuserxen-i386 blocked
test-amd64-amd64-qemuu-nested-intel pass
test-amd64-amd64-xl-pvh-intel fail
test-amd64-i386-qemut-rhel6hvm-intel pass
test-amd64-i386-qemuu-rhel6hvm-intel pass
test-amd64-amd64-libvirt pass
test-armhf-armhf-libvirt fail
test-amd64-i386-libvirt pass
test-amd64-amd64-migrupgrade pass
test-amd64-i386-migrupgrade pass
test-amd64-amd64-xl-multivcpu pass
test-armhf-armhf-xl-multivcpu pass
test-amd64-amd64-pair pass
test-amd64-i386-pair pass
test-amd64-amd64-libvirt-pair pass
test-amd64-i386-libvirt-pair pass
test-amd64-amd64-amd64-pvgrub pass
test-amd64-amd64-i386-pvgrub pass
test-amd64-amd64-pygrub pass
test-armhf-armhf-libvirt-qcow2 fail
test-amd64-amd64-xl-qcow2 pass
test-armhf-armhf-libvirt-raw fail
test-amd64-i386-xl-raw pass
test-amd64-amd64-xl-rtds fail
test-armhf-armhf-xl-rtds pass
test-amd64-i386-xl-qemut-winxpsp3-vcpus1 pass
test-amd64-i386-xl-qemuu-winxpsp3-vcpus1 pass
test-amd64-amd64-libvirt-vhd pass
test-armhf-armhf-xl-vhd pass
test-amd64-amd64-xl-qemut-winxpsp3 pass
test-amd64-i386-xl-qemut-winxpsp3 pass
test-amd64-amd64-xl-qemuu-winxpsp3 pass
test-amd64-i386-xl-qemuu-winxpsp3 pass
------------------------------------------------------------
sg-report-flight on osstest.test-lab.xenproject.org
logs: /home/logs/logs
images: /home/logs/images
Logs, config files, etc. are available at
http://logs.test-lab.xenproject.org/osstest/logs
Explanation of these reports, and of osstest in general, is at
http://xenbits.xen.org/gitweb/?p=osstest.git;a=blob;f=README.email;hb=master
http://xenbits.xen.org/gitweb/?p=osstest.git;a=blob;f=README;hb=master
Test harness code can be found at
http://xenbits.xen.org/gitweb?p=osstest.git;a=summary
Not pushing.
------------------------------------------------------------
commit fea586d801f75317cb8cf593e8beba842391da62
Author: Jan Beulich <jbeulich@suse.com>
Date: Tue Jul 5 11:17:53 2016 +0200
x86emul: fold local variables
Declare some variables to they can be used by multiple pieces of code,
allowing some figure braces to be dropped (which don't align nicely
when used inside of case labeled statements).
Signed-off-by: Jan Beulich <jbeulich@suse.com>
Reviewed-by: Andrew Cooper <andrew.cooper3@citrix.com>
commit a800e4f6111842183f2476cd1d82a159fb5c92cb
Author: Jan Beulich <jbeulich@suse.com>
Date: Tue Jul 5 11:17:25 2016 +0200
x86emul: drop pointless and add useful default cases
There's no point in having default cases when all possible values have
respective case statements, or when there's just a "break" statement.
Otoh the two main switch() statements better get default cases added,
just to cover the case of someone altering one of the two lookup arrays
without suitably changing these switch statements.
Signed-off-by: Jan Beulich <jbeulich@suse.com>
Reviewed-by: Andrew Cooper <andrew.cooper3@citrix.com>
commit f86eabea5d0fe1815b58f21259edf317ff91a65a
Author: Jan Beulich <jbeulich@suse.com>
Date: Tue Jul 5 11:16:55 2016 +0200
x86emul: use consistent exit mechanism
Similar code should use similar exit mechanisms (return vs goto).
Signed-off-by: Jan Beulich <jbeulich@suse.com>
Reviewed-by: Andrew Cooper <andrew.cooper3@citrix.com>
commit 4481335590f9b585b8dd168f0269e064e7ecbf43
Author: Corneliu ZUZU <czuzu@bitdefender.com>
Date: Mon Jul 4 12:11:44 2016 +0200
vm-event: proper vCPU-paused checks at resume
A VM_EVENT_FLAG_VCPU_PAUSED flag in a vm-event response should only be treated
as informative that the toolstack user wants the vm-event subsystem to unpause
the target vCPU, but not be relied upon to decide if the target vCPU is actually
paused.
That being said, this patch does the following:
* Fixes (replaces) the old behavior in vm_event_resume, which relied on
VM_EVENT_FLAG_VCPU_PAUSED to determine if the target vCPU is paused, by
actually checking the vCPU vm-event pause-count.
* ASSERTs that the vCPU is paused in vm_event_set_registers and
vm_event_toggle_singlestep.
* Ignores VM_EVENT_FLAG_DENY @ vm_event_register_write_resume if the target vCPU
is not paused. Also adjusts comment in public/vm_event.h to reflect that.
Signed-off-by: Corneliu ZUZU <czuzu@bitdefender.com>
Acked-by: Razvan Cojocaru <rcojocaru@bitdefender.com>
Acked-by: Tamas K Lengyel <tamas@tklengyel.com>
commit 2e0dd2f9a56c3fd01ec7557346580ab0b01ab7ac
Author: Corneliu ZUZU <czuzu@bitdefender.com>
Date: Mon Jul 4 12:11:30 2016 +0200
vm-event: MAINTAINERS fix
Fix vm-event section of MAINTAINERS file: add back files x86/hvm/monitor.c,
asm-x86/hvm/monitor.h, x86/monitor.c, x86/vm_event.c and sort entries
alphabetically.
Culprits which got MAINTAINERS out-of-sync:
c/s ca63cee: "monitor: Rename hvm/event to hvm/monitor":
- added x86/hvm/monitor.c & asm-x86/hvm/monitor.h w/o MAINTAINERS update
c/s ec89da2: "MAINTAINERS: update monitor/vm_event covered code":
- (mistakenly?) removed both x86/monitor.c & x86/vm_event.c
Signed-off-by: Corneliu ZUZU <czuzu@bitdefender.com>
Acked-by: Razvan Cojocaru <rcojocaru@bitdefender.com>
Acked-by: Tamas K Lengyel <tamas@tklengyel.com>
commit b7d4cffbf2b17ec8a5c233f84395f4f85ad1a91d
Author: Tamas K Lengyel <tamas@tklengyel.com>
Date: Mon Jul 4 12:11:03 2016 +0200
x86/vmx: clean up TRAP_int3 handling
Clean up the handling of TRAP_int3 VMEXITs to conform to the handling
of TRAP_debug.
Signed-off-by: Tamas K Lengyel <tamas@tklengyel.com>
Acked-by: Kevin Tian <kevin.tian@intel.com>
commit 94db5dbb6c5f331dac35a8723a5d982ad17536d6
Author: Tamas K Lengyel <tamas@tklengyel.com>
Date: Mon Jul 4 12:10:00 2016 +0200
x86/vm_event: add HVM debug exception vm_events
Since in-guest debug exceptions are now unconditionally trapped to Xen, adding
a hook for vm_event subscribers to tap into this new always-on guest event. We
rename along the way hvm_event_breakpoint_type to hvm_event_type to better
match the various events that can be passed with it. We also introduce the
necessary monitor_op domctl's to enable subscribing to the events.
This patch also provides monitor subscribers to int3 events proper access
to the instruction length necessary for accurate event-reinjection. Without
this subscribers manually have to evaluate if the int3 instruction has any
prefix attached which would change the instruction length.
Signed-off-by: Tamas K Lengyel <tamas@tklengyel.com>
Acked-by: Razvan Cojocaru <rcojocaru@bitdefender.com>
Acked-by: Jan Beulich <jbeulich@suse.com>
Acked-by: Kevin Tian <kevin.tian@intel.com>
Acked-by: Wei Liu <wei.liu2@citrix.com>
commit d0fd9ae54491328b10dee4003656c14b3bf3d3e9
Author: Andrew Cooper <andrew.cooper3@citrix.com>
Date: Thu Jun 30 21:00:01 2016 +0100
x86/VT-x: Dump VMCS on VMLAUNCH/VMRESUME failure
If a VMLAUNCH/VMRESUME fails due to invalid control or host state, dump the
VMCS before crashing the domain.
Signed-off-by: Andrew Cooper <andrew.cooper3@citrix.com>
Acked-by: Kevin Tian <kevin.tian@intel.com>
Reviewed-by: Jan Beulich <jbeulich@suse.com>
(qemu changes not included)
_______________________________________________
Xen-devel mailing list
Xen-devel@lists.xen.org
https://lists.xen.org/xen-devel
^ permalink raw reply [flat|nested] only message in thread
only message in thread, other threads:[~2016-07-06 10:00 UTC | newest]
Thread overview: (only message) (download: mbox.gz / follow: Atom feed)
-- links below jump to the message on this page --
2016-07-06 10:00 [xen-unstable test] 96688: regressions - FAIL osstest service owner
This is a public inbox, see mirroring instructions
for how to clone and mirror all data and code used for this inbox;
as well as URLs for NNTP newsgroup(s).