* [xen-unstable-coverity test] 97501: regressions - ALL FAIL
@ 2016-07-17 9:54 osstest service owner
0 siblings, 0 replies; only message in thread
From: osstest service owner @ 2016-07-17 9:54 UTC (permalink / raw)
To: xen-devel, osstest-admin
flight 97501 xen-unstable-coverity real [real]
http://logs.test-lab.xenproject.org/osstest/logs/97501/
Regressions :-(
Tests which did not succeed and are blocking,
including tests which could not be run:
coverity-amd64 5 coverity-build fail REGR. vs. 96924
version targeted for testing:
xen b48be35ac86cd6369124cf06ca3006d086095297
baseline version:
xen 7da483b0236d8974cc97f81780dcf8e559a63175
Last test of basis 96924 2016-07-10 09:19:23 Z 7 days
Testing same since 97501 2016-07-17 09:26:52 Z 0 days 1 attempts
------------------------------------------------------------
People who touched revisions under test:
Andrew Cooper <andrew.cooper3@citrix.com>
Anshul Makkar <anshul.makkar@citrix.com>
Corneliu ZUZU <czuzu@bitdefender.com>
Daniel De Graaf <dgdegra@tycho.nsa.gov>
Doug Goldstein <cardoe@cardoe.com>
Elena Ufimtseva <elena.ufimtseva@oracle.com>
George Dunlap <george.dunlap@citrix.com>
Ian Jackson <ian.jackson@eu.citrix.com>
Jan Beulich <jbeulich@suse.com>
Juergen Gross <jgross@suse.com>
Julien Grall <julien.grall@arm.com>
Kevin Tian <kevin.tian@intel.com>
Konrad Rzeszutek Wilk <konrad.wilk@oracle.com>
Quan Xu <quan.xu@intel.com>
Razvan Cojocaru <rcojocaru@bitdefender.com>
Shanker Donthineni <shankerd@codeaurora.org>
Stefano Stabellini <sstabellini@kernel.org>
Tamas K Lengyel <tamas.lengyel@zentific.com>
Tim Deegan <tim@xen.org>
Vitaly Kuznetsov <vkuznets@redhat.com>
Wei Liu <wei.liu2@citrix.com>
jobs:
coverity-amd64 fail
------------------------------------------------------------
sg-report-flight on osstest.test-lab.xenproject.org
logs: /home/logs/logs
images: /home/logs/images
Logs, config files, etc. are available at
http://logs.test-lab.xenproject.org/osstest/logs
Explanation of these reports, and of osstest in general, is at
http://xenbits.xen.org/gitweb/?p=osstest.git;a=blob;f=README.email;hb=master
http://xenbits.xen.org/gitweb/?p=osstest.git;a=blob;f=README;hb=master
Test harness code can be found at
http://xenbits.xen.org/gitweb?p=osstest.git;a=summary
Not pushing.
(No revision log; it would be 1008 lines long.)
_______________________________________________
Xen-devel mailing list
Xen-devel@lists.xen.org
https://lists.xen.org/xen-devel
^ permalink raw reply [flat|nested] only message in thread
only message in thread, other threads:[~2016-07-17 9:54 UTC | newest]
Thread overview: (only message) (download: mbox.gz / follow: Atom feed)
-- links below jump to the message on this page --
2016-07-17 9:54 [xen-unstable-coverity test] 97501: regressions - ALL FAIL osstest service owner
This is a public inbox, see mirroring instructions
for how to clone and mirror all data and code used for this inbox;
as well as URLs for NNTP newsgroup(s).