* [qemu-mainline test] 97567: regressions - FAIL
@ 2016-07-18 22:29 osstest service owner
0 siblings, 0 replies; only message in thread
From: osstest service owner @ 2016-07-18 22:29 UTC (permalink / raw)
To: xen-devel, osstest-admin
[-- Attachment #1: Type: text/plain, Size: 11669 bytes --]
flight 97567 qemu-mainline real [real]
http://logs.test-lab.xenproject.org/osstest/logs/97567/
Regressions :-(
Tests which did not succeed and are blocking,
including tests which could not be run:
test-amd64-amd64-libvirt-xsm 11 guest-start fail REGR. vs. 96791
test-amd64-amd64-libvirt-pair 20 guest-start/debian fail REGR. vs. 96791
test-amd64-amd64-libvirt-qemuu-debianhvm-amd64-xsm 9 debian-hvm-install fail REGR. vs. 96791
test-amd64-amd64-libvirt 11 guest-start fail REGR. vs. 96791
test-amd64-amd64-xl-qcow2 9 debian-di-install fail REGR. vs. 96791
test-amd64-amd64-xl-qemuu-ovmf-amd64 9 debian-hvm-install fail REGR. vs. 96791
test-amd64-amd64-libvirt-vhd 9 debian-di-install fail REGR. vs. 96791
Regressions which are regarded as allowable (not blocking):
test-amd64-amd64-xl-qemuu-win7-amd64 16 guest-stop fail like 96791
test-amd64-i386-xl-qemuu-win7-amd64 16 guest-stop fail like 96791
test-amd64-amd64-xl-rtds 9 debian-install fail like 96791
Tests which did not succeed, but are not blocking:
test-amd64-amd64-xl-pvh-amd 11 guest-start fail never pass
test-amd64-amd64-xl-pvh-intel 11 guest-start fail never pass
test-armhf-armhf-libvirt 14 guest-saverestore fail never pass
test-armhf-armhf-libvirt 12 migrate-support-check fail never pass
test-armhf-armhf-libvirt-raw 13 guest-saverestore fail never pass
test-armhf-armhf-libvirt-raw 11 migrate-support-check fail never pass
test-amd64-i386-libvirt-xsm 12 migrate-support-check fail never pass
test-amd64-i386-libvirt 12 migrate-support-check fail never pass
test-amd64-amd64-qemuu-nested-amd 16 debian-hvm-install/l1/l2 fail never pass
test-armhf-armhf-xl-arndale 12 migrate-support-check fail never pass
test-armhf-armhf-xl-arndale 13 saverestore-support-check fail never pass
test-amd64-i386-libvirt-qemuu-debianhvm-amd64-xsm 10 migrate-support-check fail never pass
test-armhf-armhf-xl-xsm 13 saverestore-support-check fail never pass
test-armhf-armhf-xl-xsm 12 migrate-support-check fail never pass
test-armhf-armhf-xl-cubietruck 12 migrate-support-check fail never pass
test-armhf-armhf-xl-cubietruck 13 saverestore-support-check fail never pass
test-armhf-armhf-xl-credit2 13 saverestore-support-check fail never pass
test-armhf-armhf-xl-credit2 12 migrate-support-check fail never pass
test-armhf-armhf-libvirt-xsm 12 migrate-support-check fail never pass
test-armhf-armhf-libvirt-xsm 14 guest-saverestore fail never pass
test-armhf-armhf-xl-multivcpu 13 saverestore-support-check fail never pass
test-armhf-armhf-xl-multivcpu 12 migrate-support-check fail never pass
test-armhf-armhf-xl 12 migrate-support-check fail never pass
test-armhf-armhf-xl 13 saverestore-support-check fail never pass
test-armhf-armhf-libvirt-qcow2 11 migrate-support-check fail never pass
test-armhf-armhf-libvirt-qcow2 13 guest-saverestore fail never pass
test-armhf-armhf-xl-vhd 11 migrate-support-check fail never pass
test-armhf-armhf-xl-vhd 12 saverestore-support-check fail never pass
test-armhf-armhf-xl-rtds 13 saverestore-support-check fail never pass
test-armhf-armhf-xl-rtds 12 migrate-support-check fail never pass
version targeted for testing:
qemuu 6b92bbfe812746fe7841a24c24e6460f5359ce72
baseline version:
qemuu 4f4a9ca4a4386c137301b3662faba076455ff15a
Last test of basis 96791 2016-07-08 12:20:07 Z 10 days
Failing since 97271 2016-07-13 13:44:26 Z 5 days 9 attempts
Testing same since 97396 2016-07-15 21:43:55 Z 3 days 5 attempts
------------------------------------------------------------
People who touched revisions under test:
Alberto Garcia <berto@igalia.com>
Alex Bennée <alex.bennee@linaro.org>
Alexander Yarygin <yarygin@linux.vnet.ibm.com>
Andrew Jones <drjones@redhat.com>
Anthony PERARD <anthony.perard@citrix.com>
Ashok Raj <ashok.raj@intel.com>
Cao jin <caoj.fnst@cn.fujitsu.com>
Cornelia Huck <cornelia.huck@de.ibm.com>
Cédric Le Goater <clg@kaod.org>
Daniel P. Berrange <berrange@redhat.com>
David Gibson <david@gibson.dropbear.id.au>
David Hildenbrand <dahi@linux.vnet.ibm.com>
Denis V. Lunev <den@openvz.org>
Dmitry Osipenko <digetx@gmail.com>
Eduardo Habkost <ehabkost@redhat.com>
Eric Blake <eblake@redhat.com>
Eugene (jno) Dvurechenski <jno@linux.vnet.ibm.com>
Evgeny Yakovlev <eyakovlev@virtuozzo.com>
Fam Zheng <famz@redhat.com>
Gerd Hoffmann <kraxel@redhat.com>
Gonglei <arei.gonglei@huawei.com>
Haibin Wang <wanghaibin.wang@huawei.com>
Haozhong Zhang <haozhong.zhang@intel.com>
Igor Mammedov <imammedo@redhat.com>
James Hogan <james.hogan@imgtec.com>
Jarkko Lavinen <jarkko.lavinen@iki.fi>
Jeff Cody <jcody@redhat.com>
Jing Liu <liujbjl@linux.vnet.ibm.com>
Kevin Wolf <kwolf@redhat.com>
Laszlo Ersek <lersek@redhat.com>
Leon Alrae <leon.alrae@imgtec.com>
Lin Ma <lma@suse.com>
Marc Marà <markmb@redhat.com>
Marc-André Lureau <marcandre.lureau@redhat.com>
Marcin Krzeminski <marcin.krzeminski@nokia.com>
Mark Cave-Ayland <mark.cave-ayland@ilande.co.uk>
Markus Armbruster <armbru@redhat.com>
Max Filippov <jcmvbkbc@gmail.com>
Max Reitz <mreitz@redhat.com>
Paolo Bonzini <pbonzini@redhat.com>
Paul Burton <paul.burton@imgtec.com>
Peter Lieven <pl@kamp.de>
Peter Maydell <peter.maydell@linaro.org>
Pierre Morel <pmorel@linux.vnet.ibm.com>
Reda Sallahi <fullmanet@gmail.com>
Richard Henderson <rth@twiddle.net>
Richard W.M. Jones <rjones@redhat.com>
Samuel Damashek <samuel.damashek@invincea.com>
Sascha Silbe <silbe@linux.vnet.ibm.com>
Sean Bruno <sbruno@freebsd.org>
Sergey Sorokin <afarallax@yandex.ru>
Stanislav Shmarov <snarpix@gmail.com>
Suresh <ksuresh@cavium.com>
Vijay <vijayak@cavium.com>
Vijaya Kumar K <vijayak@cavium.com>
Xiao Guangrong <guangrong.xiao@linux.intel.com>
Yi Min Zhao <zyimin@linux.vnet.ibm.com>
Yongbok Kim <yongbok.kim@imgtec.com>
Zhang Shuaiyi <zhang_syi@massclouds.com>
jobs:
build-amd64-xsm pass
build-armhf-xsm pass
build-i386-xsm pass
build-amd64 pass
build-armhf pass
build-i386 pass
build-amd64-libvirt pass
build-armhf-libvirt pass
build-i386-libvirt pass
build-amd64-pvops pass
build-armhf-pvops pass
build-i386-pvops pass
test-amd64-amd64-xl pass
test-armhf-armhf-xl pass
test-amd64-i386-xl pass
test-amd64-amd64-libvirt-qemuu-debianhvm-amd64-xsm fail
test-amd64-i386-libvirt-qemuu-debianhvm-amd64-xsm pass
test-amd64-amd64-xl-qemuu-debianhvm-amd64-xsm pass
test-amd64-i386-xl-qemuu-debianhvm-amd64-xsm pass
test-amd64-amd64-libvirt-xsm fail
test-armhf-armhf-libvirt-xsm fail
test-amd64-i386-libvirt-xsm pass
test-amd64-amd64-xl-xsm pass
test-armhf-armhf-xl-xsm pass
test-amd64-i386-xl-xsm pass
test-amd64-amd64-qemuu-nested-amd fail
test-amd64-amd64-xl-pvh-amd fail
test-amd64-i386-qemuu-rhel6hvm-amd pass
test-amd64-amd64-xl-qemuu-debianhvm-amd64 pass
test-amd64-i386-xl-qemuu-debianhvm-amd64 pass
test-amd64-i386-freebsd10-amd64 pass
test-amd64-amd64-xl-qemuu-ovmf-amd64 fail
test-amd64-i386-xl-qemuu-ovmf-amd64 pass
test-amd64-amd64-xl-qemuu-win7-amd64 fail
test-amd64-i386-xl-qemuu-win7-amd64 fail
test-armhf-armhf-xl-arndale pass
test-amd64-amd64-xl-credit2 pass
test-armhf-armhf-xl-credit2 pass
test-armhf-armhf-xl-cubietruck pass
test-amd64-i386-freebsd10-i386 pass
test-amd64-amd64-qemuu-nested-intel pass
test-amd64-amd64-xl-pvh-intel fail
test-amd64-i386-qemuu-rhel6hvm-intel pass
test-amd64-amd64-libvirt fail
test-armhf-armhf-libvirt fail
test-amd64-i386-libvirt pass
test-amd64-amd64-xl-multivcpu pass
test-armhf-armhf-xl-multivcpu pass
test-amd64-amd64-pair pass
test-amd64-i386-pair pass
test-amd64-amd64-libvirt-pair fail
test-amd64-i386-libvirt-pair pass
test-amd64-amd64-amd64-pvgrub pass
test-amd64-amd64-i386-pvgrub pass
test-amd64-amd64-pygrub pass
test-armhf-armhf-libvirt-qcow2 fail
test-amd64-amd64-xl-qcow2 fail
test-armhf-armhf-libvirt-raw fail
test-amd64-i386-xl-raw pass
test-amd64-amd64-xl-rtds fail
test-armhf-armhf-xl-rtds pass
test-amd64-i386-xl-qemuu-winxpsp3-vcpus1 pass
test-amd64-amd64-libvirt-vhd fail
test-armhf-armhf-xl-vhd pass
test-amd64-amd64-xl-qemuu-winxpsp3 pass
test-amd64-i386-xl-qemuu-winxpsp3 pass
------------------------------------------------------------
sg-report-flight on osstest.test-lab.xenproject.org
logs: /home/logs/logs
images: /home/logs/images
Logs, config files, etc. are available at
http://logs.test-lab.xenproject.org/osstest/logs
Explanation of these reports, and of osstest in general, is at
http://xenbits.xen.org/gitweb/?p=osstest.git;a=blob;f=README.email;hb=master
http://xenbits.xen.org/gitweb/?p=osstest.git;a=blob;f=README;hb=master
Test harness code can be found at
http://xenbits.xen.org/gitweb?p=osstest.git;a=summary
Not pushing.
(No revision log; it would be 3805 lines long.)
[-- Attachment #2: Type: text/plain, Size: 127 bytes --]
_______________________________________________
Xen-devel mailing list
Xen-devel@lists.xen.org
https://lists.xen.org/xen-devel
^ permalink raw reply [flat|nested] only message in thread
only message in thread, other threads:[~2016-07-18 22:29 UTC | newest]
Thread overview: (only message) (download: mbox.gz / follow: Atom feed)
-- links below jump to the message on this page --
2016-07-18 22:29 [qemu-mainline test] 97567: regressions - FAIL osstest service owner
This is a public inbox, see mirroring instructions
for how to clone and mirror all data and code used for this inbox;
as well as URLs for NNTP newsgroup(s).