* [linux-3.18 test] 97592: regressions - trouble: blocked/broken/fail/pass
@ 2016-07-19 4:04 osstest service owner
0 siblings, 0 replies; only message in thread
From: osstest service owner @ 2016-07-19 4:04 UTC (permalink / raw)
To: xen-devel, osstest-admin
[-- Attachment #1: Type: text/plain, Size: 24086 bytes --]
flight 97592 linux-3.18 real [real]
http://logs.test-lab.xenproject.org/osstest/logs/97592/
Regressions :-(
Tests which did not succeed and are blocking,
including tests which could not be run:
test-amd64-i386-xl-qemut-debianhvm-amd64 9 debian-hvm-install fail REGR. vs. 96188
test-amd64-amd64-pygrub 6 xen-boot fail REGR. vs. 96188
test-amd64-i386-xl-qemuu-debianhvm-amd64-xsm 9 debian-hvm-install fail REGR. vs. 96188
test-armhf-armhf-xl-xsm 9 debian-install fail REGR. vs. 96188
test-amd64-i386-xl-qemut-win7-amd64 9 windows-install fail REGR. vs. 96188
test-armhf-armhf-libvirt 9 debian-install fail REGR. vs. 96188
test-amd64-i386-xl-qemut-winxpsp3 9 windows-install fail REGR. vs. 96188
test-amd64-amd64-amd64-pvgrub 6 xen-boot fail REGR. vs. 96188
test-amd64-i386-freebsd10-amd64 9 freebsd-install fail REGR. vs. 96188
test-amd64-i386-qemut-rhel6hvm-amd 9 redhat-install fail REGR. vs. 96188
test-amd64-i386-xl-xsm 9 debian-install fail REGR. vs. 96188
test-amd64-i386-xl-qemut-winxpsp3-vcpus1 9 windows-install fail REGR. vs. 96188
test-amd64-amd64-xl-qemut-winxpsp3 6 xen-boot fail REGR. vs. 96188
test-armhf-armhf-libvirt-qcow2 9 debian-di-install fail REGR. vs. 96188
test-amd64-i386-qemuu-rhel6hvm-amd 9 redhat-install fail REGR. vs. 96188
test-amd64-i386-qemut-rhel6hvm-intel 9 redhat-install fail REGR. vs. 96188
test-amd64-amd64-xl-qemuu-debianhvm-amd64-xsm 6 xen-boot fail REGR. vs. 96188
test-amd64-i386-xl-qemut-stubdom-debianhvm-amd64-xsm 9 debian-hvm-install fail REGR. vs. 96188
test-amd64-amd64-qemuu-nested-intel 6 xen-boot fail REGR. vs. 96188
test-amd64-amd64-xl-qemuu-debianhvm-amd64 6 xen-boot fail REGR. vs. 96188
test-amd64-amd64-i386-pvgrub 6 xen-boot fail REGR. vs. 96188
test-amd64-amd64-xl-multivcpu 6 xen-boot fail REGR. vs. 96188
test-armhf-armhf-xl-multivcpu 9 debian-install fail REGR. vs. 96188
test-amd64-amd64-xl 6 xen-boot fail REGR. vs. 96188
test-amd64-i386-xl-qemuu-winxpsp3-vcpus1 9 windows-install fail REGR. vs. 96188
test-amd64-amd64-libvirt-xsm 6 xen-boot fail REGR. vs. 96188
test-amd64-amd64-libvirt 6 xen-boot fail REGR. vs. 96188
test-amd64-i386-xl-qemuu-win7-amd64 9 windows-install fail REGR. vs. 96188
test-amd64-i386-libvirt 9 debian-install fail REGR. vs. 96188
test-amd64-amd64-xl-qemut-debianhvm-amd64-xsm 6 xen-boot fail REGR. vs. 96188
test-amd64-amd64-libvirt-vhd 6 xen-boot fail REGR. vs. 96188
test-amd64-i386-xl-raw 9 debian-di-install fail REGR. vs. 96188
test-amd64-i386-qemuu-rhel6hvm-intel 9 redhat-install fail REGR. vs. 96188
test-amd64-i386-libvirt-xsm 9 debian-install fail REGR. vs. 96188
test-amd64-amd64-xl-qemut-stubdom-debianhvm-amd64-xsm 6 xen-boot fail REGR. vs. 96188
test-amd64-amd64-xl-pvh-amd 6 xen-boot fail REGR. vs. 96188
test-amd64-amd64-xl-qemuu-ovmf-amd64 6 xen-boot fail REGR. vs. 96188
test-amd64-amd64-xl-qemut-win7-amd64 6 xen-boot fail REGR. vs. 96188
test-amd64-amd64-xl-xsm 6 xen-boot fail REGR. vs. 96188
test-amd64-amd64-libvirt-qemuu-debianhvm-amd64-xsm 6 xen-boot fail REGR. vs. 96188
test-amd64-amd64-xl-pvh-intel 8 leak-check/basis(8) fail REGR. vs. 96188
test-amd64-amd64-xl-credit2 6 xen-boot fail REGR. vs. 96188
test-armhf-armhf-xl-cubietruck 9 debian-install fail REGR. vs. 96188
test-amd64-amd64-xl-qemuu-win7-amd64 6 xen-boot fail REGR. vs. 96188
test-amd64-i386-freebsd10-i386 9 freebsd-install fail REGR. vs. 96188
test-amd64-i386-xl 9 debian-install fail REGR. vs. 96188
test-amd64-amd64-xl-qemut-debianhvm-amd64 6 xen-boot fail REGR. vs. 96188
test-amd64-amd64-xl-qemuu-winxpsp3 6 xen-boot fail REGR. vs. 96188
test-amd64-amd64-xl-qcow2 6 xen-boot fail REGR. vs. 96188
test-amd64-i386-xl-qemuu-ovmf-amd64 9 debian-hvm-install fail REGR. vs. 96188
test-armhf-armhf-libvirt-xsm 9 debian-install fail REGR. vs. 96188
test-armhf-armhf-xl-vhd 9 debian-di-install fail REGR. vs. 96188
test-amd64-amd64-qemuu-nested-amd 6 xen-boot fail REGR. vs. 96188
test-amd64-i386-xl-qemuu-debianhvm-amd64 9 debian-hvm-install fail REGR. vs. 96188
test-amd64-i386-xl-qemut-debianhvm-amd64-xsm 9 debian-hvm-install fail REGR. vs. 96188
test-amd64-i386-libvirt-pair 15 debian-install/dst_host fail REGR. vs. 96188
test-armhf-armhf-xl-credit2 9 debian-install fail REGR. vs. 96188
test-armhf-armhf-xl-arndale 9 debian-install fail REGR. vs. 96188
test-amd64-i386-xl-qemuu-winxpsp3 9 windows-install fail REGR. vs. 96188
test-armhf-armhf-xl 9 debian-install fail REGR. vs. 96188
test-amd64-i386-pair 15 debian-install/dst_host fail REGR. vs. 96188
test-amd64-amd64-pair 9 xen-boot/src_host fail REGR. vs. 96188
test-amd64-amd64-libvirt-pair 10 xen-boot/dst_host fail REGR. vs. 96188
test-amd64-amd64-libvirt-pair 9 xen-boot/src_host fail REGR. vs. 96188
Tests which are failing intermittently (not blocking):
test-armhf-armhf-libvirt-qcow2 4 host-ping-check-native fail in 97533 pass in 97592
test-amd64-amd64-xl-pvh-intel 6 xen-boot fail in 97533 pass in 97592
test-amd64-amd64-pair 10 xen-boot/dst_host fail pass in 97289
test-armhf-armhf-xl-rtds 6 xen-boot fail pass in 97533
Regressions which are regarded as allowable (not blocking):
test-amd64-amd64-xl-rtds 6 xen-boot fail REGR. vs. 96188
test-armhf-armhf-xl-rtds 9 debian-install fail in 97533 REGR. vs. 96188
test-amd64-i386-libvirt-qemuu-debianhvm-amd64-xsm 9 debian-hvm-install fail like 96161
test-armhf-armhf-libvirt-raw 9 debian-di-install fail like 96161
build-i386-rumpuserxen 6 xen-build fail like 96188
build-amd64-rumpuserxen 6 xen-build fail like 96188
Tests which did not succeed, but are not blocking:
test-amd64-amd64-rumpuserxen-amd64 1 build-check(1) blocked n/a
test-amd64-i386-rumpuserxen-i386 1 build-check(1) blocked n/a
version targeted for testing:
linux 0ac0a856d986c1ab240753479f5e50fdfab82b14
baseline version:
linux d420f00c7bfb405884dd71fb7f87974f0d1be455
Last test of basis 96188 2016-06-23 18:03:43 Z 25 days
Testing same since 97278 2016-07-13 23:15:41 Z 5 days 8 attempts
------------------------------------------------------------
People who touched revisions under test:
Al Viro <viro@zeniv.linux.org.uk>
Alan Stern <stern@rowland.harvard.edu>
Alex Deucher <alexander.deucher@amd.com>
Alexander Kochetkov <al.kochet@gmail.com>
Alexander Shiyan <shc_work@mail.ru>
Alexandre Belloni <alexandre.belloni@free-electrons.com>
Alexei Starovoitov <ast@kernel.org>
Alexey Brodkin <abrodkin@synopsys.com>
Alexey Brodkin <Alexey.Brodkin@synopsys.com>
Allain Legacy <allain.legacy@windriver.com>
Amr Bekhit <amrbekhit@gmail.com>
Andrew Goodbody <andrew.goodbody@cambrionix.com>
Andrew Morton <akpm@linux-foundation.org>
Andrey Grodzovsky <andrey2805@gmail.com>
Andrey Ryabinin <aryabinin@virtuozzo.com>
Andrey Ulanov <andreyu@google.com>
Anna Schumaker <Anna.Schumaker@Netapp.com>
Anthony Romano <anthony.romano@coreos.com>
Anton Blanchard <anton@samba.org>
Antonio Quartulli <a@unstable.cc>
Ard Biesheuvel <ard.biesheuvel@linaro.org>
Arnaldo Carvalho de Melo <acme@redhat.com>
Arnd Bergmann <arnd@arndb.de>
Asai Thambi S P <asamymuthupa@micron.com>
Asai Thambi SP <asamymuthupa@micron.com>
Babu Moger <babu.moger@oracle.com>
Ben Hutchings <ben.hutchings@codethink.co.uk>
Ben Hutchings <ben@decadent.org.uk>
Ben Skeggs <bskeggs@redhat.com>
Bill Sommerfeld <wsommerfeld@google.com>
Bin Liu <b-liu@ti.com>
Bjorn Andersson <bjorn.andersson@linaro.org>
Bjorn Helgaas <bhelgaas@google.com>
Bjørn Mork <bjorn@mork.no>
Borislav Petkov <bp@suse.de>
Catalin Marinas <catalin.marinas@arm.com>
Chanwoo Choi <cw00.choi@samsung.com>
Chris Friesen <chris.friesen@windriver.com>
Chris Mason <clm@fb.com>
Christoffer Dall <christoffer.dall@linaro.org>
Christoph Hellwig <hch@lst.de>
Chung-Geol Kim <chunggeol.kim@samsung.com>
Cong Wang <xiyou.wangcong@gmail.com>
Cyril Bur <cyrilbur@gmail.com>
Cyrill Gorcunov <gorcunov@openvz.org>
Dan Carpenter <dan.carpenter@oracle.com>
Dan Streetman <dan.streetman@canonical.com>
Daniel Borkmann <daniel@iogearbox.net>
Daniel Lezcano <daniel.lezcano@linaro.org>
Daniel Vetter <daniel.vetter@ffwll.ch>
Daniel Vetter <daniel.vetter@intel.com>
Dave Airlie <airlied@redhat.com>
Dave Chinner <david@fromorbit.com>
David Howells <dhowells@redhat.com>
David Rientjes <rientjes@google.com>
David S. Miller <davem@davemloft.net>
David Sterba <dsterba@suse.com>
David Vrabel <david.vrabel@citrix.com>
Davidlohr Bueso <dave@stgolabs.net>
Davidlohr Bueso <dbueso@suse.de>
Diego Viola <diego.viola@gmail.com>
Dirk Behme <dirk.behme@de.bosch.com>
Dmitrii Tcvetkov <demfloro@demfloro.ru>
Dmitry Torokhov <dmitry.torokhov@gmail.com>
Dmitry Vyukov <dvyukov@google.com>
Doug Ledford <dledford@redhat.com>
Edward Cree <ecree@solarflare.com>
Eric Dumazet <edumazet@google.com>
Eric Sandeen <sandeen@redhat.com>
Eryu Guan <guaneryu@gmail.com>
Fang, Yang A <yang.a.fang@intel.com>
Felipe Balbi <balbi@ti.com>
Felipe Balbi <felipe.balbi@linux.intel.com>
Filipe Manana <fdmanana@suse.com>
Florian Fainelli <f.fainelli@gmail.com>
Florian Westphal <fw@strlen.de>
Fugang Duan <fugang.duan@nxp.com>
Geert Uytterhoeven <geert@linux-m68k.org>
Grazvydas Ignotas <notasas@gmail.com>
Greg Kroah-Hartman <gregkh@linuxfoundation.org>
Guenter Roeck <linux@roeck-us.net>
Guillaume Nault <g.nault@alphalink.fr>
Guo-Fu Tseng <cooldavid@cooldavid.org>
Haishuang Yan <yanhaishuang@cmss.chinamobile.com>
Hannes Frederic Sowa <hannes@stressinduktion.org>
Hans de Goede <hdegoede@redhat.com>
Heiko Stuebner <heiko@sntech.de>
Herbert Xu <herbert@gondor.apana.org.au>
Huacai Chen <chenhc@lemote.com>
Hugh Dickins <hughd@google.com>
Hui Wang <hui.wang@canonical.com>
Huibin Hong <huibin.hong@rock-chips.com>
Ian Campbell <ian.campbell@docker.com>
Ignat Korchagin <ignat.korchagin@gmail.com>
Ingo Molnar <mingo@kernel.org>
J. Bruce Fields <bfields@redhat.com>
Jamal Hadi Salim <jhs@mojatatu.com>
James Hogan <james.hogan@imgtec.com>
James Morse <james.morse@arm.com>
Jann Horn <jannh@google.com>
Jason Gunthorpe <jgunthorpe@obsidianresearch.com>
Jason Wang <jasowang@redhat.com>
Javier Martinez Canillas <javier@osg.samsung.com>
Jeff Mahoney <jeffm@suse.com>
Jens Axboe <axboe@fb.com>
Jerome Marchand <jmarchan@redhat.com>
Jerome Stanislaus <jeromes@codeaurora.org>
Jim McDonough <jmcd@samba.org>
Jiri Kosina <jkosina@suse.cz>
Jiri Slaby <jslaby@suse.cz>
Joe Lawrence <joe.lawrence@stratus.com>
Johannes Berg <johannes.berg@intel.com>
John Stultz <john.stultz@linaro.org>
Jon Hunter <jonathanh@nvidia.com>
Joonsoo Kim <iamjoonsoo.kim@lge.com>
Josef Bacik <jbacik@fb.com>
Joshua Henderson <joshua.henderson@microchip.com>
Julian Anastasov <ja@ssi.bg>
Kangjie Lu <kangjielu@gmail.com>
Kangjie Lu <kjlu@gatech.edu>
Karol Herbst <nouveau@karolherbst.de>
Keerthy <j-keerthy@ti.com>
Kirill A. Shutemov <kirill.shutemov@linux.intel.com>
Knut Wohlrab <Knut.Wohlrab@de.bosch.com>
Konstantin Khlebnikov <khlebnikov@yandex-team.ru>
Krzysztof HaÅasa <khalasa@piap.pl>
Krzysztof Kozlowski <k.kozlowski@samsung.com>
Lars Persson <larper@axis.com>
Lars Persson <lars.persson@axis.com>
Lars-Peter Clausen <lars@metafoo.de>
Laurent Pinchart <laurent.pinchart+renesas@ideasonboard.com>
Linus Lüssing <linus.luessing@c0d3.blue>
Linus Torvalds <torvalds@linux-foundation.org>
Linus Walleij <linus.walleij@linaro.org>
Liviu Dudau <Liviu.Dudau@arm.com>
Lorenzo Pieralisi <lorenzo.pieralisi@arm.com>
Lucas Stach <dev@lynxeye.de>
Lukasz Odzioba <lukasz.odzioba@intel.com>
Lyude <cpaul@redhat.com>
Manish Chopra <manish.chopra@qlogic.com>
Marc Kleine-Budde <mkl@pengutronix.de>
Marc Zyngier <marc.zyngier@arm.com>
Marcin Ålusarz <marcin.slusarz@gmail.com>
Marco Angaroni <marcoangaroni@gmail.com>
Marcus Weseloh <mweseloh42@gmail.com>
Marek Lindner <mareklindner@neomailbox.ch>
Mark Brown <broonie@kernel.org>
Markus Pargmann <mpa@pengutronix.de>
Martin K. Petersen <martin.petersen@oracle.com>
Martin Schwidefsky <schwidefsky@de.ibm.com>
Masami Hiramatsu <mhiramat@kernel.org>
Mathias Krause <minipli@googlemail.com>
Mathias Nyman <mathias.nyman@linux.intel.com>
Matt Fleming <matt@codeblueprint.co.uk>
Mauro Carvalho Chehab <mchehab@osg.samsung.com>
Maxime Ripard <maxime.ripard@free-electrons.com>
Meelis Roos <mroos@linux.ee>
Michael Ellerman <mpe@ellerman.id.au>
Michael Hennerich <michael.hennerich@analog.com>
Michael Holzheu <holzheu@linux.vnet.ibm.com>
Michael S. Tsirkin <mst@redhat.com>
Michal Hocko <mhocko@suse.com>
Michal Kazior <michal.kazior@tieto.com>
Michal Nazarewicz <mina86@mina86.com>
Michal Suchanek <hramrach@gmail.com>
Mikael Pettersson <mikpelinux@gmail.com>
Mike Frysinger <vapier@gentoo.org>
Miklos Szeredi <mszeredi@redhat.com>
Minchan Kim <minchan@kernel.org>
Mitsuhiro Kimura <mitsuhiro.kimura.kc@renesas.com>
Namhyung Kim <namhyung@kernel.org>
Naoya Horiguchi <n-horiguchi@ah.jp.nec.com>
Neal Cardwell <ncardwell@google.com>
Neil Horman <nhorman@tuxdriver.com>
NeilBrown <neilb@suse.com>
Nicolai Stange <nicstange@gmail.com>
Nicolas Dichtel <nicolas.dichtel@6wind.com>
Nikolay Aleksandrov <nikolay@cumulusnetworks.com>
Nitin Gupta <nitin.m.gupta@oracle.com>
Noel Power <noel.power@suse.com>
Oleg Drokin <green@linuxhacker.ru>
Oleksij Rempel <linux@rempel-privat.de>
Oliver Hartkopp <socketcan@hartkopp.net>
Oliver Neukum <ONeukum@suse.com>
Oscar <oscar@naiandei.net>
Pablo Neira Ayuso <pablo@netfilter.org>
Pali Rohár <pali.rohar@gmail.com>
Paolo Abeni <pabeni@redhat.com>
Paolo Bonzini <pbonzini@redhat.com>
Patrick Lessard <Patrick.Lessard@cogeco.com>
Pavel Emelyanov <xemul@virtuozzo.com>
Pavel Shilovsky <pshilovsky@samba.org>
Peter Chen <peter.chen@nxp.com>
Pierre Moreau <pierre.morrow@free.fr>
Ping Cheng <pingc@wacom.com>
Ping Cheng <pinglinux@gmail.com>
Rainer Weikusat <rweikusat@mobileactivedefense.com>
Rajesh Borundia <rajesh.borundia@qlogic.com>
Ralf Baechle <ralf@linux-mips.org>
Richard Weinberger <richard@nod.at>
Russell King <rmk+kernel@arm.linux.org.uk>
Ryusuke Konishi <konishi.ryusuke@lab.ntt.co.jp>
Sam Hung <sam.hung@emc.com.tw>
Sasha Levin <sasha.levin@oracle.com>
Scott Bauer <sbauer@plzdonthack.me>
Sebastian Frias <sf84@laposte.net>
Selvan Mani <smani@micron.com>
Sergei Shtylyov <sergei.shtylyov@cogentembedded.com>
Shaokun Zhang <zhangshaokun@hisilicon.com>
Shawn Lin <shawn.lin@rock-chips.com>
Simon Horman <horms@verge.net.au>
Sony Chacko <sony.chacko@qlogic.com>
Sowmini Varadhan <sowmini.varadhan@oracle.com>
Srinivas Kandagatla <srinivas.kandagatla@linaro.org>
Stefan Wahren <stefan.wahren@i2se.com>
Stefano Stabellini <stefano.stabellini@eu.citrix.com>
Steinar H. Gunderson <sesse@google.com>
Stephen Boyd <sboyd@codeaurora.org>
Steve Capper <steve.capper@arm.com>
Steve French <smfrench@gmail.com>
Steve French <steve.french@primarydata.com>
Steven Rostedt (Red Hat) <rostedt@goodmis.org>
Steven Rostedt <rostedt@goodmis.org>
Subash Abhinov Kasiviswanathan <subashab@codeaurora.org>
subashab@codeaurora.org <subashab@codeaurora.org>
Sumit Saxena <sumit.saxena@broadcom.com>
Sushaanth Srirangapathi <sushaanth.s@ti.com>
Sven Eckelmann <sven@narfation.org>
Takashi Iwai <tiwai@suse.de>
Tejun Heo <tj@kernel.org>
Thadeu Lima de Souza Cascardo <cascardo@redhat.com>
Theodore Ts'o <tytso@mit.edu>
Thierry Reding <treding@nvidia.com>
Thomas Gleixner <tglx@linutronix.de>
Thomas Petazzoni <thomas.petazzoni@free-electrons.com>
Thor Thayer <tthayer@opensource.altera.com>
Tomi Valkeinen <tomi.valkeinen@ti.com>
Tony Lindgren <tony@atomide.com>
Torsten Hilbrich <torsten.hilbrich@secunet.com>
Trond Myklebust <trond.myklebust@primarydata.com>
Trond Myklebust <trondmy@primarydata.com>
Uwe Kleine-König <u.kleine-koenig@pengutronix.de>
Vineet Gupta <vgupta@synopsys.com>
Vivek Gautam <gautam.vivek@samsung.com>
Vladis Dronov <vdronov@redhat.com>
Vlastimil Babka <vbabka@suse.cz>
WANG Cong <xiyou.wangcong@gmail.com>
Wei Fang <fangwei1@huawei.com>
Wei Tang <tangwei@cmss.chinamobile.com>
Wenwei Tao <ww.tao0320@gmail.com>
Wilfried Klaebe <linux-kernel@lebenslange-mailadresse.de>
Will Deacon <will.deacon@arm.com>
Willy Tarreau <w@1wt.eu>
Wolfgang Grandegger <wg@grandegger.com>
Wolfram Sang <wsa@the-dreams.de>
Xin Long <lucien.xin@gmail.com>
Xishi Qiu <qiuxishi@huawei.com>
Xiubo Li <lixiubo@cmss.chinamobile.com>
Yoshihiro Kaneko <ykaneko0929@gmail.com>
Yuchung Cheng <ycheng@google.com>
Zhang Zhuoyu <zhangzhuoyu@cmss.chinamobile.com>
æ´ªä¸ç«¹ <sam.hung@emc.com.tw>
jobs:
build-amd64-xsm pass
build-armhf-xsm pass
build-i386-xsm pass
build-amd64 pass
build-armhf pass
build-i386 pass
build-amd64-libvirt pass
build-armhf-libvirt pass
build-i386-libvirt pass
build-amd64-pvops pass
build-armhf-pvops pass
build-i386-pvops pass
build-amd64-rumpuserxen fail
build-i386-rumpuserxen fail
test-amd64-amd64-xl fail
test-armhf-armhf-xl fail
test-amd64-i386-xl fail
test-amd64-amd64-xl-qemut-debianhvm-amd64-xsm fail
test-amd64-i386-xl-qemut-debianhvm-amd64-xsm fail
test-amd64-amd64-libvirt-qemuu-debianhvm-amd64-xsm fail
test-amd64-i386-libvirt-qemuu-debianhvm-amd64-xsm fail
test-amd64-amd64-xl-qemuu-debianhvm-amd64-xsm fail
test-amd64-i386-xl-qemuu-debianhvm-amd64-xsm fail
test-amd64-amd64-xl-qemut-stubdom-debianhvm-amd64-xsm fail
test-amd64-i386-xl-qemut-stubdom-debianhvm-amd64-xsm fail
test-amd64-amd64-libvirt-xsm fail
test-armhf-armhf-libvirt-xsm fail
test-amd64-i386-libvirt-xsm fail
test-amd64-amd64-xl-xsm fail
test-armhf-armhf-xl-xsm fail
test-amd64-i386-xl-xsm fail
test-amd64-amd64-qemuu-nested-amd fail
test-amd64-amd64-xl-pvh-amd fail
test-amd64-i386-qemut-rhel6hvm-amd fail
test-amd64-i386-qemuu-rhel6hvm-amd fail
test-amd64-amd64-xl-qemut-debianhvm-amd64 fail
test-amd64-i386-xl-qemut-debianhvm-amd64 fail
test-amd64-amd64-xl-qemuu-debianhvm-amd64 fail
test-amd64-i386-xl-qemuu-debianhvm-amd64 fail
test-amd64-i386-freebsd10-amd64 fail
test-amd64-amd64-xl-qemuu-ovmf-amd64 fail
test-amd64-i386-xl-qemuu-ovmf-amd64 fail
test-amd64-amd64-rumpuserxen-amd64 blocked
test-amd64-amd64-xl-qemut-win7-amd64 fail
test-amd64-i386-xl-qemut-win7-amd64 fail
test-amd64-amd64-xl-qemuu-win7-amd64 fail
test-amd64-i386-xl-qemuu-win7-amd64 fail
test-armhf-armhf-xl-arndale fail
test-amd64-amd64-xl-credit2 fail
test-armhf-armhf-xl-credit2 fail
test-armhf-armhf-xl-cubietruck fail
test-amd64-i386-freebsd10-i386 fail
test-amd64-i386-rumpuserxen-i386 blocked
test-amd64-amd64-qemuu-nested-intel fail
test-amd64-amd64-xl-pvh-intel broken
test-amd64-i386-qemut-rhel6hvm-intel fail
test-amd64-i386-qemuu-rhel6hvm-intel fail
test-amd64-amd64-libvirt fail
test-armhf-armhf-libvirt fail
test-amd64-i386-libvirt fail
test-amd64-amd64-xl-multivcpu fail
test-armhf-armhf-xl-multivcpu fail
test-amd64-amd64-pair fail
test-amd64-i386-pair fail
test-amd64-amd64-libvirt-pair fail
test-amd64-i386-libvirt-pair fail
test-amd64-amd64-amd64-pvgrub fail
test-amd64-amd64-i386-pvgrub fail
test-amd64-amd64-pygrub fail
test-armhf-armhf-libvirt-qcow2 fail
test-amd64-amd64-xl-qcow2 fail
test-armhf-armhf-libvirt-raw fail
test-amd64-i386-xl-raw fail
test-amd64-amd64-xl-rtds fail
test-armhf-armhf-xl-rtds fail
test-amd64-i386-xl-qemut-winxpsp3-vcpus1 fail
test-amd64-i386-xl-qemuu-winxpsp3-vcpus1 fail
test-amd64-amd64-libvirt-vhd fail
test-armhf-armhf-xl-vhd fail
test-amd64-amd64-xl-qemut-winxpsp3 fail
test-amd64-i386-xl-qemut-winxpsp3 fail
test-amd64-amd64-xl-qemuu-winxpsp3 fail
test-amd64-i386-xl-qemuu-winxpsp3 fail
------------------------------------------------------------
sg-report-flight on osstest.test-lab.xenproject.org
logs: /home/logs/logs
images: /home/logs/images
Logs, config files, etc. are available at
http://logs.test-lab.xenproject.org/osstest/logs
Explanation of these reports, and of osstest in general, is at
http://xenbits.xen.org/gitweb/?p=osstest.git;a=blob;f=README.email;hb=master
http://xenbits.xen.org/gitweb/?p=osstest.git;a=blob;f=README;hb=master
Test harness code can be found at
http://xenbits.xen.org/gitweb?p=osstest.git;a=summary
Not pushing.
(No revision log; it would be 6440 lines long.)
[-- Attachment #2: Type: text/plain, Size: 127 bytes --]
_______________________________________________
Xen-devel mailing list
Xen-devel@lists.xen.org
https://lists.xen.org/xen-devel
^ permalink raw reply [flat|nested] only message in thread
only message in thread, other threads:[~2016-07-19 4:04 UTC | newest]
Thread overview: (only message) (download: mbox.gz / follow: Atom feed)
-- links below jump to the message on this page --
2016-07-19 4:04 [linux-3.18 test] 97592: regressions - trouble: blocked/broken/fail/pass osstest service owner
This is a public inbox, see mirroring instructions
for how to clone and mirror all data and code used for this inbox;
as well as URLs for NNTP newsgroup(s).